{"id":8221,"date":"2019-12-12T13:10:04","date_gmt":"2019-12-12T12:10:04","guid":{"rendered":"https:\/\/www.boc.de\/watchguard-info-portal\/?page_id=8221"},"modified":"2026-03-18T13:54:46","modified_gmt":"2026-03-18T12:54:46","slug":"informationsmaterial-anfordern","status":"publish","type":"page","link":"https:\/\/wordpress.boc.de\/watchguard-info-portal\/supportinfos\/informationsmaterial-anfordern\/","title":{"rendered":"Informationsmaterial anfordern"},"content":{"rendered":"<div id=\"pl-8221\"  class=\"panel-layout\" ><div id=\"pg-8221-0\"  class=\"panel-grid panel-no-style\" ><div id=\"pgc-8221-0-0\"  class=\"panel-grid-cell\" ><div id=\"panel-8221-0-0-0\" class=\"so-panel widget widget_sow-editor panel-first-child panel-last-child\" data-index=\"0\" ><div\n\t\t\t\n\t\t\tclass=\"so-widget-sow-editor so-widget-sow-editor-base\"\n\t\t\t\n\t\t>\n<div class=\"siteorigin-widget-tinymce textwidget\">\n\t<h2>Brosch\u00fcren von BOC<\/h2>\n<p>\u00dcber das unten stehende Formular k\u00f6nnen Sie kostenfrei unsere Informationsbrosch\u00fcren zu folgenden Themen anfordern:<\/p>\n<div class=\"su-list\" style=\"margin-left:0px\"><\/p>\n<ul>\n<li><i class=\"sui sui-chevron-circle-right\" style=\"color:#333\"><\/i> Produktkatalog 2025\/2026 mit allen Produkten und Informationen zum Thema Netzwerksicherheit<\/li>\n<li><i class=\"sui sui-chevron-circle-right\" style=\"color:#333\"><\/i> Informationsbrosch\u00fcre IT-Security 2024<\/li>\n<li><i class=\"sui sui-chevron-circle-right\" style=\"color:#333\"><\/i> AuthPoint-Brosch\u00fcre rund um das Thema Multifaktor-Authentifizierung und Passwortsicherheit<\/li>\n<li><i class=\"sui sui-chevron-circle-right\" style=\"color:#333\"><\/i> Endpoint-Brosch\u00fcre<\/li>\n<li><i class=\"sui sui-chevron-circle-right\" style=\"color:#333\"><\/i> ThreatSync (XDR)-Brosch\u00fcre<\/li>\n<li><i class=\"sui sui-chevron-circle-right\" style=\"color:#333\"><\/i> MDR-Brosch\u00fcre<\/li>\n<\/ul>\n<p><\/div>\n<h3>Informationsmaterial jetzt anfordern:<\/h3>\n<\/div>\n<\/div><\/div><\/div><\/div><div id=\"pg-8221-1\"  class=\"panel-grid panel-no-style\" ><div id=\"pgc-8221-1-0\"  class=\"panel-grid-cell\" ><div id=\"panel-8221-1-0-0\" class=\"so-panel widget widget_sow-contact-form panel-first-child panel-last-child\" data-index=\"1\" ><div\n\t\t\t\n\t\t\tclass=\"so-widget-sow-contact-form so-widget-sow-contact-form-default-e26fc5a8e02e-8221\"\n\t\t\t\n\t\t>\t<form\n\t\taction=\"\/watchguard-info-portal\/wp-json\/wp\/v2\/pages\/8221\"\n\t\tmethod=\"POST\"\n\t\tclass=\"sow-contact-form\"\n\t\tid=\"contact-form-909a\"\n\t>\n\n\t\t\n\t\t            <p><em>Mit * markierte Felder sind Pflichtfelder<\/em><\/p>\n\t\t\t\t\t\t<div class=\"sow-form-field sow-form-field-checkboxes\">\n\t\t\t\t<label class=\"sow-form-field-label-above\" for=\"sow-contact-form-field-gewuenschte-informationsbroschuere-5663969835d512a077ec48308532628\">\n\t\t\t\t<strong>\n\t\t\t\t\tGew\u00fcnschte Informationsbrosch\u00fcre\t\t\t\t\t\t\t\t\t\t\t<span class=\"sow-form-field-required\">*<\/span>\n\t\t\t\t\t\t\t\t\t<\/strong>\n\t\t\t<\/label>\n\t\t\t\t\t\t\t<span class=\"sow-field-container\">\n\t\t\t\t\t\t\t\t<ul>\n\t\t\t\t\t\t\t\t\t\t\t\t\t\t<li>\n\t\t\t\t\t\t<input\n\t\t\t\t\t\t\ttype=\"checkbox\"\n\t\t\t\t\t\t\tvalue=\"BOC Produktkatalog 2025\/2026\"\n\t\t\t\t\t\t\tname=\"gewuenschte-informationsbroschuere-5663969835d512a077ec48308532628[]\"\n\t\t\t\t\t\t\tid=\"sow-contact-form-field-gewuenschte-informationsbroschuere-5663969835d512a077ec48308532628-0\"\n\t\t\t\t\t\t\t\t\t\t\t\t\t\t\t\t\t\t\t\t\/>\n\t\t\t\t\t\t<label for=\"sow-contact-form-field-gewuenschte-informationsbroschuere-5663969835d512a077ec48308532628-0\">\n\t\t\t\t\t\t\tBOC Produktkatalog 2025\/2026\t\t\t\t\t\t<\/label>\n\t\t\t\t\t<\/li>\n\t\t\t\t\t\t\t\t\t\t\t\t\t\t<li>\n\t\t\t\t\t\t<input\n\t\t\t\t\t\t\ttype=\"checkbox\"\n\t\t\t\t\t\t\tvalue=\"IT-Security 2024 Informationsbrosch\u00fcre\"\n\t\t\t\t\t\t\tname=\"gewuenschte-informationsbroschuere-5663969835d512a077ec48308532628[]\"\n\t\t\t\t\t\t\tid=\"sow-contact-form-field-gewuenschte-informationsbroschuere-5663969835d512a077ec48308532628-1\"\n\t\t\t\t\t\t\t\t\t\t\t\t\t\t\t\t\t\t\t\t\/>\n\t\t\t\t\t\t<label for=\"sow-contact-form-field-gewuenschte-informationsbroschuere-5663969835d512a077ec48308532628-1\">\n\t\t\t\t\t\t\tIT-Security 2024 Informationsbrosch\u00fcre\t\t\t\t\t\t<\/label>\n\t\t\t\t\t<\/li>\n\t\t\t\t\t\t\t\t\t\t\t\t\t\t<li>\n\t\t\t\t\t\t<input\n\t\t\t\t\t\t\ttype=\"checkbox\"\n\t\t\t\t\t\t\tvalue=\"AuthPoint Informationsbrosch\u00fcre\"\n\t\t\t\t\t\t\tname=\"gewuenschte-informationsbroschuere-5663969835d512a077ec48308532628[]\"\n\t\t\t\t\t\t\tid=\"sow-contact-form-field-gewuenschte-informationsbroschuere-5663969835d512a077ec48308532628-2\"\n\t\t\t\t\t\t\t\t\t\t\t\t\t\t\t\t\t\t\t\t\/>\n\t\t\t\t\t\t<label for=\"sow-contact-form-field-gewuenschte-informationsbroschuere-5663969835d512a077ec48308532628-2\">\n\t\t\t\t\t\t\tAuthPoint Informationsbrosch\u00fcre\t\t\t\t\t\t<\/label>\n\t\t\t\t\t<\/li>\n\t\t\t\t\t\t\t\t\t\t\t\t\t\t<li>\n\t\t\t\t\t\t<input\n\t\t\t\t\t\t\ttype=\"checkbox\"\n\t\t\t\t\t\t\tvalue=\"Endpoint Informationsbrosch\u00fcre\"\n\t\t\t\t\t\t\tname=\"gewuenschte-informationsbroschuere-5663969835d512a077ec48308532628[]\"\n\t\t\t\t\t\t\tid=\"sow-contact-form-field-gewuenschte-informationsbroschuere-5663969835d512a077ec48308532628-3\"\n\t\t\t\t\t\t\t\t\t\t\t\t\t\t\t\t\t\t\t\t\/>\n\t\t\t\t\t\t<label for=\"sow-contact-form-field-gewuenschte-informationsbroschuere-5663969835d512a077ec48308532628-3\">\n\t\t\t\t\t\t\tEndpoint Informationsbrosch\u00fcre\t\t\t\t\t\t<\/label>\n\t\t\t\t\t<\/li>\n\t\t\t\t\t\t\t\t\t\t\t\t\t\t<li>\n\t\t\t\t\t\t<input\n\t\t\t\t\t\t\ttype=\"checkbox\"\n\t\t\t\t\t\t\tvalue=\"ThreatSync (XDR) Informationsbrosch\u00fcre\"\n\t\t\t\t\t\t\tname=\"gewuenschte-informationsbroschuere-5663969835d512a077ec48308532628[]\"\n\t\t\t\t\t\t\tid=\"sow-contact-form-field-gewuenschte-informationsbroschuere-5663969835d512a077ec48308532628-4\"\n\t\t\t\t\t\t\t\t\t\t\t\t\t\t\t\t\t\t\t\t\/>\n\t\t\t\t\t\t<label for=\"sow-contact-form-field-gewuenschte-informationsbroschuere-5663969835d512a077ec48308532628-4\">\n\t\t\t\t\t\t\tThreatSync (XDR) Informationsbrosch\u00fcre\t\t\t\t\t\t<\/label>\n\t\t\t\t\t<\/li>\n\t\t\t\t\t\t\t\t\t\t\t\t\t\t<li>\n\t\t\t\t\t\t<input\n\t\t\t\t\t\t\ttype=\"checkbox\"\n\t\t\t\t\t\t\tvalue=\"MDR Informationsbrosch\u00fcre\"\n\t\t\t\t\t\t\tname=\"gewuenschte-informationsbroschuere-5663969835d512a077ec48308532628[]\"\n\t\t\t\t\t\t\tid=\"sow-contact-form-field-gewuenschte-informationsbroschuere-5663969835d512a077ec48308532628-5\"\n\t\t\t\t\t\t\t\t\t\t\t\t\t\t\t\t\t\t\t\t\/>\n\t\t\t\t\t\t<label for=\"sow-contact-form-field-gewuenschte-informationsbroschuere-5663969835d512a077ec48308532628-5\">\n\t\t\t\t\t\t\tMDR Informationsbrosch\u00fcre\t\t\t\t\t\t<\/label>\n\t\t\t\t\t<\/li>\n\t\t\t\t\t\t\t<\/ul>\n\t\t\t\t\t\t<\/span>\n\t\t\t\t\t\t\t<\/div>\n\t\t\t\t\t\t<div class=\"sow-form-field sow-form-field-text\">\n\t\t\t\t<label class=\"sow-form-field-label-above\" for=\"sow-contact-form-field-firma-organisation-5663969835d512a077ec48308532628\">\n\t\t\t\t<strong>\n\t\t\t\t\tFirma \/ Organisation\t\t\t\t\t\t\t\t\t\t\t<span class=\"sow-form-field-required\">*<\/span>\n\t\t\t\t\t\t\t\t\t<\/strong>\n\t\t\t<\/label>\n\t\t\t\t\t\t\t<span class=\"sow-field-container\">\n\t\t\t\t\t\t\t<input\n\t\t\ttype=\"text\"\n\t\t\tname=\"firma-organisation-5663969835d512a077ec48308532628\"\n\t\t\tid=\"sow-contact-form-field-firma-organisation-5663969835d512a077ec48308532628\"\n\t\t\tvalue=\"\"\n\t\t\tclass=\"sow-text-field\"\t\t\t\t\t\t\t\t\/>\n\t\t\t\t\t\t<\/span>\n\t\t\t\t\t\t\t<\/div>\n\t\t\t\t\t\t<div class=\"sow-form-field sow-form-field-text\">\n\t\t\t\t<label class=\"sow-form-field-label-above\" for=\"sow-contact-form-field-ansprechpartner-5663969835d512a077ec48308532628\">\n\t\t\t\t<strong>\n\t\t\t\t\tAnsprechpartner \t\t\t\t\t\t\t\t\t\t\t<span class=\"sow-form-field-required\">*<\/span>\n\t\t\t\t\t\t\t\t\t<\/strong>\n\t\t\t<\/label>\n\t\t\t\t\t\t\t<span class=\"sow-field-container\">\n\t\t\t\t\t\t\t<input\n\t\t\ttype=\"text\"\n\t\t\tname=\"ansprechpartner-5663969835d512a077ec48308532628\"\n\t\t\tid=\"sow-contact-form-field-ansprechpartner-5663969835d512a077ec48308532628\"\n\t\t\tvalue=\"\"\n\t\t\tclass=\"sow-text-field\"\t\t\t\t\t\t\t\t\/>\n\t\t\t\t\t\t<\/span>\n\t\t\t\t\t\t\t<\/div>\n\t\t\t\t\t\t<div class=\"sow-form-field sow-form-field-text\">\n\t\t\t\t<label class=\"sow-form-field-label-above\" for=\"sow-contact-form-field-strasse-hausnummer-5663969835d512a077ec48308532628\">\n\t\t\t\t<strong>\n\t\t\t\t\tStra\u00dfe \/ Hausnummer\t\t\t\t\t\t\t\t\t\t\t<span class=\"sow-form-field-required\">*<\/span>\n\t\t\t\t\t\t\t\t\t<\/strong>\n\t\t\t<\/label>\n\t\t\t\t\t\t\t<span class=\"sow-field-container\">\n\t\t\t\t\t\t\t<input\n\t\t\ttype=\"text\"\n\t\t\tname=\"strasse-hausnummer-5663969835d512a077ec48308532628\"\n\t\t\tid=\"sow-contact-form-field-strasse-hausnummer-5663969835d512a077ec48308532628\"\n\t\t\tvalue=\"\"\n\t\t\tclass=\"sow-text-field\"\t\t\t\t\t\t\t\t\/>\n\t\t\t\t\t\t<\/span>\n\t\t\t\t\t\t\t<\/div>\n\t\t\t\t\t\t<div class=\"sow-form-field sow-form-field-text\">\n\t\t\t\t<label class=\"sow-form-field-label-above\" for=\"sow-contact-form-field-postleitzahl-5663969835d512a077ec48308532628\">\n\t\t\t\t<strong>\n\t\t\t\t\tPostleitzahl\t\t\t\t\t\t\t\t\t\t\t<span class=\"sow-form-field-required\">*<\/span>\n\t\t\t\t\t\t\t\t\t<\/strong>\n\t\t\t<\/label>\n\t\t\t\t\t\t\t<span class=\"sow-field-container\">\n\t\t\t\t\t\t\t<input\n\t\t\ttype=\"text\"\n\t\t\tname=\"postleitzahl-5663969835d512a077ec48308532628\"\n\t\t\tid=\"sow-contact-form-field-postleitzahl-5663969835d512a077ec48308532628\"\n\t\t\tvalue=\"\"\n\t\t\tclass=\"sow-text-field\"\t\t\t\t\t\t\t\t\/>\n\t\t\t\t\t\t<\/span>\n\t\t\t\t\t\t\t<\/div>\n\t\t\t\t\t\t<div class=\"sow-form-field sow-form-field-text\">\n\t\t\t\t<label class=\"sow-form-field-label-above\" for=\"sow-contact-form-field-ort-5663969835d512a077ec48308532628\">\n\t\t\t\t<strong>\n\t\t\t\t\tOrt\t\t\t\t\t\t\t\t\t\t\t<span class=\"sow-form-field-required\">*<\/span>\n\t\t\t\t\t\t\t\t\t<\/strong>\n\t\t\t<\/label>\n\t\t\t\t\t\t\t<span class=\"sow-field-container\">\n\t\t\t\t\t\t\t<input\n\t\t\ttype=\"text\"\n\t\t\tname=\"ort-5663969835d512a077ec48308532628\"\n\t\t\tid=\"sow-contact-form-field-ort-5663969835d512a077ec48308532628\"\n\t\t\tvalue=\"\"\n\t\t\tclass=\"sow-text-field\"\t\t\t\t\t\t\t\t\/>\n\t\t\t\t\t\t<\/span>\n\t\t\t\t\t\t\t<\/div>\n\t\t\t\t\t\t<div class=\"sow-form-field sow-form-field-email\">\n\t\t\t\t<label class=\"sow-form-field-label-above\" for=\"sow-contact-form-field-e-mail-adresse-5663969835d512a077ec48308532628\">\n\t\t\t\t<strong>\n\t\t\t\t\tE-Mail-Adresse \t\t\t\t\t\t\t\t\t\t\t<span class=\"sow-form-field-required\">*<\/span>\n\t\t\t\t\t\t\t\t\t<\/strong>\n\t\t\t<\/label>\n\t\t\t\t\t\t\t<span class=\"sow-field-container\">\n\t\t\t\t\t\t\t<input\n\t\t\ttype=\"email\"\n\t\t\tname=\"e-mail-adresse-5663969835d512a077ec48308532628\"\n\t\t\tid=\"sow-contact-form-field-e-mail-adresse-5663969835d512a077ec48308532628\"\n\t\t\tvalue=\"\"\n\t\t\tclass=\"sow-text-field\"\t\t\t\t\t\t\t\t\/>\n\t\t\t\t\t\t<\/span>\n\t\t\t\t\t\t\t<\/div>\n\t\t\t\t\t\t<div class=\"sow-form-field sow-form-field-text\">\n\t\t\t\t<label class=\"sow-form-field-label-above\" for=\"sow-contact-form-field-telefonnummer-5663969835d512a077ec48308532628\">\n\t\t\t\t<strong>\n\t\t\t\t\tTelefonnummer \t\t\t\t\t\t\t\t\t<\/strong>\n\t\t\t<\/label>\n\t\t\t\t\t\t\t<span class=\"sow-field-container\">\n\t\t\t\t\t\t\t<input\n\t\t\ttype=\"text\"\n\t\t\tname=\"telefonnummer-5663969835d512a077ec48308532628\"\n\t\t\tid=\"sow-contact-form-field-telefonnummer-5663969835d512a077ec48308532628\"\n\t\t\tvalue=\"\"\n\t\t\tclass=\"sow-text-field\"\t\t\t\t\t\t\t\t\/>\n\t\t\t\t\t\t<\/span>\n\t\t\t\t\t\t\t<\/div>\n\t\t\t\t\t\t<div class=\"sow-form-field sow-form-field-checkboxes\">\n\t\t\t\t<label class=\"sow-form-field-label-above\" for=\"sow-contact-form-field-datenschutz-5663969835d512a077ec48308532628\">\n\t\t\t\t<strong>\n\t\t\t\t\tDatenschutz \t\t\t\t\t\t\t\t\t\t\t<span class=\"sow-form-field-required\">*<\/span>\n\t\t\t\t\t\t\t\t\t<\/strong>\n\t\t\t<\/label>\n\t\t\t\t\t\t\t<span class=\"sow-field-container\">\n\t\t\t\t\t\t\t\t<ul>\n\t\t\t\t\t\t\t\t\t\t\t\t\t\t<li>\n\t\t\t\t\t\t<input\n\t\t\t\t\t\t\ttype=\"checkbox\"\n\t\t\t\t\t\t\tvalue=\"Ich stimme den Datenschutzbestimmungen zu.\"\n\t\t\t\t\t\t\tname=\"datenschutz-5663969835d512a077ec48308532628[]\"\n\t\t\t\t\t\t\tid=\"sow-contact-form-field-datenschutz-5663969835d512a077ec48308532628-0\"\n\t\t\t\t\t\t\t\t\t\t\t\t\t\t\t\t\t\t\t\t\/>\n\t\t\t\t\t\t<label for=\"sow-contact-form-field-datenschutz-5663969835d512a077ec48308532628-0\">\n\t\t\t\t\t\t\tIch stimme den Datenschutzbestimmungen zu.\t\t\t\t\t\t<\/label>\n\t\t\t\t\t<\/li>\n\t\t\t\t\t\t\t<\/ul>\n\t\t\t\t\t\t<\/span>\n\t\t\t\t\t                <div class=\"sow-form-field-description\">\n\t\t\t\t\t\tHier k\u00f6nnen Sie die <a href=\"\/datenschutz\/\" target=\"_new\">Datenschutzbestimmungen<\/a> einsehen.\t                <\/div>\n\t\t\t\t\t\t\t\t<\/div>\n\t\t\t\n\t\t\t\t\t<div class=\"sow-recaptcha\"\n\t\t\t\t\t\t\t\t\tdata-config=\"{&quot;sitekey&quot;:&quot;6Lc88CITAAAAAKXQ41Otpw0I4CyLOUkDqUvSJ2rh&quot;,&quot;theme&quot;:&quot;light&quot;,&quot;type&quot;:&quot;image&quot;,&quot;size&quot;:&quot;normal&quot;}\"\n\t\t\t\t\t\t\t><\/div>\n\t\t\t\n\t\t<div class=\"sow-submit-wrapper \">\n\n\t\t\t<button\n\t\t\t\ttype=\"submit\"\n\t\t\t\tclass=\"sow-submit\"\n\t\t\t\t\t\t\t>\n\t\t\t\tHier kostenlos anfordern\t\t\t<\/button>\n\t\t<\/div>\n\t\t\t\t<input type=\"hidden\" name=\"instance_hash\" value=\"909a7356214ee48e1196b01c24a17665\" \/>\n\t\t<input type=\"hidden\" id=\"_wpnonce\" name=\"_wpnonce\" value=\"78ba4b9522\" \/><input type=\"hidden\" name=\"_wp_http_referer\" value=\"\/watchguard-info-portal\/wp-json\/wp\/v2\/pages\/8221\" \/>\t<\/form>\n\t<\/div><\/div><\/div><div id=\"pgc-8221-1-1\"  class=\"panel-grid-cell\" ><div id=\"panel-8221-1-1-0\" class=\"so-panel widget widget_sow-editor panel-first-child panel-last-child\" data-index=\"2\" ><div\n\t\t\t\n\t\t\tclass=\"so-widget-sow-editor so-widget-sow-editor-base\"\n\t\t\t\n\t\t>\n<div class=\"siteorigin-widget-tinymce textwidget\">\n\t<script>\n\n$( \"#sow-contact-form-field-gewnschte-informationsbroschre-5663969835d512a077ec48308532628-1\" ).prop( \"checked\", false );\n$( \"#sow-contact-form-field-gewnschte-informationsbroschre-5663969835d512a077ec48308532628-0\" ).prop( \"checked\", true );\n$( \"#sow-contact-form-field-gewnschte-informationsbroschre-5663969835d512a077ec48308532628-2\" ).prop( \"checked\", false );<\/script><\/div>\n<\/div><\/div><\/div><\/div><\/div>","protected":false},"excerpt":{"rendered":"<p>Brosch\u00fcren von BOC \u00dcber das unten stehende Formular k\u00f6nnen Sie kostenfrei unsere Informationsbrosch\u00fcren zu folgenden Themen anfordern: Informationsmaterial jetzt anfordern:<\/p>\n","protected":false},"author":4,"featured_media":0,"parent":28,"menu_order":0,"comment_status":"closed","ping_status":"closed","template":"","meta":{"footnotes":""},"class_list":["post-8221","page","type-page","status-publish","hentry"],"_links":{"self":[{"href":"https:\/\/wordpress.boc.de\/watchguard-info-portal\/wp-json\/wp\/v2\/pages\/8221"}],"collection":[{"href":"https:\/\/wordpress.boc.de\/watchguard-info-portal\/wp-json\/wp\/v2\/pages"}],"about":[{"href":"https:\/\/wordpress.boc.de\/watchguard-info-portal\/wp-json\/wp\/v2\/types\/page"}],"author":[{"embeddable":true,"href":"https:\/\/wordpress.boc.de\/watchguard-info-portal\/wp-json\/wp\/v2\/users\/4"}],"replies":[{"embeddable":true,"href":"https:\/\/wordpress.boc.de\/watchguard-info-portal\/wp-json\/wp\/v2\/comments?post=8221"}],"version-history":[{"count":46,"href":"https:\/\/wordpress.boc.de\/watchguard-info-portal\/wp-json\/wp\/v2\/pages\/8221\/revisions"}],"predecessor-version":[{"id":30592,"href":"https:\/\/wordpress.boc.de\/watchguard-info-portal\/wp-json\/wp\/v2\/pages\/8221\/revisions\/30592"}],"up":[{"embeddable":true,"href":"https:\/\/wordpress.boc.de\/watchguard-info-portal\/wp-json\/wp\/v2\/pages\/28"}],"wp:attachment":[{"href":"https:\/\/wordpress.boc.de\/watchguard-info-portal\/wp-json\/wp\/v2\/media?parent=8221"}],"curies":[{"name":"wp","href":"https:\/\/api.w.org\/{rel}","templated":true}]}}