{"id":7687,"date":"2019-08-01T15:01:47","date_gmt":"2019-08-01T13:01:47","guid":{"rendered":"https:\/\/www.boc.de\/watchguard-info-portal\/?page_id=7687"},"modified":"2024-04-18T13:54:49","modified_gmt":"2024-04-18T11:54:49","slug":"authpoint-demo-cloud-anwendungen-sichern","status":"publish","type":"page","link":"https:\/\/wordpress.boc.de\/watchguard-info-portal\/produktinfos\/authpoint-demo-cloud-anwendungen-sichern\/","title":{"rendered":"AuthPoint-Demo Cloud-Anwendungen sichern"},"content":{"rendered":"<h4>Sichern Sie Ihre Cloud-Anwendungen<\/h4>\n<p>Mit AuthPoint k\u00f6nnen Sie au\u00dferdem die Daten in Ihren Cloud-Anwendungen sch\u00fctzen. AuthPoint unterst\u00fctzt eine umfangreiche\u00a0<a href=\"https:\/\/www.watchguard.com\/wgrd-partners\/technology-partners?combine&amp;field_watchguard_product_tid=1301&amp;items_per_page=10\" target=\"_blank\" rel=\"noopener noreferrer\">Liste von Cloud-Anwendungen<\/a>\u00a0wie Office 365, AWS, Dropbox, Salesforce, Adobe und viele andere. Um eine dieser Applikationen mit AuthPoint zu sichern m\u00fcssen Sie diese zun\u00e4chst mithilfe eines der\u00a0<a href=\"https:\/\/www.watchguard.com\/help\/docs\/help-center\/en-US\/Content\/Integration-Guides\/_intro\/authpoint-integrations.html\" target=\"_blank\" rel=\"noopener noreferrer\">Integration Guides<\/a>\u00a0konfigurieren. Anschlie\u00dfend m\u00fcssen Sie die Logon-App konfigurieren und die App einer Benutzergruppe zuweisen.<\/p>\n<p>Sollte im Folgenden die interaktive AuthPoint-Demo aufgrund von nicht akzeptierten Cookies nicht angezeigt werden, k\u00f6nnen Sie sie <a href=\"https:\/\/marvelapp.com\/60dga48\/screen\/58322138\" target=\"_blank\" rel=\"noopener noreferrer\">hier ansehen<\/a>.<\/p>\n<div style=\"overflow: hidden;\">\n<div style=\"width: 100%; margin-left: -2px; margin-top: -2px;\"><iframe loading=\"lazy\" title=\"AuthPoint-Demo Cloud-Anwendungen sichern\" src=\"https:\/\/marvelapp.com\/60dga48\/screen\/58322138\" name=\"AuthPoint-Demo Cloud-Anwendungen sichern\" width=\"100%\" height=\"900\" frameborder=\"0\"><\/iframe><\/div>\n<\/div>\n","protected":false},"excerpt":{"rendered":"<p>Sichern Sie Ihre Cloud-Anwendungen Mit AuthPoint k\u00f6nnen Sie au\u00dferdem die Daten in Ihren Cloud-Anwendungen sch\u00fctzen. AuthPoint unterst\u00fctzt eine umfangreiche\u00a0Liste von Cloud-Anwendungen\u00a0wie Office 365, AWS, Dropbox, Salesforce, Adobe und viele andere. Um eine dieser Applikationen mit AuthPoint zu sichern m\u00fcssen Sie diese zun\u00e4chst mithilfe eines der\u00a0Integration Guides\u00a0konfigurieren. Anschlie\u00dfend m\u00fcssen Sie die Logon-App konfigurieren und die App einer Benutzergruppe zuweisen. Sollte im Folgenden die interaktive AuthPoint-Demo aufgrund &hellip; <a href=\"https:\/\/wordpress.boc.de\/watchguard-info-portal\/produktinfos\/authpoint-demo-cloud-anwendungen-sichern\/\" class=\"more-link\">Weiterlesen <span class=\"screen-reader-text\">AuthPoint-Demo Cloud-Anwendungen sichern<\/span> <span class=\"meta-nav\">&raquo;<\/span><\/a><\/p>\n","protected":false},"author":4,"featured_media":0,"parent":24,"menu_order":0,"comment_status":"closed","ping_status":"closed","template":"page-templates\/full-width.php","meta":{"footnotes":""},"class_list":["post-7687","page","type-page","status-publish","hentry"],"_links":{"self":[{"href":"https:\/\/wordpress.boc.de\/watchguard-info-portal\/wp-json\/wp\/v2\/pages\/7687"}],"collection":[{"href":"https:\/\/wordpress.boc.de\/watchguard-info-portal\/wp-json\/wp\/v2\/pages"}],"about":[{"href":"https:\/\/wordpress.boc.de\/watchguard-info-portal\/wp-json\/wp\/v2\/types\/page"}],"author":[{"embeddable":true,"href":"https:\/\/wordpress.boc.de\/watchguard-info-portal\/wp-json\/wp\/v2\/users\/4"}],"replies":[{"embeddable":true,"href":"https:\/\/wordpress.boc.de\/watchguard-info-portal\/wp-json\/wp\/v2\/comments?post=7687"}],"version-history":[{"count":9,"href":"https:\/\/wordpress.boc.de\/watchguard-info-portal\/wp-json\/wp\/v2\/pages\/7687\/revisions"}],"predecessor-version":[{"id":20233,"href":"https:\/\/wordpress.boc.de\/watchguard-info-portal\/wp-json\/wp\/v2\/pages\/7687\/revisions\/20233"}],"up":[{"embeddable":true,"href":"https:\/\/wordpress.boc.de\/watchguard-info-portal\/wp-json\/wp\/v2\/pages\/24"}],"wp:attachment":[{"href":"https:\/\/wordpress.boc.de\/watchguard-info-portal\/wp-json\/wp\/v2\/media?parent=7687"}],"curies":[{"name":"wp","href":"https:\/\/api.w.org\/{rel}","templated":true}]}}