{"id":6763,"date":"2019-04-15T08:55:18","date_gmt":"2019-04-15T06:55:18","guid":{"rendered":"https:\/\/www.boc.de\/watchguard-info-portal\/?page_id=6601"},"modified":"2026-03-31T10:49:09","modified_gmt":"2026-03-31T08:49:09","slug":"support","status":"publish","type":"page","link":"https:\/\/wordpress.boc.de\/watchguard-info-portal\/support\/","title":{"rendered":"Support"},"content":{"rendered":"<table style=\"width: 1515px; border: 0px; margin-bottom: 0; margin-left: -10px;\">\n<tbody style=\"border: 0px; background-color: white;\">\n<tr style=\"background-color: white;\">\n<td style=\"width: 38%; font-weight: normal; border-right: 1px solid #aeaeae; vertical-align: top;\">\n<h1 style=\"font-size: 1.80rem; margin-bottom: 20px;\">WatchGuard Support<\/h1>\n<p style=\"font-size: 13px;\">Unser Anspruch ist es, mit unserem WatchGuard Infoportal, dem Technischen WatchGuard Blog und HOWTO-Artikeln eine m\u00f6glichst umfangreiche und <b>kostenfreie Hilfe zur Selbsthilfe<\/b> beim Umgang mit WatchGuard-Produkten zu bieten.<\/p>\n<p style=\"font-size: 13px;\">Es wird aber immer auch Situationen geben, die eine personelle Unterst\u00fctzung durch erfahrene Techniker erfordern. Diese Arbeiten sind aber auch bei uns selbstverst\u00e4ndlich kostenpflichtig.<\/p>\n<p style=\"font-size: 13px;\">Wir bieten praktikable und faire L\u00f6sungen: Neben unserem Fernwartungs-Support \u00fcber unser Ticket-System mit verschiedenen Abrechnungsformen haben wir <b>13 Service-St\u00fctzpunkte in Deutschland <\/b>, um m\u00f6gliche Anfahrtzeiten bei Vor-Ort-Eins\u00e4tzen im ertr\u00e4glichen Rahmen zu halten.<\/p>\n<\/td>\n<td style=\"width: 62%;\">\n<table style=\"border: 0px;\">\n<tbody style=\"border: 0px; background-color: white;\">\n<tr style=\"background-color: white;\">\n<td style=\"width: 51.7%; font-weight: normal; border-right: 1px solid #aeaeae; vertical-align: top;\">\n<h2 style=\"font-size: 1.10rem; margin-bottom: 10px; margin-top: 5px;\">Support durch BOC IT-Security GmbH<\/h2>\n<p><span style=\"margin-bottom: 4px; font-size: 13px; font-weight: 400;\"><a style=\"padding: 0px;\" href=\"\/watchguard-info-portal\/supportinfos\/boc-support-anforderung\/\">\u2022 Support-Ticket bei BOC \u00f6ffnen<\/a><\/span><br \/>\n<span style=\"margin-bottom: 4px; font-size: 13px; font-weight: 400;\"><a style=\"padding: 0px;\" href=\"\/watchguard-info-portal\/supportinfos\/boc-dienstleistungen\/boc-stundensaetze\/\">\u2022 BOC Stundens\u00e4tze &amp; Dienstleistungspakete<\/a><\/span><br \/>\n<span style=\"margin-bottom: 4px; font-size: 13px; font-weight: 400;\"><a style=\"padding: 0px;\" href=\"\/watchguard-info-portal\/jetzt-auf-managed-security-mit-boc-umsteigen\/\">\u2022 BOC Managed Security Services<\/a><\/span><br \/>\n<span style=\"margin-bottom: 4px; font-size: 13px; font-weight: 400;\"><a style=\"padding: 0px;\" href=\"https:\/\/www.boc.de\/watchguard-info-portal\/supportinfos\/informationsmaterial-anfordern\">\u2022 Informationsbrosch\u00fcren anfordern<\/a><\/span><br \/>\n<span style=\"margin-bottom: 4px; font-size: 13px; font-weight: 400;\"><a style=\"padding: 0px;\" href=\"https:\/\/www.boc.de\/watchguard-info-portal\/supportinfos\/testgeraete-access-points-anfordern\">\u2022 Testger\u00e4te Access Points anfordern<\/a><\/span><br \/>\n<span style=\"margin-bottom: 4px; font-size: 13px; font-weight: 400;\"><a style=\"padding: 0px;\" href=\"https:\/\/get.teamviewer.com\/f7cg2u7\" target=\"_blank\" rel=\"noopener noreferrer\">\u2022 Teamviewer Quicksupport herunterladen<\/a><\/span><\/td>\n<td>\n<h2 style=\"font-size: 1.10rem; margin-bottom: 10px; margin-top: 5px;\">H\u00e4ufig nachgefragt&#8230;<\/h2>\n<p><span style=\"margin-bottom: 4px; font-size: 13px; font-weight: 400;\"><a style=\"padding: 0px;\" href=\"\/watchguard-info-portal\/produktinfos\/ablauf-und-verlaengerung-von-lizenzen\/\">\u2022 Ablauf und Verl\u00e4ngerung von &#8220;Lizenzen&#8221;<\/a><\/span><br \/>\n<span style=\"margin-bottom: 4px; font-size: 13px; font-weight: 400;\"><a style=\"padding: 0px;\" href=\"\/watchguard-info-portal\/supportinfos\/fireware-release-neuerungen\/\">\u2022 Fireware Release Neuerungen<\/a><\/span><br \/>\n<span style=\"margin-bottom: 4px; font-size: 13px; font-weight: 400;\"><a style=\"padding: 0px;\" href=\"\/watchguard-info-portal\/vertriebsinfos\/watchguard-end-of-life-richtlinie\/\">\u2022 End-of-Life Richtlinie<\/a><\/span><br \/>\n<span style=\"margin-bottom: 4px; font-size: 13px; font-weight: 400;\"><a style=\"padding: 0px;\" href=\"\/watchguard-info-portal\/produktinfos\/watchguard-support-livesecurity\/\">\u2022 Vergleich der Support Level<\/a><\/span><\/td>\n<\/tr>\n<tr style=\"background-color: white;\">\n<td style=\"width: 51.7%; font-weight: normal; border-right: 1px solid #aeaeae; vertical-align: top;\">\n<hr style=\"color: #aeaeae; margin-top: 5px\"\/>\n<h2 style=\"font-size: 1.10rem; margin-bottom: 10px; margin-top: 5px;\">Support durch WatchGuard (kostenfrei)<\/h2>\n<p><span style=\"margin-bottom: 4px; font-size: 13px; font-weight: 400;\"><a style=\"padding: 0px;\" href=\"https:\/\/login.watchguard.com\" target=\"_blank\" rel=\"noopener noreferrer\">\u2022 Support-Ticket bei WatchGuard \u00f6ffnen<\/a><\/span><br \/>\n<span style=\"margin-bottom: 4px; font-size: 13px; font-weight: 400;\"><a style=\"padding: 0px;\" href=\"https:\/\/www.watchguard.com\/help\/docs\/help-center\/en-US\/Content\/en-US\/_intro\/home.html\" target=\"_blank\" rel=\"noopener noreferrer\">\u2022 Self Help Tools auf der WatchGuard Website<\/a><\/span><\/td>\n<td>\n<hr style=\"color: #aeaeae; margin-top: 5px\"\/>\n<h2 style=\"font-size: 1.10rem; margin-bottom: 10px; margin-top: 5px;\">Hilfe zur Selbsthilfe (kostenfrei)<\/h2>\n<p><span style=\"margin-bottom: 4px; font-size: 13px; font-weight: 400;\"><a style=\"padding: 0px;\" href=\"\/watchguard-info-portal\/category\/watchguard-technischer-blog\/\">\u2022 Technischer WatchGuard Blog von BOC<\/a><\/span><br \/>\n<span style=\"margin-bottom: 4px; font-size: 13px; font-weight: 400;\"><a style=\"padding: 0px;\" href=\"\/watchguard-info-portal\/category\/watchguard-technischer-blog\/howto\/\">\u2022 HOWTO-Artikel<\/a><\/span><br \/>\n<span style=\"margin-bottom: 4px; font-size: 13px; font-weight: 400;\"><a style=\"padding: 0px;\" href=\"\/watchguard-info-portal\/category\/neu-bei-watchguard\/\">\u2022 &#8220;Neu bei WatchGuard?&#8221; (f\u00fcr Einsteiger)<\/a><\/span><\/td>\n<\/tr>\n<\/tbody>\n<\/table>\n<\/td>\n<\/tr>\n<\/tbody>\n<\/table>\n","protected":false},"excerpt":{"rendered":"<p>WatchGuard Support Unser Anspruch ist es, mit unserem WatchGuard Infoportal, dem Technischen WatchGuard Blog und HOWTO-Artikeln eine m\u00f6glichst umfangreiche und kostenfreie Hilfe zur Selbsthilfe beim Umgang mit WatchGuard-Produkten zu bieten. Es wird aber immer auch Situationen geben, die eine personelle Unterst\u00fctzung durch erfahrene Techniker erfordern. Diese Arbeiten sind aber auch bei uns selbstverst\u00e4ndlich kostenpflichtig. Wir bieten praktikable und faire L\u00f6sungen: Neben unserem Fernwartungs-Support \u00fcber unser &hellip; <a href=\"https:\/\/wordpress.boc.de\/watchguard-info-portal\/support\/\" class=\"more-link\">Weiterlesen <span class=\"screen-reader-text\">Support<\/span> <span class=\"meta-nav\">&raquo;<\/span><\/a><\/p>\n","protected":false},"author":7,"featured_media":0,"parent":0,"menu_order":0,"comment_status":"closed","ping_status":"closed","template":"page-templates\/full-width.php","meta":{"footnotes":""},"class_list":["post-6763","page","type-page","status-publish","hentry"],"_links":{"self":[{"href":"https:\/\/wordpress.boc.de\/watchguard-info-portal\/wp-json\/wp\/v2\/pages\/6763"}],"collection":[{"href":"https:\/\/wordpress.boc.de\/watchguard-info-portal\/wp-json\/wp\/v2\/pages"}],"about":[{"href":"https:\/\/wordpress.boc.de\/watchguard-info-portal\/wp-json\/wp\/v2\/types\/page"}],"author":[{"embeddable":true,"href":"https:\/\/wordpress.boc.de\/watchguard-info-portal\/wp-json\/wp\/v2\/users\/7"}],"replies":[{"embeddable":true,"href":"https:\/\/wordpress.boc.de\/watchguard-info-portal\/wp-json\/wp\/v2\/comments?post=6763"}],"version-history":[{"count":36,"href":"https:\/\/wordpress.boc.de\/watchguard-info-portal\/wp-json\/wp\/v2\/pages\/6763\/revisions"}],"predecessor-version":[{"id":30672,"href":"https:\/\/wordpress.boc.de\/watchguard-info-portal\/wp-json\/wp\/v2\/pages\/6763\/revisions\/30672"}],"wp:attachment":[{"href":"https:\/\/wordpress.boc.de\/watchguard-info-portal\/wp-json\/wp\/v2\/media?parent=6763"}],"curies":[{"name":"wp","href":"https:\/\/api.w.org\/{rel}","templated":true}]}}