{"id":41,"date":"2016-05-10T09:32:42","date_gmt":"2016-05-10T07:32:42","guid":{"rendered":"https:\/\/www.boc.de\/watchguard-info-portal\/?page_id=41"},"modified":"2023-04-04T18:14:29","modified_gmt":"2023-04-04T16:14:29","slug":"watchguard-webblocker","status":"publish","type":"page","link":"https:\/\/wordpress.boc.de\/watchguard-info-portal\/produktinfos\/watchguard-security-services-und-suites\/watchguard-webblocker\/","title":{"rendered":"WatchGuard WebBlocker"},"content":{"rendered":"<p><img loading=\"lazy\" decoding=\"async\" class=\"size-full wp-image-274 alignleft\" src=\"https:\/\/www.boc.de\/watchguard-info-portal\/wp-content\/uploads\/2016\/05\/webblocker-appcontrol.png\" alt=\"WatchGuard WebBlocker\" width=\"250\" height=\"200\" \/><\/p>\n<h3><strong>WatchGuard WebBlocker<\/strong><\/h3>\n<p>WatchGuard WebBlocker ist der optionale URL-Filtering Security Service f\u00fcr <strong>WatchGuard Firebox \/ XTM<\/strong> (Hardware Firewall\/VPN Appliances). Diese Hardware Firewall Appliances gibt es in verschiedenen Gr\u00f6\u00dfen f\u00fcr den Einsatz in kleinen, mittleren und gro\u00dfen Betrieben oder Beh\u00f6rden, aber auch f\u00fcr SOHO (Small Office, Home Office). Mit Hilfe von WatchGuard WebBlocker steuert der Firewall-Administrator den Zugriff auf Webseiten nach Inhaltsregeln. Hierzu werden die <strong>HTTP und HTTPS Application Proxies<\/strong> der WatchGuard Firebox an die <b>Forcepoint <\/b>Content Security Cloud-Datenbank angekoppelt (ehemals Websense). In dieser Datenbank werden laufend mehrere Millionen URLs und IP-Adressen nach inhaltlichen Kriterien indiziert, gepflegt und erweitert.<\/p>\n<h3>Funktionsweise<\/h3>\n<p><a href=\"https:\/\/www.boc.de\/watchguard-info-portal\/wp-content\/uploads\/2016\/05\/webblocker.categories.gif\"><img loading=\"lazy\" decoding=\"async\" class=\"alignleft wp-image-482\" src=\"https:\/\/www.boc.de\/watchguard-info-portal\/wp-content\/uploads\/2016\/05\/webblocker.categories.gif\" alt=\"WatchGuard WebBlocker Kategorien\" width=\"400\" height=\"653\" \/><\/a>Zur Auswahl stehen <strong>130\u00a0verschiedene Ober- und Unter-Kategorien<\/strong>, die selektiv freigegeben bzw. gesperrt werden k\u00f6nnen. Unabh\u00e4ngig von Kategorie-Zugeh\u00f6rigkeiten k\u00f6nnen auch explizites Whitelisting und Blacklisting auf URL Pattern Basis definiert werden, welches Vorrang hat. Die Konfiguration von WebBlocker erfolgt &#8211; wie die Bedienung der eigentlichen WatchGuard Firebox &#8211; auf Englisch. Bei Nutzung von <strong>User Authentication<\/strong> (User m\u00fcssen sich an der Firewall anmelden, standardm\u00e4\u00dfig im Basisprodukt enthalten) k\u00f6nnen unterschiedliche Zugriffsrechte auf Benutzer- oder Gruppenebene definiert werden, alternativ nat\u00fcrlich auch auf IP-Adress-\/Maschinenebene.<\/p>\n<pre><img loading=\"lazy\" decoding=\"async\" class=\"size-full wp-image-1468 alignleft\" src=\"https:\/\/www.boc.de\/watchguard-info-portal\/wp-content\/uploads\/2016\/06\/emblem-imp.gif\" alt=\"emblem-imp\" width=\"48\" height=\"48\" \/><b>WatchGuard WebBlocker<\/b> erf\u00fcllt die Anforderungen des Jugendschutzes im Sinne des Strafgesetzbuchs, insbesondere wenn minderj\u00e4hrige Auszubildende im Betrieb einen PC mit Internet-Zugang nutzen d\u00fcrfen!<\/pre>\n<p>&nbsp;<\/p>\n<h3>Verf\u00fcgbare Kategorien zur Selektion:<\/h3>\n<ul>\n<li><strong>Abortion<\/strong> (Pro-Choice, Pro-Life)<\/li>\n<li><strong>Adult Material<\/strong> (Nudity, Adult Content, Sex, Sex Education, Lingerie and Swimsuit)<\/li>\n<li><strong>Advocacy Groups<\/strong><\/li>\n<li><strong>Bandwidth<\/strong> (Internet Telephony, Streaming Media, Personal Network Storage and Backup, Internet Radio and TV, Peer-to-Peer File Sharing, Surveillance, Educational Video, Entertainment Video, Viral Video)<\/li>\n<li><strong>Business and Economy<\/strong> (Financial Data and Services, Hosted Business Applications)<\/li>\n<li><strong>Collaboration &#8211; Office<\/strong><\/li>\n<li><strong>Drugs<\/strong> (Prescribed Medications, Nutrition, Abused Drugs, Marijuana)<\/li>\n<li><strong>Education<\/strong> (Cultural Institutions, Educational Institutions, Educational Materials, Reference Materials)<\/li>\n<li><strong>Entertainment<\/strong> (Media File Download)<\/li>\n<li><strong>Extended Protection<\/strong> (Elevated Exposure, Emerging Exploits, Suspicious Content, Dynamic DNS, Newly Registered Websites)<\/li>\n<li><strong>Gambling<\/strong><\/li>\n<li><strong>Games<\/strong><\/li>\n<li><strong>Government<\/strong> (Military, Political Organizations)<\/li>\n<li><strong>Health<\/strong><\/li>\n<li><strong>Illegal or Questionable<\/strong><\/li>\n<li><strong>Information Technology<\/strong> (Website Translation, Proxy Avoidance, Search Engines and Portals, Web Hosting, Hacking, Computer Security, Web and Email Spam, Web Collaboration, Unauthorized Mobile Marketplaces, Web Analytics, Web and Email Marketing)<\/li>\n<li><strong>Internet Communication<\/strong> (General Email, Web Chat, Organizational Email, Text and Media Messaging)<\/li>\n<li><strong>Intolerance<\/strong><\/li>\n<li><strong>Job Search<\/strong><\/li>\n<li><strong>Militancy and Extremist<\/strong><\/li>\n<li><strong>Miscellaneous<\/strong> (Web Infrastructure, Web Images, Private IP Addresses, Content Delivery Networks, Dynamic Content, Network Errors, File Download Servers)<\/li>\n<li><strong>News and Media<\/strong> (Alternative Journals)<\/li>\n<li><strong>Parked Domain<\/strong><\/li>\n<li><strong>Productivity<\/strong> (Advertisements, Online Brokerage and Trading, Instant Messaging, Application and Software Download, Pay-to-Surf, Message Boards and Forums)<\/li>\n<li><strong>Religion<\/strong> (Non-Traditional Religions, Traditional Religions)<\/li>\n<li><strong>Security<\/strong> (Malicious Web Sites, Spyware, Phishing and Other Frauds, Keyloggers, Potentially Unwanted Software, Bot Networks, Malicious Embedded Link, Malicious Embedded iFrame, Suspicious Embedded Link, Mobile Malware, Advanced Malware Command and Control, Compromised Websites)<\/li>\n<li><strong>Shopping<\/strong> (Internet Auctions, Real Estate)<\/li>\n<li><strong>Social Organizations<\/strong> (Service and Philanthropic Organizations, Social and Affiliation Organizations, Professional and Worker Organizations)<\/li>\n<li><strong>Social Web &#8211; Facebook<\/strong><\/li>\n<li><strong>Social Web &#8211; LinkedIn<\/strong><\/li>\n<li><strong>Social Web &#8211; Twitter<\/strong><\/li>\n<li><strong>Social Web &#8211; YouTube<\/strong><\/li>\n<li><strong>Society and Lifestyles<\/strong> (Restaurants and Dining, Gay or Lesbian or Bisexual Interest, Personals and Dating, Alcohol and Tobacco, Hobbies, Social Networking, Blogs and Personal Sites)<\/li>\n<li><strong>Special Events<\/strong><\/li>\n<li><strong>Sports<\/strong> (Sport Hunting and Gun Clubs)<\/li>\n<li><strong>Tasteless<\/strong><\/li>\n<li><strong>Travel<\/strong><\/li>\n<li><strong>Vehicles<\/strong><\/li>\n<li><strong>Violence<\/strong><\/li>\n<li><strong>Weapons<\/strong><\/li>\n<\/ul>\n<div id=\"attachment_87\" style=\"width: 543px\" class=\"wp-caption alignnone\"><a href=\"https:\/\/www.boc.de\/watchguard-info-portal\/wp-content\/uploads\/2016\/05\/61762d7303.jpg\"><img loading=\"lazy\" decoding=\"async\" aria-describedby=\"caption-attachment-87\" class=\"wp-image-87 size-full\" src=\"https:\/\/www.boc.de\/watchguard-info-portal\/wp-content\/uploads\/2016\/05\/61762d7303.jpg\" sizes=\"(max-width: 533px) 100vw, 533px\" srcset=\"https:\/\/www.boc.de\/watchguard-info-portal\/wp-content\/uploads\/2016\/05\/61762d7303.jpg 533w, https:\/\/www.boc.de\/watchguard-info-portal\/wp-content\/uploads\/2016\/05\/61762d7303-300x174.jpg 300w\" alt=\"WebBlocker Standard-Fehlermeldung beim Zugriff auf eine gesperrte Website. Die Meldung kann durch eigene Texte (HTML) erg\u00e4nzt werden.\" width=\"533\" height=\"309\" \/><\/a><p id=\"caption-attachment-87\" class=\"wp-caption-text\">WebBlocker Standard-Fehlermeldung beim Zugriff auf eine gesperrte Website. Die Meldung kann durch eigene Texte (HTML) erg\u00e4nzt werden.<\/p><\/div>\n<h3>Logging und Reporting<\/h3>\n<p>Das Logging und Reporting erfolgt \u00fcber den schon mit dem Basisprodukt kostenfrei zur Verf\u00fcgung gestellten <a href=\"https:\/\/www.boc.de\/watchguard-info-portal\/produktinfos\/watchguard-dimension\/\">WatchGuard Dimension Server<\/a> oder \u00fcber die \u00e4lteren Windows-basierten Logging- und Reporting-Dienste, die Bestandteil der WatchGuard System Manager Software sind. Die Log-Eintr\u00e4ge und Statistiken k\u00f6nnen \u00fcber diese Plattformen gesichtet und ausgewertet werden.<\/p>\n<h3>Lizensierung<\/h3>\n<p>WatchGuard WebBlocker ist ein optionaler Security Service. Er ist Bestandteil der <strong>WatchGuard Basic Security Suite<\/strong> und der <strong>WatchGuard Total Security Suite<\/strong>. Er ist standardm\u00e4\u00dfig beim Kauf eines <strong>Security Software Bundles<\/strong> enthalten, kann aber auch einzeln lizensiert werden.<\/p>\n<p><span style=\"color: red;\">WatchGuard WebBlocker:\u00a0\u00a0[Bestandteil der Basic Security Suite]\u00a0\u00a0[Bestandteil der Total Security Suite]\u00a0\u00a0[einzeln lizensierbar]<\/span><\/p>\n<p><img loading=\"lazy\" decoding=\"async\" class=\"alignnone size-full wp-image-1473\" src=\"https:\/\/www.boc.de\/watchguard-info-portal\/wp-content\/uploads\/2016\/06\/emblem-rechts.gif\" alt=\"emblem-rechts\" width=\"48\" height=\"48\" \/>Zur \u00dcbersicht <a href=\"https:\/\/www.boc.de\/watchguard-info-portal\/produktinfos\/watchguard-security-services-und-suites\/\">WatchGuard Security Services und Suites<\/a><\/p>\n","protected":false},"excerpt":{"rendered":"<p>WatchGuard WebBlocker WatchGuard WebBlocker ist der optionale URL-Filtering Security Service f\u00fcr WatchGuard Firebox \/ XTM (Hardware Firewall\/VPN Appliances). Diese Hardware Firewall Appliances gibt es in verschiedenen Gr\u00f6\u00dfen f\u00fcr den Einsatz in kleinen, mittleren und gro\u00dfen Betrieben oder Beh\u00f6rden, aber auch f\u00fcr SOHO (Small Office, Home Office). Mit Hilfe von WatchGuard WebBlocker steuert der Firewall-Administrator den Zugriff auf Webseiten nach Inhaltsregeln. Hierzu werden die HTTP und &hellip; <a href=\"https:\/\/wordpress.boc.de\/watchguard-info-portal\/produktinfos\/watchguard-security-services-und-suites\/watchguard-webblocker\/\" class=\"more-link\">Weiterlesen <span class=\"screen-reader-text\">WatchGuard WebBlocker<\/span> <span class=\"meta-nav\">&raquo;<\/span><\/a><\/p>\n","protected":false},"author":1,"featured_media":0,"parent":73,"menu_order":0,"comment_status":"closed","ping_status":"closed","template":"","meta":{"footnotes":""},"class_list":["post-41","page","type-page","status-publish","hentry"],"_links":{"self":[{"href":"https:\/\/wordpress.boc.de\/watchguard-info-portal\/wp-json\/wp\/v2\/pages\/41"}],"collection":[{"href":"https:\/\/wordpress.boc.de\/watchguard-info-portal\/wp-json\/wp\/v2\/pages"}],"about":[{"href":"https:\/\/wordpress.boc.de\/watchguard-info-portal\/wp-json\/wp\/v2\/types\/page"}],"author":[{"embeddable":true,"href":"https:\/\/wordpress.boc.de\/watchguard-info-portal\/wp-json\/wp\/v2\/users\/1"}],"replies":[{"embeddable":true,"href":"https:\/\/wordpress.boc.de\/watchguard-info-portal\/wp-json\/wp\/v2\/comments?post=41"}],"version-history":[{"count":61,"href":"https:\/\/wordpress.boc.de\/watchguard-info-portal\/wp-json\/wp\/v2\/pages\/41\/revisions"}],"predecessor-version":[{"id":16855,"href":"https:\/\/wordpress.boc.de\/watchguard-info-portal\/wp-json\/wp\/v2\/pages\/41\/revisions\/16855"}],"up":[{"embeddable":true,"href":"https:\/\/wordpress.boc.de\/watchguard-info-portal\/wp-json\/wp\/v2\/pages\/73"}],"wp:attachment":[{"href":"https:\/\/wordpress.boc.de\/watchguard-info-portal\/wp-json\/wp\/v2\/media?parent=41"}],"curies":[{"name":"wp","href":"https:\/\/api.w.org\/{rel}","templated":true}]}}