{"id":4039,"date":"2018-06-05T12:56:39","date_gmt":"2018-06-05T10:56:39","guid":{"rendered":"https:\/\/www.boc.de\/watchguard-info-portal\/produktinfos\/watchguard-security-services-und-suites\/watchguard-threat-detection-and-response-copy\/"},"modified":"2023-10-04T12:57:53","modified_gmt":"2023-10-04T10:57:53","slug":"watchguard-dnswatch","status":"publish","type":"page","link":"https:\/\/wordpress.boc.de\/watchguard-info-portal\/produktinfos\/watchguard-security-services-und-suites\/watchguard-dnswatch\/","title":{"rendered":"WatchGuard DNSWatch&#x2122;"},"content":{"rendered":"<h3><strong>Schutz Ihres Unternehmens vor Phishing-Angriffen mit DNSWatch<\/strong><\/h3>\n<p><img loading=\"lazy\" decoding=\"async\" class=\"alignleft wp-image-4052 size-full\" src=\"https:\/\/www.boc.de\/watchguard-info-portal\/wp-content\/uploads\/2018\/06\/dnswatchlogo.png\" alt=\"DNSWatch\" width=\"175\" height=\"147\" \/><\/p>\n<p>Phishing ist derzeit eine der gr\u00f6\u00dften Bedrohungen f\u00fcr kleinere und mittlere Unternehmen. 90% aller Angriffe beginnen mit einer Phishing-E-Mail. Daher ist es wichtig, dass IT-Administratoren \u00fcber die richtige Sicherheit verf\u00fcgen, um die Endbenutzer vor diesen Phishing-Angriffen zu sch\u00fctzen. WatchGuard DNSWatch nutzt die Erkennung auf DNS-Ebene, um eine zus\u00e4tzliche Sicherheitsebene zu schaffen, um Malware-Infektionen zu erkennen und zu stoppen. DNSWatch ist Bestandteil der Total Security Suite von WatchGuard. Eine \u00dcbersicht zu den Security Services und Suites finden sie <a href=\"https:\/\/www.boc.de\/watchguard-info-portal\/produktinfos\/watchguard-security-services-und-suites\/\" target=\"_blank\" rel=\"noopener noreferrer\">HIER<\/a>.<\/p>\n<h3>Funktionsweise<\/h3>\n<p>WatchGuard DNSWatch \u00fcberwacht ausgehende DNS-Anfragen und vergleicht sie mit einer zusammengetragenen Liste sch\u00e4dlicher Seiten. B\u00f6sartige DNS-Anfragen werden automatisch erkannt und blockiert und leiten den Benutzer auf eine sichere Seite weiter, auf der\u00a0er \u00fcber die Risiken und Warnzeichen einer Phishing-E-Mail aufgekl\u00e4rt werden kann. In diesem Zusammenhang l\u00e4sst sich das Personal besonders effektiv \u00fcber die Risiken von Phishing-E-Mails und den Wert der Multifaktor-Authentifizierung informieren.<\/p>\n<p><img loading=\"lazy\" decoding=\"async\" class=\"aligncenter wp-image-4047 size-large\" src=\"https:\/\/www.boc.de\/watchguard-info-portal\/wp-content\/uploads\/2018\/06\/how_it_works_dnswatch-1024x789.png\" alt=\"DNSWatch Funktionsweise\" width=\"800\" height=\"616\" srcset=\"https:\/\/wordpress.boc.de\/watchguard-info-portal\/wp-content\/uploads\/2018\/06\/how_it_works_dnswatch-1024x789.png 1024w, https:\/\/wordpress.boc.de\/watchguard-info-portal\/wp-content\/uploads\/2018\/06\/how_it_works_dnswatch-300x231.png 300w, https:\/\/wordpress.boc.de\/watchguard-info-portal\/wp-content\/uploads\/2018\/06\/how_it_works_dnswatch-768x592.png 768w, https:\/\/wordpress.boc.de\/watchguard-info-portal\/wp-content\/uploads\/2018\/06\/how_it_works_dnswatch-800x617.png 800w, https:\/\/wordpress.boc.de\/watchguard-info-portal\/wp-content\/uploads\/2018\/06\/how_it_works_dnswatch-1200x925.png 1200w\" sizes=\"(max-width: 800px) 100vw, 800px\" \/><\/p>\n<h3>Wichtige Funktionen<\/h3>\n<ul>\n<li>der Endbenutzer wird automatisch vor Phishing-Angriffen gesch\u00fctzt.<\/li>\n<li>anschlie\u00dfende Aufkl\u00e4rung zu Phishing, um das Bewusstsein des Anwenders zu erh\u00f6hen.<\/li>\n<li><span style=\"font-size: inherit;\">zus\u00e4tzliche Sicherheitsstufe aufgrund der Erkennung auf DNS-Ebene, um b\u00f6sartige DNS-Anfragen zu blockieren.<\/span><\/li>\n<li>stellt Informationen \u00fcber den Angriff bereit wie den Typ und die Ziele des Angriffs.<\/li>\n<li>100% cloudbasiert f\u00fcr einfache Bereitstellung und Verwaltung, wodurch Sie Zeit und Geld sparen.<\/li>\n<li>erg\u00e4nzt die Services Reputation Enabled Defense und WebBlocker zum Schutz vor b\u00f6sartiger Bedrohungen.<\/li>\n<\/ul>\n<h3>Beispielmeldung von DNSWatch<\/h3>\n<div id=\"attachment_6084\" style=\"width: 239px\" class=\"wp-caption alignright\"><a href=\"https:\/\/www.boc.de\/watchguard-info-portal\/wp-content\/uploads\/2019\/02\/dnswatch-alert.png\"><img loading=\"lazy\" decoding=\"async\" aria-describedby=\"caption-attachment-6084\" class=\"wp-image-6084\" src=\"https:\/\/www.boc.de\/watchguard-info-portal\/wp-content\/uploads\/2019\/02\/dnswatch-alert.png\" alt=\"WatchGuard DNSWatch alert\" width=\"229\" height=\"201\" srcset=\"https:\/\/wordpress.boc.de\/watchguard-info-portal\/wp-content\/uploads\/2019\/02\/dnswatch-alert.png 580w, https:\/\/wordpress.boc.de\/watchguard-info-portal\/wp-content\/uploads\/2019\/02\/dnswatch-alert-300x264.png 300w\" sizes=\"(max-width: 229px) 100vw, 229px\" \/><\/a><p id=\"caption-attachment-6084\" class=\"wp-caption-text\">Warnmeldung an den Admin per Mail<\/p><\/div>\n<div id=\"attachment_6079\" style=\"width: 413px\" class=\"wp-caption alignright\"><a href=\"https:\/\/www.boc.de\/watchguard-info-portal\/wp-content\/uploads\/2019\/02\/dnswatch-blockiert.png\"><img loading=\"lazy\" decoding=\"async\" aria-describedby=\"caption-attachment-6079\" class=\"wp-image-6079\" src=\"https:\/\/www.boc.de\/watchguard-info-portal\/wp-content\/uploads\/2019\/02\/dnswatch-blockiert.png\" alt=\"WatchGuard DNSWatch Website blockiert\" width=\"403\" height=\"202\" srcset=\"https:\/\/wordpress.boc.de\/watchguard-info-portal\/wp-content\/uploads\/2019\/02\/dnswatch-blockiert.png 1144w, https:\/\/wordpress.boc.de\/watchguard-info-portal\/wp-content\/uploads\/2019\/02\/dnswatch-blockiert-300x150.png 300w, https:\/\/wordpress.boc.de\/watchguard-info-portal\/wp-content\/uploads\/2019\/02\/dnswatch-blockiert-768x384.png 768w, https:\/\/wordpress.boc.de\/watchguard-info-portal\/wp-content\/uploads\/2019\/02\/dnswatch-blockiert-1024x512.png 1024w, https:\/\/wordpress.boc.de\/watchguard-info-portal\/wp-content\/uploads\/2019\/02\/dnswatch-blockiert-800x400.png 800w\" sizes=\"(max-width: 403px) 100vw, 403px\" \/><\/a><p id=\"caption-attachment-6079\" class=\"wp-caption-text\">Warnmeldung an den Nutzer direkt im Browser<\/p><\/div>\n<p><strong>WEBSITE BLOCKERT<\/strong><\/p>\n<p><b style=\"font-size: 16px;\">O<\/b><b style=\"font-size: 16px;\">h je!\u00a0<\/b><span style=\"font-size: 16px;\">Wir glauben, Sie haben auf einen Phishing-Versuch geklickt!<\/span><\/p>\n<p><strong style=\"font-size: inherit;\">Es sieht so aus, als h\u00e4tten Sie auf etwas Gef\u00e4hrliches geklickt.<br \/>\n<\/strong><span style=\"font-size: inherit;\">Sch\u00fctzen Sie sich vor Phishing-Gefahren.\u00a0<\/span><\/p>\n<ul>\n<li><span style=\"font-size: inherit;\">Wenn Sie eine unerwartete E-Mail erhalten, sollten Sie auf einen verd\u00e4chtigen Betreff achten und das Feld VON der E-Mail sorgf\u00e4ltig pr\u00fcfen, um sicherzugehen, dass diese von einer legitimen Quelle gesendet wurde.<\/span><\/li>\n<li><span style=\"font-size: inherit;\">Achten Sie genau auf Grammatik-, Schreib- und Kommafehler in Betreff, Text der E-Mail und den URLs.<\/span><\/li>\n<li>Falls Sie eine unerwartete E-Mail mit Hyperlinks erhalten, sollten Sie mit Ihrer Maus auf den Hyperlink zeigen, bevor Sie darauf klicken, um zu\u00a0sehen, ob er zum Thema der E-Mail passt.<\/li>\n<li>Seien Sie bei allen E-Mails, die Sie erhalten und die sich als vom Management gesendet ausgeben oder Konsequenzen androhen, falls Sie nicht handeln, misstrauisch.<\/li>\n<li>Falls Sie Zweifel haben, forschen Sie nach, bevor Sie handeln.<\/li>\n<li>Klicken Sie nicht auf Links in Benachrichtigungsemails von sozialen Medien.<\/li>\n<li>Gehen Sie stattdessen direkt zu der App, um Beitr\u00e4ge und Bilder zu sehen.<\/li>\n<\/ul>\n<h3>Lizensierung<\/h3>\n<p>DNSWatch ist Bestandteil der WatchGuard Total Security Suite. Es kann nur durch den Wechsel auf die Total Security Suite dazu lizensiert werden.<\/p>\n<h3>Downloads:<\/h3>\n<ul>\n<li><a href=\"https:\/\/www.boc.de\/pub\/media\/documents\/dnswatchgo\/20_Datenblatt-WatchGuard-DNSWatchGO.pdf\" target=\"_blank\" rel=\"noopener noreferrer\">DNSWatch Datenblatt (deutsch)<\/a><\/li>\n<li><strong><a href=\"https:\/\/www.boc.de\/watchguard-info-portal\/wp-content\/uploads\/2018\/06\/Feature_Brief_DNSWatch-DE.pdf\" target=\"_blank\" rel=\"noopener noreferrer\">Kurzbeschreibung DNSWatch (deutsch)<\/a><\/strong><\/li>\n<\/ul>\n<p><img loading=\"lazy\" decoding=\"async\" class=\"alignnone size-full wp-image-1473\" src=\"https:\/\/www.boc.de\/watchguard-info-portal\/wp-content\/uploads\/2016\/06\/emblem-rechts.gif\" alt=\"emblem-rechts\" width=\"48\" height=\"48\" \/>Zur \u00dcbersicht <a href=\"https:\/\/www.boc.de\/watchguard-info-portal\/produktinfos\/watchguard-security-services-und-suites\/\">WatchGuard Security Services und Suites<\/a><\/p>\n","protected":false},"excerpt":{"rendered":"<p>Schutz Ihres Unternehmens vor Phishing-Angriffen mit DNSWatch Phishing ist derzeit eine der gr\u00f6\u00dften Bedrohungen f\u00fcr kleinere und mittlere Unternehmen. 90% aller Angriffe beginnen mit einer Phishing-E-Mail. Daher ist es wichtig, dass IT-Administratoren \u00fcber die richtige Sicherheit verf\u00fcgen, um die Endbenutzer vor diesen Phishing-Angriffen zu sch\u00fctzen. WatchGuard DNSWatch nutzt die Erkennung auf DNS-Ebene, um eine zus\u00e4tzliche Sicherheitsebene zu schaffen, um Malware-Infektionen zu erkennen und zu stoppen. &hellip; <a href=\"https:\/\/wordpress.boc.de\/watchguard-info-portal\/produktinfos\/watchguard-security-services-und-suites\/watchguard-dnswatch\/\" class=\"more-link\">Weiterlesen <span class=\"screen-reader-text\">WatchGuard DNSWatch&#x2122;<\/span> <span class=\"meta-nav\">&raquo;<\/span><\/a><\/p>\n","protected":false},"author":4,"featured_media":0,"parent":73,"menu_order":0,"comment_status":"closed","ping_status":"closed","template":"","meta":{"footnotes":""},"class_list":["post-4039","page","type-page","status-publish","hentry"],"_links":{"self":[{"href":"https:\/\/wordpress.boc.de\/watchguard-info-portal\/wp-json\/wp\/v2\/pages\/4039"}],"collection":[{"href":"https:\/\/wordpress.boc.de\/watchguard-info-portal\/wp-json\/wp\/v2\/pages"}],"about":[{"href":"https:\/\/wordpress.boc.de\/watchguard-info-portal\/wp-json\/wp\/v2\/types\/page"}],"author":[{"embeddable":true,"href":"https:\/\/wordpress.boc.de\/watchguard-info-portal\/wp-json\/wp\/v2\/users\/4"}],"replies":[{"embeddable":true,"href":"https:\/\/wordpress.boc.de\/watchguard-info-portal\/wp-json\/wp\/v2\/comments?post=4039"}],"version-history":[{"count":37,"href":"https:\/\/wordpress.boc.de\/watchguard-info-portal\/wp-json\/wp\/v2\/pages\/4039\/revisions"}],"predecessor-version":[{"id":17746,"href":"https:\/\/wordpress.boc.de\/watchguard-info-portal\/wp-json\/wp\/v2\/pages\/4039\/revisions\/17746"}],"up":[{"embeddable":true,"href":"https:\/\/wordpress.boc.de\/watchguard-info-portal\/wp-json\/wp\/v2\/pages\/73"}],"wp:attachment":[{"href":"https:\/\/wordpress.boc.de\/watchguard-info-portal\/wp-json\/wp\/v2\/media?parent=4039"}],"curies":[{"name":"wp","href":"https:\/\/api.w.org\/{rel}","templated":true}]}}