{"id":364,"date":"2016-06-15T19:00:45","date_gmt":"2016-06-15T17:00:45","guid":{"rendered":"https:\/\/www.boc.de\/watchguard-info-portal\/?page_id=364"},"modified":"2019-04-01T20:40:19","modified_gmt":"2019-04-01T18:40:19","slug":"boc-dienstleistungen","status":"publish","type":"page","link":"https:\/\/wordpress.boc.de\/watchguard-info-portal\/supportinfos\/boc-dienstleistungen\/","title":{"rendered":"BOC Dienstleistungen"},"content":{"rendered":"<div id=\"pl-364\"  class=\"panel-layout\" ><div id=\"pg-364-0\"  class=\"panel-grid panel-no-style\" ><div id=\"pgc-364-0-0\"  class=\"panel-grid-cell\" ><div id=\"panel-364-0-0-0\" class=\"so-panel widget widget_sow-icon panel-first-child\" data-index=\"0\" ><div\n\t\t\t\n\t\t\tclass=\"so-widget-sow-icon so-widget-sow-icon-default-a8eb38e83977-364\"\n\t\t\t\n\t\t>\n<div class=\"sow-icon-container sow-icon\">\n\t\t\t<span class=\"sow-icon-fontawesome sow-fas\" data-sow-icon=\"&#xf1c0;\"\n\t\t \n\t\taria-hidden=\"true\"><\/span>\t<\/div>\n<\/div><\/div><div id=\"panel-364-0-0-1\" class=\"so-panel widget widget_sow-editor\" data-index=\"1\" ><div\n\t\t\t\n\t\t\tclass=\"so-widget-sow-editor so-widget-sow-editor-base\"\n\t\t\t\n\t\t>\n<div class=\"siteorigin-widget-tinymce textwidget\">\n\t<h3 class=\"su-post-title\" style=\"text-align: center;\">Konfigurations-Check<\/h3>\n<p>In (fast) jeder Firewall-Konfiguration stecken Fehler und Ungereimtheiten. Wir bieten Ihnen die komplette Pr\u00fcfung, \u00dcberarbeitung und Optimierung Ihrer Konfigurationsdatei an. Sie erhalten au\u00dferdem eine schriftliche Firewall-Dokumentation (vgl. oben).<\/p>\n<p>Wir erstellen Ihnen eine \u00fcbersichtliche, mit ein paar Grafiken aufgelockerte, schriftliche Firewall-Dokumentation mit einem Umfang von meist mehr als 20 DIN A4-Seiten. Sie erhalten entweder eine PDF-Datei oder ein editierbares Format. Jeder Auditor oder Wirtschaftspr\u00fcfer freut sich bei einem IT-Audit \u00fcber diese Unterlage.<\/p>\n<\/div>\n<\/div><\/div><div id=\"panel-364-0-0-2\" class=\"so-panel widget widget_sow-icon\" data-index=\"2\" ><div\n\t\t\t\n\t\t\tclass=\"so-widget-sow-icon so-widget-sow-icon-default-a8eb38e83977-364\"\n\t\t\t\n\t\t>\n<div class=\"sow-icon-container sow-icon\">\n\t\t\t<span class=\"sow-icon-fontawesome sow-fas\" data-sow-icon=\"&#xf1cd;\"\n\t\t \n\t\taria-hidden=\"true\"><\/span>\t<\/div>\n<\/div><\/div><div id=\"panel-364-0-0-3\" class=\"so-panel widget widget_sow-editor panel-last-child\" data-index=\"3\" ><div\n\t\t\t\n\t\t\tclass=\"so-widget-sow-editor so-widget-sow-editor-base\"\n\t\t\t\n\t\t>\n<div class=\"siteorigin-widget-tinymce textwidget\">\n\t<h3 class=\"su-post-title\" style=\"text-align: center;\">Konfigurations-Support<\/h3>\n<p style=\"text-align: left;\">Eine Firewall-Konfiguration sollte standardisiert sein und ist doch h\u00f6chst individuell.<\/p>\n<p style=\"text-align: left;\">Wir bieten Ihnen Unterst\u00fctzung beispielsweise bei folgenden Konfigurationen:<\/p>\n<p style=\"text-align: left;\"><div class=\"su-list\" style=\"margin-left:0px\"><\/p>\n<ul style=\"align: center;\">\n<li><i class=\"sui sui-chevron-circle-right\" style=\"color:#333\"><\/i> Active Directory Anbindung, Single Sign On und 3-stufiges Berechtigungskonzept<\/li>\n<li><i class=\"sui sui-chevron-circle-right\" style=\"color:#333\"><\/i> WatchGuard Dimension oder WSM als Logserver<\/li>\n<li><i class=\"sui sui-chevron-circle-right\" style=\"color:#333\"><\/i> WatchGuard Dimension Command oder WatchGuard Management Server<\/li>\n<li><i class=\"sui sui-chevron-circle-right\" style=\"color:#333\"><\/i> Access Points (Basic)<\/li>\n<li><i class=\"sui sui-chevron-circle-right\" style=\"color:#333\"><\/i> Access Points (Advanced) mit mehreren SSID und\u00a0getrennten VLANs pro SSID<\/li>\n<li><i class=\"sui sui-chevron-circle-right\" style=\"color:#333\"><\/i> HTTPS Deep Inspection<\/li>\n<li><i class=\"sui sui-chevron-circle-right\" style=\"color:#333\"><\/i> Setup eines SMTP-Proxy mit TLS, APT und Antivirus<\/li>\n<li><i class=\"sui sui-chevron-circle-right\" style=\"color:#333\"><\/i> Import und Konfiguration offizieller\u00a0SSL-Zertifikate auf die Firebox<\/li>\n<li><i class=\"sui sui-chevron-circle-right\" style=\"color:#333\"><\/i> Konzeption und Einrichtung\u00a0von Branch-Office-VPNs<\/li>\n<li><i class=\"sui sui-chevron-circle-right\" style=\"color:#333\"><\/i> Konzeption und Einrichtung von VPNs f\u00fcr Mobile User<\/li>\n<\/ul>\n<p style=\"text-align: left;\"><\/div><\/p>\n<\/div>\n<\/div><\/div><\/div><div id=\"pgc-364-0-1\"  class=\"panel-grid-cell\" ><div id=\"panel-364-0-1-0\" class=\"so-panel widget widget_sow-icon panel-first-child\" data-index=\"4\" ><div\n\t\t\t\n\t\t\tclass=\"so-widget-sow-icon so-widget-sow-icon-default-a8eb38e83977-364\"\n\t\t\t\n\t\t>\n<div class=\"sow-icon-container sow-icon\">\n\t\t\t<span class=\"sow-icon-fontawesome sow-fas\" data-sow-icon=\"&#xf085;\"\n\t\t \n\t\taria-hidden=\"true\"><\/span>\t<\/div>\n<\/div><\/div><div id=\"panel-364-0-1-1\" class=\"so-panel widget widget_sow-editor panel-last-child\" data-index=\"5\" ><div\n\t\t\t\n\t\t\tclass=\"so-widget-sow-editor so-widget-sow-editor-base\"\n\t\t\t\n\t\t>\n<div class=\"siteorigin-widget-tinymce textwidget\">\n\t<h3 class=\"su-post-title\" style=\"text-align: center;\">WatchGuard Basis-Installationen<\/h3>\n<h6 style=\"text-align: left;\">Wir richten Ihnen jede WatchGuard Firebox auf Ihre besonderen Anforderungen hin ein \u2013 egal ob bei uns gekauft oder nicht. Die Arbeiten k\u00f6nnen entweder in unserer Werkstatt, per Fernwartung oder bei Ihnen vor Ort durchgef\u00fchrt werden.<\/h6>\n<p>Auch komplette VPNs richten wir f\u00fcr Sie ein. Auch hier gilt: wir arbeiten in unserer Werkstatt, per Fernwartung oder bei Ihnen vor Ort<\/p>\n<h6 style=\"text-align: left;\">Pauschale Erst-Einrichtung einer WatchGuard Firebox (ohne Security Services)<\/h6>\n<p>Vorab-Konfiguration anhand von Daten, die per Fragebogen vom Kunden abgefragt werden (TCP\/IP Einstellungen f\u00fcr die Interfaces; Anbindung der Internet-Zug\u00e4nge (Standleitung, PPPoE (ADSL\/VDSL) oder DHCP (Kabelanbieter); bei mehreren Leitungen Einrichtung von Multi-WAN und Policy Based Routing; Angaben zu lokaler Domain (DHCP, WINS\/DNS); rudiment\u00e4res Regelwerk mit den im Standard-Umfang enthaltenen Application Proxies (HTTP-Proxy, HTTPS-Proxy ohne Deep Packet Inspection, FTP-Proxy, POP3-Proxy, SMTP-Proxy); Konfiguration EINER \u201cMobile User VPN\u201d Zugangsart (IPSec, SSLVPN, PPTP-VPN oder L2TP-VPN); Konfiguration von bis zu f\u00fcnf (5) Branch Office VPN Gateways\/Tunnels (Standortvernetzung).<\/p>\n<h6 style=\"text-align: left;\">Pauschale Erst-Einrichtung einer WatchGuard Firebox (mit Security Services)<\/h6>\n<p>wie oben, jedoch zus\u00e4tzlich Konfiguration der lizenzierten Security Services wie WebBlocker, spamBlocker, Gateway Antivirus, Intrusion Prevention Service, Reputation Enabled Defense, Application Control und (sofern bestellt) APT Blocker und Data Loss Prevention.<\/p>\n<h6 style=\"text-align: left;\">Bei Trade-Up: Migration\/\u00dcbernahme und Basis-Check der Konfigurationsdatei<\/h6>\n<h6 style=\"text-align: left;\">BUNDLE-PAKET: Pauschale Erst-Einrichtung einer WatchGuard Firebox (mit Security Services); Anbindung Active Directory, Single Sign On und 3-stufiges Berechtigungskonzept; Konfigurationsunterst\u00fctzung WatchGuard Dimension Logserver (oder WSM)<\/h6>\n<\/div>\n<\/div><\/div><\/div><\/div><div id=\"pg-364-1\"  class=\"panel-grid panel-no-style\" ><div id=\"pgc-364-1-0\"  class=\"panel-grid-cell\" ><div id=\"panel-364-1-0-0\" class=\"so-panel widget widget_sow-icon panel-first-child\" data-index=\"6\" ><div\n\t\t\t\n\t\t\tclass=\"so-widget-sow-icon so-widget-sow-icon-default-a8eb38e83977-364\"\n\t\t\t\n\t\t>\n<div class=\"sow-icon-container sow-icon\">\n\t\t\t<span class=\"sow-icon-fontawesome sow-fas\" data-sow-icon=\"&#xf390;\"\n\t\t \n\t\taria-hidden=\"true\"><\/span>\t<\/div>\n<\/div><\/div><div id=\"panel-364-1-0-1\" class=\"so-panel widget widget_sow-editor panel-last-child\" data-index=\"7\" ><div\n\t\t\t\n\t\t\tclass=\"so-widget-sow-editor so-widget-sow-editor-base\"\n\t\t\t\n\t\t>\n<div class=\"siteorigin-widget-tinymce textwidget\">\n\t<h3 class=\"su-post-title\" style=\"text-align: center;\">Fernwartung<\/h3>\n<p style=\"text-align: left;\">F\u00fcr die Fernwartung Ihrer WatchGuard Firebox Systeme bieten wir Ihnen zwei Ans\u00e4tze:<\/p>\n<p style=\"text-align: left;\"><strong>Direkter, SSL-gesicherter Zugriff<\/strong> auf Ihre WatchGuard Firebox bzw. Ihren WatchGuard Management Server \u00fcber das Internet mittels der <strong>WatchGuard System Manager Software<\/strong> (problemlos steuerbar \u00fcber unsere festen \u00f6ffentlichen IP-Adressen). In diesem Fall m\u00fcssen <strong>unsere \u00f6ffentlichen IP-Adressen<\/strong> (derzeit vier IP-Subnetze) in das \"From-Feld\" der standardm\u00e4\u00dfig vorhandenen \"WatchGuard\" Firewall-Regel eingetragen werden. Alternativ kann auch eine <u>separate<\/u> Regel f\u00fcr diese Bereiche angelegt werden. Die Adressbereiche teilen wir Ihnen nat\u00fcrlich auf Anforderung gerne mit. Dar\u00fcberhinaus w\u00fcrden wir die seit ein paar Softwareversionen m\u00f6gliche Option nutzen und uns auf Ihrer WatchGuard einen eigenen Admin-Usernamen anlegen, den wir dann f\u00fcr k\u00fcnftige Admin-Zugriffe nutzen w\u00fcrden. Die Zugriffe w\u00fcrden auf einem vorhandenen WatchGuard WSM Logserver oder <a href=\"https:\/\/www.boc.de\/watchguard-info-portal\/produktinfos\/watchguard-dimension-server\/\">WatchGuard Dimension Logserver<\/a> in jedem Einzelfall mitprotokolliert werden.<\/p>\n<p style=\"text-align: left;\">Einsatz von <strong>Teamviewer<\/strong> als Remote Desktop Sharing Software:<br \/>\nDie Teamviewer-Software erm\u00f6glicht es, \u00fcber das Internet andere Personen (=Supporter) mit auf die eigene Windows-Desktop-Oberfl\u00e4che zu holen. Von dort kann dann gemeinsam weitergearbeitet werden, was die Effizienz extrem steigert, weil der externe Supporter die Situation aus Sicht des betroffenen Kunden besser nachvollziehen kann. In den meisten F\u00e4llen ist es hilfreich, wenn entweder auf dem per Teamviewer ferngewarteten PC die <a href=\"http:\/\/cdn.watchguard.com\/SoftwareCenter\/Files\/WSM\/12_3\/wsm_12_3.exe\" target=\"_blank\" rel=\"noopener\">WatchGuard System Manager Software<\/a> in der aktuellen Version installiert ist - oder man sich dann gemeinsam auf einen anderen PC aufschalten kann, auf dem diese WSM-Software installiert ist.<br \/>\nSofern die Teamviewer Software noch nicht vorhanden ist, kann die aktuelle Version von dem nachfolgenden Link heruntergeladen und installiert werden:<\/p>\n<p style=\"text-align: center;\"><!-- TeamViewer Logo (generated at http:\/\/www.teamviewer.com) --><\/p>\n<div style=\"position: relative; width: 234px; height: 60px; text-align: center;\"><a style=\"text-decoration: none;\" href=\"http:\/\/www.teamviewer.com\/link\/?url=842558&amp;id=301703754\"><br \/>\n<img loading=\"lazy\" decoding=\"async\" title=\"Download TeamViewer Vollversion\" src=\"http:\/\/www.teamviewer.com\/link\/?url=945136&amp;id=301703754\" alt=\"Download TeamViewer Vollversion\" width=\"234\" height=\"60\" border=\"0\" \/><br \/>\n<span style=\"position: absolute; top: 22px; left: 55px; display: block; cursor: pointer; color: white; font-family: Arial; font-size: 13px; line-height: 1.2em; font-weight: bold; text-align: center; width: 174px;\"><br \/>\nTeamViewer herunterladen<br \/>\n<\/span><br \/>\n<\/a><\/div>\n<p>asdfasdfaafafafaf<\/p>\n<div>Mit dem TeamViewer QuickSupport ist keine Installation n\u00f6tig und es werden auch keine Administrator-Rechte ben\u00f6tigt:<\/div>\n<div style=\"position: relative; width: 234px; height: 60px;\"><a style=\"text-decoration: none;\" href=\"https:\/\/get.teamviewer.com\/f7cg2u7\"><br \/>\n<img loading=\"lazy\" decoding=\"async\" title=\"Remote Support mit TeamViewer\" src=\"https:\/\/www.teamviewer.com\/link\/?url=945136&amp;id=2060708783\" alt=\"Remote Support mit TeamViewer\" width=\"234\" height=\"60\" border=\"0\" \/><br \/>\n<span style=\"position: absolute; top: 15px; left: 55px; display: block; cursor: pointer; color: white; font-family: Arial; font-size: 13px; line-height: 1.2em; font-weight: bold; text-align: center; width: 174px;\"><br \/>\nFernzugriff<br \/>\nmit TeamViewer<br \/>\n<\/span><br \/>\n<\/a><\/div>\n<\/div>\n<\/div><\/div><\/div><\/div><\/div>","protected":false},"excerpt":{"rendered":"<p>Konfigurations-Check In (fast) jeder Firewall-Konfiguration stecken Fehler und Ungereimtheiten. Wir bieten Ihnen die komplette Pr\u00fcfung, \u00dcberarbeitung und Optimierung Ihrer Konfigurationsdatei an. Sie erhalten au\u00dferdem eine schriftliche Firewall-Dokumentation (vgl. oben). Wir erstellen Ihnen eine \u00fcbersichtliche, mit ein paar Grafiken aufgelockerte, schriftliche Firewall-Dokumentation mit einem Umfang von meist mehr als 20 DIN A4-Seiten. Sie erhalten entweder eine PDF-Datei oder ein editierbares Format. Jeder Auditor oder Wirtschaftspr\u00fcfer freut &hellip; <a href=\"https:\/\/wordpress.boc.de\/watchguard-info-portal\/supportinfos\/boc-dienstleistungen\/\" class=\"more-link\">Weiterlesen <span class=\"screen-reader-text\">BOC Dienstleistungen<\/span> <span class=\"meta-nav\">&raquo;<\/span><\/a><\/p>\n","protected":false},"author":2,"featured_media":0,"parent":28,"menu_order":0,"comment_status":"closed","ping_status":"closed","template":"","meta":{"footnotes":""},"class_list":["post-364","page","type-page","status-publish","hentry"],"_links":{"self":[{"href":"https:\/\/wordpress.boc.de\/watchguard-info-portal\/wp-json\/wp\/v2\/pages\/364"}],"collection":[{"href":"https:\/\/wordpress.boc.de\/watchguard-info-portal\/wp-json\/wp\/v2\/pages"}],"about":[{"href":"https:\/\/wordpress.boc.de\/watchguard-info-portal\/wp-json\/wp\/v2\/types\/page"}],"author":[{"embeddable":true,"href":"https:\/\/wordpress.boc.de\/watchguard-info-portal\/wp-json\/wp\/v2\/users\/2"}],"replies":[{"embeddable":true,"href":"https:\/\/wordpress.boc.de\/watchguard-info-portal\/wp-json\/wp\/v2\/comments?post=364"}],"version-history":[{"count":71,"href":"https:\/\/wordpress.boc.de\/watchguard-info-portal\/wp-json\/wp\/v2\/pages\/364\/revisions"}],"predecessor-version":[{"id":23014,"href":"https:\/\/wordpress.boc.de\/watchguard-info-portal\/wp-json\/wp\/v2\/pages\/364\/revisions\/23014"}],"up":[{"embeddable":true,"href":"https:\/\/wordpress.boc.de\/watchguard-info-portal\/wp-json\/wp\/v2\/pages\/28"}],"wp:attachment":[{"href":"https:\/\/wordpress.boc.de\/watchguard-info-portal\/wp-json\/wp\/v2\/media?parent=364"}],"curies":[{"name":"wp","href":"https:\/\/api.w.org\/{rel}","templated":true}]}}