{"id":325,"date":"2016-06-15T17:38:59","date_gmt":"2016-06-15T15:38:59","guid":{"rendered":"https:\/\/www.boc.de\/watchguard-info-portal\/?page_id=325"},"modified":"2024-07-17T14:21:36","modified_gmt":"2024-07-17T12:21:36","slug":"watchguard-hardware-vergleichstabelle","status":"publish","type":"page","link":"https:\/\/wordpress.boc.de\/watchguard-info-portal\/produktinfos\/watchguard-hardware-vergleichstabelle\/","title":{"rendered":"WatchGuard Hardware Vergleichstabelle"},"content":{"rendered":"<h2><strong class=\"breadcrumb_last\" aria-current=\"page\">WatchGuard Hardware Vergleichstabelle<\/strong><\/h2>\n<p>In folgender Vergleichstabelle finden sich alle aktuellen WatchGuard Firebox Modelle mit den wichtigsten Technischen Daten in einer gemeinsamen \u00dcbersicht. Um eine Absch\u00e4tzung zu erhalten, welches Hardware-Modell aus Sicht der typischen Anzahl von aktiven Benutzern und unter Ber\u00fccksichtigung der Nutzung aller WatchGuard Security Services f\u00fcr einen Standort geeignet w\u00e4re, empfehlen wir Ihnen unser <a href=\"https:\/\/www.boc.de\/watchguard-firewall\/beratung\/tool\" target=\"_blank\" rel=\"noopener noreferrer\">Firewall Beratungstool<\/a>.<\/p>\n<a href=\"https:\/\/www.boc.de\/pub\/media\/documents\/general\/35_WatchGuard-Firebox-Produktmatrix.pdf\" class=\"pdfemb-viewer\" style=\"\" data-width=\"max\" data-height=\"max\" data-toolbar=\"bottom\" data-toolbar-fixed=\"off\">35_WatchGuard-Firebox-Produktmatrix<\/a>\n<p><a href=\"https:\/\/www.boc.de\/pub\/media\/documents\/general\/35_WatchGuard-Firebox-Produktmatrix.pdf\" target=\"_blank\" rel=\"noopener noreferrer\">WatchGuard Produktmatrix als PDF herunterladen<\/a><\/p>\n","protected":false},"excerpt":{"rendered":"<p>WatchGuard Hardware Vergleichstabelle In folgender Vergleichstabelle finden sich alle aktuellen WatchGuard Firebox Modelle mit den wichtigsten Technischen Daten in einer gemeinsamen \u00dcbersicht. Um eine Absch\u00e4tzung zu erhalten, welches Hardware-Modell aus Sicht der typischen Anzahl von aktiven Benutzern und unter Ber\u00fccksichtigung der Nutzung aller WatchGuard Security Services f\u00fcr einen Standort geeignet w\u00e4re, empfehlen wir Ihnen unser Firewall Beratungstool. WatchGuard Produktmatrix als PDF herunterladen<\/p>\n","protected":false},"author":3,"featured_media":0,"parent":24,"menu_order":0,"comment_status":"closed","ping_status":"closed","template":"","meta":{"footnotes":""},"class_list":["post-325","page","type-page","status-publish","hentry"],"_links":{"self":[{"href":"https:\/\/wordpress.boc.de\/watchguard-info-portal\/wp-json\/wp\/v2\/pages\/325"}],"collection":[{"href":"https:\/\/wordpress.boc.de\/watchguard-info-portal\/wp-json\/wp\/v2\/pages"}],"about":[{"href":"https:\/\/wordpress.boc.de\/watchguard-info-portal\/wp-json\/wp\/v2\/types\/page"}],"author":[{"embeddable":true,"href":"https:\/\/wordpress.boc.de\/watchguard-info-portal\/wp-json\/wp\/v2\/users\/3"}],"replies":[{"embeddable":true,"href":"https:\/\/wordpress.boc.de\/watchguard-info-portal\/wp-json\/wp\/v2\/comments?post=325"}],"version-history":[{"count":32,"href":"https:\/\/wordpress.boc.de\/watchguard-info-portal\/wp-json\/wp\/v2\/pages\/325\/revisions"}],"predecessor-version":[{"id":20958,"href":"https:\/\/wordpress.boc.de\/watchguard-info-portal\/wp-json\/wp\/v2\/pages\/325\/revisions\/20958"}],"up":[{"embeddable":true,"href":"https:\/\/wordpress.boc.de\/watchguard-info-portal\/wp-json\/wp\/v2\/pages\/24"}],"wp:attachment":[{"href":"https:\/\/wordpress.boc.de\/watchguard-info-portal\/wp-json\/wp\/v2\/media?parent=325"}],"curies":[{"name":"wp","href":"https:\/\/api.w.org\/{rel}","templated":true}]}}