{"id":3209,"date":"2017-08-29T15:48:37","date_gmt":"2017-08-29T13:48:37","guid":{"rendered":"https:\/\/www.boc.de\/watchguard-info-portal\/supportinfos\/watchguard-schulung-copy\/"},"modified":"2018-07-18T12:32:15","modified_gmt":"2018-07-18T10:32:15","slug":"watchguard-schulung-advanced-centralized-management","status":"publish","type":"page","link":"https:\/\/wordpress.boc.de\/watchguard-info-portal\/supportinfos\/watchguard-schulung\/watchguard-schulung-advanced-centralized-management\/","title":{"rendered":"Praxis-Workshop: Zentralisierte Verwaltung mit dem WatchGuard Management Server"},"content":{"rendered":"\n\n<div class=\"su-posts su-posts-single-post \">\n\n\t\t\t\t\t\t\n\t\t\t\n\t\t\t<div id=\"su-post-3448\" class=\"su-post \">\n\t\t\t\t\n\t\t\t\t<div class=\"su-post-content\">\n\t\t\t\t\t<h5>Praxis-Workshop: Zentralisierte Verwaltung mit dem WatchGuard Management Server<\/h5>\n<table>\n<tbody>\n<tr>\n<td><\/td>\n<td><img loading=\"lazy\" decoding=\"async\" class=\"alignnone size-full wp-image-1473\" src=\"https:\/\/www.boc.de\/watchguard-info-portal\/wp-content\/uploads\/2016\/06\/emblem-rechts.gif\" alt=\"emblem-rechts\" width=\"48\" height=\"48\" \/><a href=\"https:\/\/www.boc.de\/watchguard-info-portal\/supportinfos\/watchguard-schulungen\/anmeldeformular\/\">Zum Anmeldeformular<\/a><img loading=\"lazy\" decoding=\"async\" class=\"alignright wp-image-889 size-full\" src=\"https:\/\/www.boc.de\/watchguard-info-portal\/wp-content\/uploads\/2016\/04\/watchguard-certified-training-partner.png\" sizes=\"(max-width: 424px) 100vw, 424px\" srcset=\"https:\/\/www.boc.de\/watchguard-info-portal\/wp-content\/uploads\/2016\/04\/watchguard-certified-training-partner.png 424w, https:\/\/www.boc.de\/watchguard-info-portal\/wp-content\/uploads\/2016\/04\/watchguard-certified-training-partner-150x117.png 300w\" alt=\"WatchGuard Schulung\" width=\"424\" height=\"105\" \/><\/td>\n<\/tr>\n<tr>\n<td valign=\"top\"><strong>ZIELE:<\/strong><\/td>\n<td>Dieser Kurs vermittelt die notwendigen Kenntnisse, den WatchGuard Management Server in Ihrem Unternehmen zu implementieren, die einzelnen Firewalls dort zu integrieren und mit dem Management Server zu verwalten. Der Kurs soll einen m\u00f6glichst vollst\u00e4ndigen \u00dcberblick \u00fcber die M\u00f6glichkeiten des WatchGuard Management Servers bieten. Es wird gezeigt, wie mit dem WatchGuard Management Server sehr einfach Site-to-Site VPN Verbindungen (Branch Office VPN) zwischen mehreren WatchGuard Firewalls konfiguriert werden k\u00f6nnen (Managed Tunnels). Die zwei Management-Modi &#8220;Basic Managed Mode&#8221; und &#8220;Fully Managed Mode&#8221; werden ausf\u00fchrlich dargestellt und das F\u00fcr und Wider gegeneinander abgewogen. Im Abschnitt &#8220;Rollenbasiertes Management&#8221; wird gezeigt, wie die Firewall-Administration auf mehrere Personen verteilt werden kann, die auch mit unterschiedlichen Rechten ausgestattet sein k\u00f6nnen. Ein \u00dcberblick \u00fcber &#8220;Dimension Command&#8221;, welches in Verbindung mit dem WatchGuard Dimension Server alternativ zum Management Server verwendet werden kann, rundet den Workshop ab.<\/p>\n<p>Alle Themen werden im Hands-On-Training vertieft. Hierf\u00fcr steht eine Umgebung mit mehreren WatchGuard Firewalls plus WatchGuard Management Server zur Verf\u00fcgung.<\/td>\n<\/tr>\n<tr>\n<td valign=\"top\" width=\"15%\"><strong>ZIELGRUPPE:<\/strong><\/td>\n<td>Diese Schulung wendet sich an Netzwerk Administratoren und Techniker, die eine verteilte Infrastruktur bestehend aus mehreren WatchGuard Firebox \/ XTM Firewall VPN Appliances administrieren.<\/td>\n<\/tr>\n<tr>\n<td valign=\"top\"><strong>VORAUSSETZUNGEN:<\/strong><\/td>\n<td>Kenntnisse \u00fcber Netzwerkadministration, IP-Adressierung, Handhabung von IP-Subnetzen, Routing und Internet-Zugangstechnologien (klassische Standleitung, DSL, ISDN, LTE\/UMTS (4G\/3G)) sowie solide Kenntnisse des WatchGuard System Managers und des WatchGuard Policy Managers werden vorausgesetzt. <strong>Das Seminar wird in deutscher Sprache gehalten.<\/strong> F\u00fcr eine erfolgreiche Teilnahme m\u00fcssen Grundkenntnisse in englischer Sprache vorhanden sein, um den in Englisch gehaltenen Seminarunterlagen und der Bedieneroberfl\u00e4che folgen zu k\u00f6nnen.<\/td>\n<\/tr>\n<tr>\n<td valign=\"top\"><strong>INHALT:<\/strong><\/td>\n<td>\n<ul>\n<li><strong>Vorstellung des WatchGuard Management Servers<\/strong>\n<ul>\n<li>Installation und\u00a0Lizensierung<\/li>\n<li>Erforderliche Firewall-Regeln auf der Front-Firewall<\/li>\n<li>Integration\/Anbindung der WatchGuard Fireboxen<\/li>\n<li>Rollenbasierte Administration mit mehreren Administratoren und Berechtigungsstufen<\/li>\n<li>Anbindung an Active Directory (LDAPS)<\/li>\n<\/ul>\n<\/li>\n<li><strong>Managed BOVPN Tunnel (Site-to-Site VPN)<\/strong>\n<ul>\n<li>Definition von Security Templates (IPSec Parameter)<\/li>\n<li>Definition von VPN Firewall Policy Templates<\/li>\n<li>Definition von VPN Resourcen<\/li>\n<li>Anlegen und L\u00f6schen von BOVPN Tunneln<\/li>\n<\/ul>\n<\/li>\n<li><strong>Basic Managed Mode und Fully Managed Mode<\/strong>\n<ul>\n<li>Unterschiede zwischen Basic und Fully Managed Mode<\/li>\n<li>Erstellung von zentral verwalteten Firewall Templates f\u00fcr Aliase, Firewall Policies, Proxies etc.<\/li>\n<li>Versionierung der Firewall-Konfigurationen und Templates<\/li>\n<li>Ausrollen der Firewall-Templates auf mehrere Devices<\/li>\n<li>Vorgaben f\u00fcr Vererbung der Template-Objekte auf den Firewalls<\/li>\n<\/ul>\n<\/li>\n<li><strong>Tipps und Tricks aus der Praxis<\/strong>\n<ul>\n<li>Namenskonventionen<\/li>\n<li>Vererbung<\/li>\n<li>Aufsplittung der Templates<\/li>\n<li>Reihenfolge der Templates<\/li>\n<li>Unterschiede WatchGuard Management Server vs. Dimension Command<\/li>\n<\/ul>\n<\/li>\n<\/ul>\n<\/td>\n<\/tr>\n<tr>\n<td valign=\"top\"><strong>ECKDATEN:<\/strong><\/td>\n<td>\n<ul>\n<li>Dauer: 1 Tag (9:00-16:00 Uhr)<\/li>\n<li>Teilnahmegeb\u00fchr <strong>800,00 Euro zzgl. MwSt.<\/strong> pro Person <strong>incl. Schulungsunterlagen (PDF) und Tagesverpflegung.<\/strong><\/li>\n<li>Ab zwei Personen aus dem gleichen Unternehmen reduziert sich die Teilnahmegeb\u00fchr auf <strong>700,00 Euro zzgl. MwSt.<\/strong> pro Person.<\/li>\n<li>Die Rechnungsstellung erfolgt vorab. Nach Eingang Ihrer Zahlung erhalten Sie eine schriftliche Best\u00e4tigung. Bitte zur Schulung mitbringen!<\/li>\n<li>Bei Verhinderung des angemeldeten Teilnehmers kann eine Ersatzperson benannt werden.<\/li>\n<li>Eine Umbuchung auf einen sp\u00e4teren Termin ist gegen eine Geb\u00fchr von 50,00 Euro m\u00f6glich.<\/li>\n<li>Eine R\u00fcckerstattung ist jedoch ausgeschlossen.<\/li>\n<\/ul>\n<\/td>\n<\/tr>\n<\/tbody>\n<\/table>\n\t\t\t\t<\/div>\n\t\t\t<\/div>\n\n\t\t\t\t\n<\/div>\n\n<img loading=\"lazy\" decoding=\"async\" class=\"alignnone size-full wp-image-1473\" src=\"https:\/\/www.boc.de\/watchguard-info-portal\/wp-content\/uploads\/2016\/06\/emblem-rechts.gif\" alt=\"emblem-rechts\" width=\"48\" height=\"48\" \/><a href=\"https:\/\/www.boc.de\/watchguard-info-portal\/supportinfos\/watchguard-schulungen\/anmeldeformular\/\">Zum Anmeldeformular<\/a><br \/>\n\n\n<div class=\"su-posts su-posts-single-post \">\n\n\t\t\t\t\t\t\n\t\t\t\n\t\t\t<div id=\"su-post-3220\" class=\"su-post \">\n\t\t\t\t\n\t\t\t\t<div class=\"su-post-content\">\n\t\t\t\t\t<h3>Verf\u00fcgbare Termine 2026:<\/h3>\n<h4>Network Security Essentials-Schulungen<\/h4>\n<p>Derzeit bieten wir unsere Network-Schulungen als Pr\u00e4senz- oder Online-Schulung an. Die Pr\u00e4senz-Schulung findet in Oberhausen statt.<\/p>\n<table>\n<tbody>\n<tr>\n<td colspan=\"4\"><strong>2026<\/strong><\/td>\n<\/tr>\n<tr style=\"text-decoration: line-through;\">\n<td id=\"prodinfo\" width=\"35%\"><a href=\"\/watchguard-info-portal\/supportinfos\/watchguard-schulung\/administrator-schulung\/\">Network Security Essentials-Schulung<\/a><\/td>\n<td id=\"prodinfo\" width=\"15%\">ausgebucht<\/td>\n<td id=\"prodinfo\" width=\"30%\">19.05.2026 &#8211; 22.05.2026 (4 Tage, Di.-Fr.)<\/td>\n<td id=\"prodinfo\" align=\"right\" width=\"20%\">2.300,00 \u20ac<\/td>\n<\/tr>\n<tr>\n<td id=\"prodinfo\" width=\"35%\"><a href=\"\/watchguard-info-portal\/supportinfos\/watchguard-schulung\/administrator-schulung\/\">Network Security Essentials-Schulung<\/a><\/td>\n<td id=\"prodinfo\" width=\"15%\">Pr\u00e4senz<\/td>\n<td id=\"prodinfo\" width=\"30%\">09.06.2026 &#8211; 12.06.2026 (4 Tage, Di.-Fr.)<\/td>\n<td id=\"prodinfo\" align=\"right\" width=\"20%\">2.700,00 \u20ac<\/td>\n<\/tr>\n<tr>\n<td id=\"prodinfo\" width=\"35%\"><a href=\"\/watchguard-info-portal\/supportinfos\/watchguard-schulung\/administrator-schulung\/\">Network Security Essentials-Schulung<\/a><\/td>\n<td id=\"prodinfo\" width=\"15%\">Online<\/td>\n<td id=\"prodinfo\" width=\"30%\">07.07.2026 &#8211; 10.07.2026 (4 Tage, Di.-Fr.)<\/td>\n<td id=\"prodinfo\" align=\"right\" width=\"20%\">2.300,00 \u20ac<\/td>\n<\/tr>\n<\/tbody>\n<\/table>\n<h4>Endpoint Security Essentials-Schulungen<\/h4>\n<p>Derzeit bieten wir unsere Endpoint-Schulungen ausschlie\u00dflich als Online-Schulung an.<\/p>\n<table>\n<tbody>\n<tr>\n<td colspan=\"4\"><strong>2026<\/strong><\/td>\n<\/tr>\n<tr>\n<td id=\"prodinfo\" width=\"40%\"><a href=\"https:\/\/www.boc.de\/watchguard-info-portal\/supportinfos\/watchguard-schulung\/endpoint-security-essentials-schulung\/\" rel=\"noopener\">Endpoint Security Essentials-Schulung<\/a><\/td>\n<td id=\"prodinfo\" width=\"15%\">Online<\/td>\n<td id=\"prodinfo\" width=\"30%\">25.06.2026 (1 Tag, 09:00-17:00 Uhr)<\/td>\n<td id=\"prodinfo\" align=\"right\" width=\"15%\">750,00 \u20ac<\/td>\n<\/tr>\n<\/tbody>\n<\/table>\n\t\t\t\t<\/div>\n\t\t\t<\/div>\n\n\t\t\t\t\n<\/div>\n\n<img loading=\"lazy\" decoding=\"async\" class=\"alignnone size-full wp-image-1473\" src=\"https:\/\/www.boc.de\/watchguard-info-portal\/wp-content\/uploads\/2016\/06\/emblem-rechts.gif\" alt=\"emblem-rechts\" width=\"48\" height=\"48\" \/><a href=\"https:\/\/www.boc.de\/watchguard-info-portal\/supportinfos\/watchguard-schulungen\/anmeldeformular\/\">Zum Anmeldeformular<\/a><br \/>\n\n\n<div class=\"su-posts su-posts-single-post \">\n\n\t\t\t\t\t\t\n\t\t\t\n\t\t\t<div id=\"su-post-3222\" class=\"su-post \">\n\t\t\t\t\n\t\t\t\t<div class=\"su-post-content\">\n\t\t\t\t\t<div id=\"pl-3222\"  class=\"panel-layout\" ><div id=\"pg-3222-0\"  class=\"panel-grid panel-no-style\" ><div id=\"pgc-3222-0-0\"  class=\"panel-grid-cell\" ><div id=\"panel-3222-0-0-0\" class=\"so-panel widget widget_sow-editor panel-first-child panel-last-child\" data-index=\"0\" ><div\n\t\t\t\n\t\t\tclass=\"so-widget-sow-editor so-widget-sow-editor-base\"\n\t\t\t\n\t\t>\n<div class=\"siteorigin-widget-tinymce textwidget\">\n\t<p><img loading=\"lazy\" decoding=\"async\" class=\"alignright wp-image-889 size-full\" src=\"https:\/\/www.boc.de\/watchguard-info-portal\/wp-content\/uploads\/2016\/04\/watchguard-certified-training-partner.png\" sizes=\"(max-width: 424px) 100vw, 424px\" srcset=\"https:\/\/www.boc.de\/watchguard-info-portal\/wp-content\/uploads\/2016\/04\/watchguard-certified-training-partner.png 424w, https:\/\/www.boc.de\/watchguard-info-portal\/wp-content\/uploads\/2016\/04\/watchguard-certified-training-partner-150x117.png 300w\" alt=\"watchguard-certified-training-partner\" width=\"424\" height=\"105\" \/><\/p>\n<h2 id=\"onsite\">WatchGuard Individual-Schulung vor Ort<\/h2>\n<p>Alle WatchGuard Schulungen und Trainings, die wir zentral in Oberhausen anbieten, k\u00f6nnen wir f\u00fcr Sie auf Wunsch auch individuell und an einem anderen Ort durchf\u00fchren - zum Beispiel <strong>in Ihren eigenen R\u00e4umen<\/strong> oder einem Hotel oder Veranstaltungsraum in Ihrer N\u00e4he. Bei Bedarf stellen wir auch eine gewisse Anzahl von WatchGuard Produkten f\u00fcr Hands-On-Training und die erforderliche Pr\u00e4sentationstechnik bereit.<\/p>\n<p>Nat\u00fcrlich kann im Rahmen der Schulung dann besonders individuell auf Ihre bestehende oder geplante Netzwerk-Infrastruktur eingegangen werden. Neben der Network Security Essentials-Schulung bieten wir auch Themen wie Secure Wi-Fi, Multifaktor-Authentifizierung mit AuthPoint und alle weiteren WatchGuard Themen an.<\/p>\n<p>Wenn Sie selbst <strong>IT-Fachh\u00e4ndler<\/strong> sind und WatchGuard-Kunden betreuen, f\u00fchren wir die Schulung gerne auch <strong>neutral in Ihrem Namen<\/strong> durch und sichern Ihnen selbstverst\u00e4ndlich absoluten Kundenschutz zu!<\/p>\n<p><img loading=\"lazy\" decoding=\"async\" class=\"alignnone size-full wp-image-1473\" src=\"https:\/\/www.boc.de\/watchguard-info-portal\/wp-content\/uploads\/2016\/06\/emblem-rechts.gif\" alt=\"emblem-rechts\" width=\"48\" height=\"48\" \/><a href=\"https:\/\/www.boc.de\/watchguard-info-portal\/supportinfos\/watchguard-schulung\/individualschulung\/\">Bitte nutzen Sie unser Anfrageformular<\/a><\/p>\n<\/div>\n<\/div><\/div><\/div><\/div><\/div>\t\t\t\t<\/div>\n\t\t\t<\/div>\n\n\t\t\t\t\n<\/div>\n\n","protected":false},"excerpt":{"rendered":"<p>WatchGuard Individual-Schulung vor Ort Alle WatchGuard Schulungen und Trainings, die wir zentral in Oberhausen anbieten, k\u00f6nnen wir f\u00fcr Sie auf Wunsch auch individuell und an einem anderen Ort durchf\u00fchren &#8211; zum Beispiel in Ihren eigenen R\u00e4umen oder einem Hotel oder Veranstaltungsraum in Ihrer N\u00e4he. Bei Bedarf stellen wir auch eine gewisse Anzahl von WatchGuard Produkten f\u00fcr Hands-On-Training und die erforderliche Pr\u00e4sentationstechnik bereit. Nat\u00fcrlich kann im &hellip; <a href=\"https:\/\/wordpress.boc.de\/watchguard-info-portal\/supportinfos\/watchguard-schulung-tpl-individual-schulung-vor-ort\/\" class=\"more-link\">Weiterlesen <span class=\"screen-reader-text\">WatchGuard Schulung &#8211; Textblock Individual-Schulung &#8211; 3222<\/span> <span class=\"meta-nav\">&raquo;<\/span><\/a><\/p>\n","protected":false},"author":2,"featured_media":0,"parent":2,"menu_order":0,"comment_status":"closed","ping_status":"closed","template":"","meta":{"footnotes":""},"class_list":["post-3209","page","type-page","status-publish","hentry"],"_links":{"self":[{"href":"https:\/\/wordpress.boc.de\/watchguard-info-portal\/wp-json\/wp\/v2\/pages\/3209"}],"collection":[{"href":"https:\/\/wordpress.boc.de\/watchguard-info-portal\/wp-json\/wp\/v2\/pages"}],"about":[{"href":"https:\/\/wordpress.boc.de\/watchguard-info-portal\/wp-json\/wp\/v2\/types\/page"}],"author":[{"embeddable":true,"href":"https:\/\/wordpress.boc.de\/watchguard-info-portal\/wp-json\/wp\/v2\/users\/2"}],"replies":[{"embeddable":true,"href":"https:\/\/wordpress.boc.de\/watchguard-info-portal\/wp-json\/wp\/v2\/comments?post=3209"}],"version-history":[{"count":8,"href":"https:\/\/wordpress.boc.de\/watchguard-info-portal\/wp-json\/wp\/v2\/pages\/3209\/revisions"}],"predecessor-version":[{"id":3552,"href":"https:\/\/wordpress.boc.de\/watchguard-info-portal\/wp-json\/wp\/v2\/pages\/3209\/revisions\/3552"}],"up":[{"embeddable":true,"href":"https:\/\/wordpress.boc.de\/watchguard-info-portal\/wp-json\/wp\/v2\/pages\/2"}],"wp:attachment":[{"href":"https:\/\/wordpress.boc.de\/watchguard-info-portal\/wp-json\/wp\/v2\/media?parent=3209"}],"curies":[{"name":"wp","href":"https:\/\/api.w.org\/{rel}","templated":true}]}}