{"id":310,"date":"2016-06-15T17:16:34","date_gmt":"2016-06-15T15:16:34","guid":{"rendered":"https:\/\/www.boc.de\/watchguard-info-portal\/?page_id=310"},"modified":"2018-07-04T10:45:00","modified_gmt":"2018-07-04T08:45:00","slug":"watchguard-service-reinstatement-fee","status":"publish","type":"page","link":"https:\/\/wordpress.boc.de\/watchguard-info-portal\/produktinfos\/watchguard-service-reinstatement-fee\/","title":{"rendered":"Service Reinstatement Fee"},"content":{"rendered":"<p><img loading=\"lazy\" decoding=\"async\" class=\"size-full wp-image-292 alignleft\" src=\"https:\/\/www.boc.de\/watchguard-info-portal\/wp-content\/uploads\/2016\/06\/lss.png\" alt=\"WatchGuard Reinstatement Fee\" width=\"250\" height=\"200\" \/><\/p>\n<h3><strong>Service Reinstatement Fee<\/strong><\/h3>\n<pre><img loading=\"lazy\" decoding=\"async\" class=\"size-full wp-image-1468 alignleft\" src=\"https:\/\/www.boc.de\/watchguard-info-portal\/wp-content\/uploads\/2016\/06\/emblem-imp.gif\" alt=\"emblem-imp\" width=\"48\" height=\"48\" \/><strong><span style=\"color: red;\">ACHTUNG NEU:<\/span><\/strong> Der nachfolgende Text beschreibt das <strong>Prozedere vor dem 30.06.2017<\/strong>. Mittlerweile wurde das Verfahren ge\u00e4ndert. Die Artikelnummern f\u00fcr die \"Reinstatement Fees\" wurden aus der Preisliste genommen und sind nicht mehr bestellbar. Wenn Sie <strong>heute<\/strong> ein Ger\u00e4t wieder in den Support bringen m\u00f6chten, welches l\u00e4nger als 30 Tage abgelaufen ist, haben Sie zwei M\u00f6glichkeiten: entweder wie unten beschrieben eine der h\u00f6herwertigen Lizenzen kaufen - oder \u00fcber ein individuell gerechnetes Angebot den \"Standard Support\" bis zu sechs Monate r\u00fcckwirkend aktivieren. Kontaktieren Sie uns in einem solchen Fall bitte \u00fcber das Kontaktformular und geben Sie dort Ihre Seriennummer an.<\/pre>\n<p>Auch wenn auf einer WatchGuard Appliance die LiveSecurity bzw. der Standard Support l\u00e4nger als 30 Tage abgelaufen sind, kann das Ger\u00e4t <span style=\"text-decoration: line-through;\">durch den Kauf des\u00a0&#8220;Re-Instatement Fee&#8221;<\/span> wieder in den Hersteller-Support eingebunden werden. <span style=\"text-decoration: line-through;\">Diese <strong>Wiederaufnahmegeb\u00fchr<\/strong>\u00a0wird aber nur dann f\u00e4llig<\/span>, wenn lediglich die Live Security bzw. der Standard Support um 1 Jahr (!) verl\u00e4ngert werden soll. In vielen F\u00e4llen ist es kaufm\u00e4nnisch sinnvoller, <span style=\"text-decoration: line-through;\">den Re-Instatement Fee<\/span> durch den Kauf einer anderen Lizenz zu vermeiden. Dies kann entweder eine l\u00e4ngere Laufzeit der LiveSecurity sein (2 bzw. 3 Jahre) &#8211; oder eine der f\u00fcr das jeweilige Modell angebotenen Suiten.<\/p>\n<h3><span style=\"text-decoration: line-through;\">Entfall des Service Re-Instatement Fee<\/span><\/h3>\n<p>Der abgelaufene Support wird automatisch wieder hergestellt, wenn Sie sich f\u00fcr eine der folgenden Lizenzen entscheiden:<\/p>\n<ul>\n<li>2 Jahre LiveSecurity (nur XTM 810\/820\/830\/830-F)<\/li>\n<li>3 Jahre LiveSecurity bzw. Standard Support<\/li>\n<li>1 Jahr NGFW Suite<\/li>\n<li>2 Jahre NGFW Suite (nur XTM 810\/820\/830\/830-F)<\/li>\n<li>3 Jahre NGFW Suite<\/li>\n<li>1 Jahr Basic Security\u00a0Suite<\/li>\n<li>2 Jahre Security\u00a0Suite (nur XTM 810\/820\/830\/830-F)<\/li>\n<li>3 Jahre Basic Security\u00a0Suite<\/li>\n<li>1 Jahr Total Security\u00a0Suite<\/li>\n<li>3 Jahre Total Security\u00a0Suite<\/li>\n<\/ul>\n<p><span style=\"text-decoration: line-through;\"><span style=\"color: red;\">WatchGuard Service Reinstatement Fee:\u00a0\u00a0[einzeln lizensierbar]<\/span><\/span><\/p>\n","protected":false},"excerpt":{"rendered":"<p>Service Reinstatement Fee ACHTUNG NEU: Der nachfolgende Text beschreibt das Prozedere vor dem 30.06.2017. Mittlerweile wurde das Verfahren ge\u00e4ndert. Die Artikelnummern f\u00fcr die &#8220;Reinstatement Fees&#8221; wurden aus der Preisliste genommen und sind nicht mehr bestellbar. Wenn Sie heute ein Ger\u00e4t wieder in den Support bringen m\u00f6chten, welches l\u00e4nger als 30 Tage abgelaufen ist, haben Sie zwei M\u00f6glichkeiten: entweder wie unten beschrieben eine der h\u00f6herwertigen Lizenzen &hellip; <a href=\"https:\/\/wordpress.boc.de\/watchguard-info-portal\/produktinfos\/watchguard-service-reinstatement-fee\/\" class=\"more-link\">Weiterlesen <span class=\"screen-reader-text\">Service Reinstatement Fee<\/span> <span class=\"meta-nav\">&raquo;<\/span><\/a><\/p>\n","protected":false},"author":2,"featured_media":0,"parent":24,"menu_order":0,"comment_status":"closed","ping_status":"closed","template":"","meta":{"footnotes":""},"class_list":["post-310","page","type-page","status-publish","hentry"],"_links":{"self":[{"href":"https:\/\/wordpress.boc.de\/watchguard-info-portal\/wp-json\/wp\/v2\/pages\/310"}],"collection":[{"href":"https:\/\/wordpress.boc.de\/watchguard-info-portal\/wp-json\/wp\/v2\/pages"}],"about":[{"href":"https:\/\/wordpress.boc.de\/watchguard-info-portal\/wp-json\/wp\/v2\/types\/page"}],"author":[{"embeddable":true,"href":"https:\/\/wordpress.boc.de\/watchguard-info-portal\/wp-json\/wp\/v2\/users\/2"}],"replies":[{"embeddable":true,"href":"https:\/\/wordpress.boc.de\/watchguard-info-portal\/wp-json\/wp\/v2\/comments?post=310"}],"version-history":[{"count":18,"href":"https:\/\/wordpress.boc.de\/watchguard-info-portal\/wp-json\/wp\/v2\/pages\/310\/revisions"}],"predecessor-version":[{"id":4243,"href":"https:\/\/wordpress.boc.de\/watchguard-info-portal\/wp-json\/wp\/v2\/pages\/310\/revisions\/4243"}],"up":[{"embeddable":true,"href":"https:\/\/wordpress.boc.de\/watchguard-info-portal\/wp-json\/wp\/v2\/pages\/24"}],"wp:attachment":[{"href":"https:\/\/wordpress.boc.de\/watchguard-info-portal\/wp-json\/wp\/v2\/media?parent=310"}],"curies":[{"name":"wp","href":"https:\/\/api.w.org\/{rel}","templated":true}]}}