{"id":298,"date":"2016-06-15T11:10:26","date_gmt":"2016-06-15T09:10:26","guid":{"rendered":"https:\/\/www.boc.de\/watchguard-info-portal\/?page_id=298"},"modified":"2018-07-04T11:10:45","modified_gmt":"2018-07-04T09:10:45","slug":"watchguard-model-upgrades","status":"publish","type":"page","link":"https:\/\/wordpress.boc.de\/watchguard-info-portal\/produktinfos\/watchguard-model-upgrades\/","title":{"rendered":"WatchGuard Model Upgrades"},"content":{"rendered":"<p><img loading=\"lazy\" decoding=\"async\" class=\"size-full wp-image-299 alignleft\" src=\"https:\/\/www.boc.de\/watchguard-info-portal\/wp-content\/uploads\/2016\/06\/lss-gold.png\" alt=\"WatchGuard Model Upgrades\" width=\"250\" height=\"200\" \/><\/p>\n<h3><strong>WatchGuard Model Upgrades<\/strong><\/h3>\n<p>Bei\u00a0den \u00e4lteren WatchGuard XTM Modellen gibt es noch die M\u00f6glichkeit, durch Zukauf einer <strong>Model Upgrade<\/strong> Lizenz z.B. aus einer XTM 515 eine XTM 525 zu machen &#8211; oder aus einer XTM 810 eine XTM 820.<\/p>\n<p>Dies ist\/war in seltenen F\u00e4llen n\u00f6tig, wenn z.B. die Anzahl der lizensierten Branch Office VPN Tunnel durch Firmenwachstum nicht mehr ausreicht oder eine gr\u00f6\u00dfere Anzahl von mobilen Usern angebunden werden muss als urspr\u00fcnglich gedacht. Durch ein Model Upgrade werden auch bestehende Security Service Lizenzen mit auf das neue Modell hochgezogen. M\u00f6glich ist dies, da\u00a0bei WatchGuard\u00a0XTM die verschiedenen Modelle einer Baureihe hardwareseitig identisch sind\/waren und sich nur im Inhalt der Lizenzdatei unterscheiden. Die in den Datenbl\u00e4ttern aufgef\u00fchrten technischen Eckdaten werden durch einen so genannten &#8220;Feature Key&#8221; (Lizenzdatei) bestimmt. Dies ist eine (Klartext-)ASCII-Datei, die neben den technischen Daten auch die Seriennummer der Hardware-Appliance und einen Sicherheitscode enth\u00e4lt. Dadurch ist ein Feature Key nur auf genau einer Hardware-Appliance lauff\u00e4hig.<\/p>\n<p>Durch den Kauf eines <strong>Model Upgrades<\/strong> werden die <strong>Technischen Daten im Feature Key ver\u00e4ndert<\/strong>, wodurch sich das Echtzeit-Verhalten der Firewall \u00e4ndert. Ein Ger\u00e4t, das zun\u00e4chst als XTM 515 gekauft worden ist, kann so einfach in eine XTM 525 &#8220;verwandelt&#8221; werden. Ein Model Upgrade kostet zwar mehr als der reine Kaufpreis-Unterschied zwischen z.B. einer XTM 515 und einer XTM 525. Das liegt aber auch daran, dass auch die Ablauftermine der LiveSecurity und eventuell vorhandene Security Services ohne weitere Kosten auf das neue Modell \u00fcbertragen werden &#8211; und die Erweiterung erst bei tats\u00e4chlichem Bedarf, also &#8220;on demand&#8221; durchgef\u00fchrt werden kann.<\/p>\n<h3>Model Upgrade Pfade<\/h3>\n<table>\n<tbody>\n<tr>\n<td>XTM 515 &gt; XTM 525<\/td>\n<\/tr>\n<tr>\n<td>XTM 535 &gt; XTM 545<\/td>\n<\/tr>\n<tr>\n<td>XTM 810 &gt; XTM 820 &gt; XTM 830<\/td>\n<\/tr>\n<tr>\n<td>XTM 850 &gt; XTM 860 &gt; XTM 870<\/td>\n<\/tr>\n<\/tbody>\n<\/table>\n<pre><img loading=\"lazy\" decoding=\"async\" class=\"size-full wp-image-1468 alignleft\" src=\"https:\/\/www.boc.de\/watchguard-info-portal\/wp-content\/uploads\/2016\/06\/emblem-imp.gif\" alt=\"emblem-imp\" width=\"48\" height=\"48\" \/>Bei den aktuellen WatchGuard Firebox Modellen ist ein Model Upgrade nicht mehr vorgesehen. Es ist auch technisch nicht m\u00f6glich, da sich alle Modelle hardwareseitig voneinander unterscheiden. Anstelle des oben beschriebenen Model Upgrades empfehlen wir Ihnen bei Bedarf den <strong>Umstieg auf eine aktuelle WatchGuard Appliance<\/strong> - z.B. im Rahmen der <a href=\"https:\/\/www.boc.de\/watchguard-info-portal\/vertriebsinfos\/watchguard-trade-up-promotion\/\">\"WatchGuard Trade-Up Promotion\"<\/a>.<\/pre>\n<p><span style=\"color: red;\">WatchGuard Model Upgrade:\u00a0\u00a0[einzeln lizensierbar]<\/span><\/p>\n","protected":false},"excerpt":{"rendered":"<p>WatchGuard Model Upgrades Bei\u00a0den \u00e4lteren WatchGuard XTM Modellen gibt es noch die M\u00f6glichkeit, durch Zukauf einer Model Upgrade Lizenz z.B. aus einer XTM 515 eine XTM 525 zu machen &#8211; oder aus einer XTM 810 eine XTM 820. Dies ist\/war in seltenen F\u00e4llen n\u00f6tig, wenn z.B. die Anzahl der lizensierten Branch Office VPN Tunnel durch Firmenwachstum nicht mehr ausreicht oder eine gr\u00f6\u00dfere Anzahl von mobilen &hellip; <a href=\"https:\/\/wordpress.boc.de\/watchguard-info-portal\/produktinfos\/watchguard-model-upgrades\/\" class=\"more-link\">Weiterlesen <span class=\"screen-reader-text\">WatchGuard Model Upgrades<\/span> <span class=\"meta-nav\">&raquo;<\/span><\/a><\/p>\n","protected":false},"author":2,"featured_media":0,"parent":24,"menu_order":0,"comment_status":"closed","ping_status":"closed","template":"","meta":{"footnotes":""},"class_list":["post-298","page","type-page","status-publish","hentry"],"_links":{"self":[{"href":"https:\/\/wordpress.boc.de\/watchguard-info-portal\/wp-json\/wp\/v2\/pages\/298"}],"collection":[{"href":"https:\/\/wordpress.boc.de\/watchguard-info-portal\/wp-json\/wp\/v2\/pages"}],"about":[{"href":"https:\/\/wordpress.boc.de\/watchguard-info-portal\/wp-json\/wp\/v2\/types\/page"}],"author":[{"embeddable":true,"href":"https:\/\/wordpress.boc.de\/watchguard-info-portal\/wp-json\/wp\/v2\/users\/2"}],"replies":[{"embeddable":true,"href":"https:\/\/wordpress.boc.de\/watchguard-info-portal\/wp-json\/wp\/v2\/comments?post=298"}],"version-history":[{"count":17,"href":"https:\/\/wordpress.boc.de\/watchguard-info-portal\/wp-json\/wp\/v2\/pages\/298\/revisions"}],"predecessor-version":[{"id":4245,"href":"https:\/\/wordpress.boc.de\/watchguard-info-portal\/wp-json\/wp\/v2\/pages\/298\/revisions\/4245"}],"up":[{"embeddable":true,"href":"https:\/\/wordpress.boc.de\/watchguard-info-portal\/wp-json\/wp\/v2\/pages\/24"}],"wp:attachment":[{"href":"https:\/\/wordpress.boc.de\/watchguard-info-portal\/wp-json\/wp\/v2\/media?parent=298"}],"curies":[{"name":"wp","href":"https:\/\/api.w.org\/{rel}","templated":true}]}}