{"id":27113,"date":"2025-02-19T13:56:03","date_gmt":"2025-02-19T12:56:03","guid":{"rendered":"https:\/\/wordpress.boc.de\/watchguard-info-portal\/?page_id=27113"},"modified":"2026-04-01T15:47:28","modified_gmt":"2026-04-01T13:47:28","slug":"watchguard-mdr","status":"publish","type":"page","link":"https:\/\/wordpress.boc.de\/watchguard-info-portal\/produktinfos\/watchguard-mdr\/","title":{"rendered":"WatchGuard MDR"},"content":{"rendered":"<h2><strong>WatchGuard MDR \/ SOC-Service<\/strong><\/h2>\n<h3>Managed Detection &amp; Response Service &#8211; 24\/7\/365-Schutz vor Bedrohungen<\/h3>\n<h2 style=\"color: #444444;\"><img loading=\"lazy\" decoding=\"async\" class=\" wp-image-18111 alignleft\" src=\"https:\/\/www.boc.de\/watchguard-info-portal\/wp-content\/uploads\/2025\/02\/watchguard-mdr-logo.jpg\" alt=\"WatchGuard MDR Logo\" width=\"220\" height=\"162\" \/><\/h2>\n<p>Die zunehmende Bedrohung durch Cyberangriffe stellt Unternehmen vor gro\u00dfe Herausforderungen. Oft fehlen Zeit, Ressourcen und qualifizierte Fachkr\u00e4fte, um die IT-Sicherheit effektiv zu gew\u00e4hrleisten<em>.\u00a0<\/em>Ein eigenes Security Operations Center (SOC) erfordert erhebliche Investitionen und hochspezialisiertes Personal. WatchGuard MDR bietet eine L\u00f6sung: Ein umfassender Managed Detection &amp; Response (MDR)-Service, der ohne eigenes SOC sofort einsatzbereit ist.<\/p>\n<p>WatchGuard MDR bietet rund um die Uhr Schutz f\u00fcr Ihre Endpoints und Microsoft 365-Instanzen. Ein Team aus erfahrenen Cybersicherheitsexperten \u00fcberwacht verd\u00e4chtige Aktivit\u00e4ten, sucht proaktiv nach Bedrohungen und reagiert schnell auf Angriffe \u2013 optional mit individuell abgestimmten Reaktionsma\u00dfnahmen. Im Ernstfall sind Sie nicht allein: Das Team begleitet Sie durch den gesamten Reaktionsprozess, um Bedrohungen effektiv zu stoppen und Sch\u00e4den zu minimieren. Auf Wunsch kann die Eind\u00e4mmung auch standardm\u00e4\u00dfig durch WatchGuard erfolgen \u2013 entweder rund um die Uhr oder au\u00dferhalb Ihrer Gesch\u00e4ftszeiten.<\/p>\n<p>Bereits beim Service-Onboarding bewertet das WatchGuard-Team au\u00dferdem die Angriffsfl\u00e4che an den Endpoints und verbessert so unmittelbar ihre Sicherheit und die allgemeine Resilienz gegen\u00fcber Cyber-Bedrohungen. Regelm\u00e4\u00dfige, automatisierte Berichte sorgen f\u00fcr Transparenz und helfen, Ihre Cyberabwehr kontinuierlich zu verbessern. Durch den Einsatz von KI, maschinellem Lernen und hochaktueller Threat Intelligence verwandelt WatchGuard gro\u00dfe Mengen an Telemetriedaten in verwertbare Sicherheitsanalysen \u2013 f\u00fcr maximalen Schutz vor modernen Bedrohungen.<\/p>\n<p><center><video src=\"https:\/\/www.boc.de\/watchguard-info-portal\/wp-content\/uploads\/video\/WatchGuard-MDR.mp4\" poster=\"https:\/\/www.boc.de\/watchguard-info-portal\/wp-content\/uploads\/2024\/06\/watchguard-mdr-video.jpg\" controls=\"controls\" width=\"640\" height=\"480\"><span data-mce-type=\"bookmark\" style=\"display: inline-block; width: 0px; overflow: hidden; line-height: 0;\" class=\"mce_SELRES_start\">\ufeff<\/span><span data-mce-type=\"bookmark\" style=\"display: inline-block; width: 0px; overflow: hidden; line-height: 0;\" class=\"mce_SELRES_end\">\ufeff<\/span>Ihr Browser kann dieses Video nicht wiedergeben. Es ist ein Einf\u00fchrungsvideo von WatchGuard MDR<span data-mce-type=\"bookmark\" style=\"display: inline-block; width: 0px; overflow: hidden; line-height: 0;\" class=\"mce_SELRES_start\">\ufeff<\/span>. Sie k\u00f6nnen es <a href=\"https:\/\/www.boc.de\/watchguard-info-portal\/wp-content\/uploads\/video\/WatchGuard-MDR.mp4\">hier<\/a> abrufen. <\/video><\/center><\/p>\n<blockquote><p><em>\u201eMDR-Services bieten umfassende Sicherheit als verwalteten Service, der auf die wachsende Bedrohungslandschaft und die Erwartungen der Kunden zugeschnitten ist. CIOs und CISOs mit eingeschr\u00e4nkten Ressourcen haben jetzt die M\u00f6glichkeit, ihr Cybersicherheitsprogramm auf erschwingliche Weise zu erweitern \u2013 speziell auf ihre einzigartigen Sicherheits und Risikoanforderungen zugeschnitten.\u201c <\/em><\/p>\n<p><em>Craig Robinson, Research VP bei IDC.<\/em><\/p><\/blockquote>\n<div class=\"info-box\">\n<div class=\"box\">\n<p>&nbsp;<\/p>\n<div class=\"text-content\">\n<h5>Auf einen Blick &#8211; Vorteile mit WatchGuard MDR<\/h5>\n<div class=\"list-inside\">\n<ul>\n<li><strong>Rund-um-die-Uhr-Schutz<\/strong> \u2013 Proaktive Bedrohungserkennung, Verhaltenserkennung und schnelle Reaktion<\/li>\n<li><strong>Schnelle Aktivierung \u2013\u00a0<\/strong>Aktivierung und sofortiger Schutz innerhalb von 1 Tag m\u00f6glich<\/li>\n<li><strong>Kein eigenes SOC erforderlich<\/strong> \u2013 Hochwertige Cybersicherheit ohne hohe Investitionen in internes Sicherheitspersonal<\/li>\n<li><strong>Umfassende \u00dcberwachung<\/strong> \u2013 Kontinuierliche Endpoint- und Microsoft 365-\u00dcberwachung mit 365-Tage-Telemetrieaufbewahrung in der Cloud<\/li>\n<li><strong>Schnelle Reaktionszeiten<\/strong> \u2013 Sofortige Benachrichtigung des bevorzugten Ansprechpartners per E-Mail oder Telefon bei Vorf\u00e4llen<\/li>\n<li><strong>Fundierte Sicherheitsanalysen<\/strong> \u2013 Detaillierte Angriffsberichte nach dem MITRE ATT&amp;CK-Framework zur Verbesserung der Abwehrstrategien<\/li>\n<li><strong>Individuelle Sicherheitsma\u00dfnahmen<\/strong> \u2013 Ma\u00dfgeschneiderte Playbooks, abgestimmt auf Ihre spezifischen Gesch\u00e4ftsanforderungen<\/li>\n<li><strong>Transparente Berichterstattung<\/strong> \u2013 W\u00f6chentliche Statusberichte zur Sicherheitslage Ihrer Endpoints<\/li>\n<li><strong>Reduzierte Versicherungskosten<\/strong> \u2013 Bessere Konditionen bei Cyber-Versicherungen durch nachweisbares Threat Hunting und 24\/7-MDR<\/li>\n<\/ul>\n<\/div>\n<\/div>\n<\/div>\n<\/div>\n<h3>Effiziente Pr\u00e4vention, Verfolgung, Erkennung und Reaktion<\/h3>\n<p>WatchGuard MDR bietet umfassende Bedrohungspr\u00e4vention, Erkennung und Reaktion, indem es WatchGuard EDR, EPDR oder Advanced EPDR mit den zugeh\u00f6rigen Managed Services kombiniert. Der Zero-Trust Application Service reduziert automatisch die Angriffsfl\u00e4che f\u00fcr Malware, verbessert die Sicherheitslage und erm\u00f6glicht eine skalierbare Bedrohungserkennung und -abwehr.<\/p>\n<p>Der Threat Hunting Service geht \u00fcber klassische Erkennungsmethoden hinaus: Erfahrene Cybersicherheitsanalysten untersuchen Indicators of Attack (IoA) sowie subtile Anomalien, um komplexe Angriffe fr\u00fchzeitig zu identifizieren. Durch eine kontinuierliche Bewertung der Sicherheitslage hilft der Service, Fehlkonfigurationen zu erkennen, Angriffsfl\u00e4chen zu minimieren und Sicherheitskontrollen gezielt zu verbessern. Zudem gibt WatchGuard Empfehlungen zur optimalen Systemh\u00e4rtung, einschlie\u00dflich fr\u00fchzeitiger Patches.<\/p>\n<p>Durch die Kombination aus reduzierter Angriffsfl\u00e4che, proaktiver Bedrohungssuche und effektiver Reaktionsstrategie schaffen WatchGuard EDR, EPDR oder Advanced EPDR in Verbindung mit WatchGuard MDR maximale Cyber-Sicherheit.<\/p>\n<p><img loading=\"lazy\" decoding=\"async\" class=\"aligncenter size-full wp-image-27132\" src=\"https:\/\/www.boc.de\/watchguard-info-portal\/wp-content\/uploads\/2025\/02\/watchguard-mdr-schaubild.jpg\" alt=\"WatchGuard MDR Schaubild\" width=\"1877\" height=\"805\" \/><\/p>\n<h3>Warum WatchGuard MDR?<\/h3>\n<p><img loading=\"lazy\" decoding=\"async\" class=\" wp-image-27297 alignright\" src=\"https:\/\/www.boc.de\/watchguard-info-portal\/wp-content\/uploads\/2025\/02\/mdr-vorteile1.jpg\" alt=\"\" width=\"288\" height=\"135\" \/><\/p>\n<h4>24\/7-Schutz vor ausgefeilten Bedrohungen<\/h4>\n<p>Cyberangriffe passieren nicht nur w\u00e4hrend der Gesch\u00e4ftszeiten \u2013 sie k\u00f6nnen jederzeit zuschlagen. WatchGuard MDR bietet rund um die Uhr \u00dcberwachung, Bedrohungserkennung und schnelle Reaktionsma\u00dfnahmen, um Angriffe fr\u00fchzeitig zu stoppen. Das WatchGuard-Team analysiert verd\u00e4chtige Aktivit\u00e4ten in Echtzeit und setzt gezielte Gegenma\u00dfnahmen ein, bevor ein Angriff Schaden anrichten kann. Durch den Einsatz von KI-gest\u00fctzter Erkennung und maschinellem Lernen bleibt Ihre Sicherheitsstrategie stets auf dem neuesten Stand der Bedrohungslandschaft.<br \/>\n<img decoding=\"async\" class=\"size-full wp-image-27295 alignleft\" src=\"https:\/\/www.boc.de\/watchguard-info-portal\/wp-content\/uploads\/2025\/02\/mdr-vorteile3.jpg\" alt=\"\" width=\"288\" \/><\/p>\n<h4>Erleichterter Zugang zu Cyberversicherungen &amp; Compliance-Erf\u00fcllung<\/h4>\n<p>Cyberversicherer setzen oft hohe Sicherheitsstandards voraus \u2013 mit WatchGuard MDR erf\u00fcllen Sie diese Anforderungen zuverl\u00e4ssig. Regelm\u00e4\u00dfige Berichte \u00fcber Sicherheitsvorf\u00e4lle, Abwehrma\u00dfnahmen und Systemh\u00e4rtung helfen nicht nur bei der Beantragung oder Verl\u00e4ngerung einer Cyberversicherung, sondern auch bei der Erf\u00fcllung von Compliance-Standards und bei der Einhaltung regulatorischer Vorschriften wie DSGVO, NIS2, DORA oder ISO 27001.<br \/>\n<img decoding=\"async\" class=\"size-full wp-image-27293 alignright\" src=\"https:\/\/www.boc.de\/watchguard-info-portal\/wp-content\/uploads\/2025\/02\/mdr-vorteile5.jpg\" alt=\"\" width=\"288\" \/><\/p>\n<h4>Maximale Sicherheit ohne hohe Investitionen<\/h4>\n<p>Der Aufbau eines eigenen Security Operations Centers (SOC) ist kostspielig und erfordert hochqualifizierte Experten, die am Markt nur schwer zu finden sind. WatchGuard MDR \u00fcbernimmt diese Aufgabe f\u00fcr Sie, sodass Sie sofort auf erstklassige Cybersicherheitsl\u00f6sungen zugreifen k\u00f6nnen \u2013 ohne eigene Ressourcen binden zu m\u00fcssen. Unsere Managed Services bieten eine kosteneffiziente Alternative zu internen L\u00f6sungen und entlasten Ihre IT-Abteilung, sodass sich Ihr Team auf strategische Gesch\u00e4ftsziele konzentrieren kann. Gleichzeitig profitieren Sie von modernster Threat Intelligence, die kontinuierlich aktualisiert wird.<\/p>\n<div class=\"red-button\" style=\"width: 300px;\"><a href=\"\/roi\" target=\"_blank\" rel=\"noopener\">Zum ROI-Rechner <i class=\"fa fa-chevron-right\" style=\"font-size: 11px;\"><\/i><i class=\"fa fa-chevron-right\" style=\"font-size: 11px;\"><\/i><\/a><\/div>\n<p><img decoding=\"async\" class=\"size-full wp-image-27294 alignleft\" src=\"https:\/\/www.boc.de\/watchguard-info-portal\/wp-content\/uploads\/2025\/02\/mdr-vorteile4.jpg\" alt=\"\" width=\"288\" \/><\/p>\n<h4>Nahtlose Integration und minimale St\u00f6rungen<\/h4>\n<p>WatchGuard MDR l\u00e4sst sich schnell und unkompliziert in bestehende Sicherheitsinfrastrukturen integrieren. Wenn Sie bereits WatchGuard EDR, EPDR oder Advanced EPDR nutzen, kann der MDR-Service ohne zus\u00e4tzliche Installationen aktiviert werden \u2013 ein Neustart ist nicht erforderlich. Dadurch wird Ihr Schutz sofort erweitert, ohne Ihre laufenden Gesch\u00e4ftsprozesse zu beeintr\u00e4chtigen. Zudem sorgt die enge Verzahnung mit vorhandenen WatchGuard-L\u00f6sungen f\u00fcr maximale Effizienz und Skalierbarkeit.<\/p>\n<h3>Lizensierung<\/h3>\n<p>WatchGuard MDR ist als Zusatzlizenz f\u00fcr WatchGuard Advanced EPDR, EPDR, EDR oder Microsoft Defender in unserem Shop unter <a href=\"https:\/\/www.boc.de\/watchguard-core-mdr.html\" target=\"_blank\" rel=\"noopener\">Core MDR<\/a>, <a href=\"https:\/\/www.boc.de\/watchguard-core-mdr-fuer-microsoft.html\" target=\"_blank\" rel=\"noopener\">Core MDR f\u00fcr Microsoft<\/a>, <a href=\"https:\/\/www.boc.de\/watchguard-total-mdr.html\" target=\"_blank\" rel=\"noopener\">Total MDR<\/a> und <a href=\"https:\/\/www.boc.de\/watchguard-open-mdr.html\" target=\"_blank\" rel=\"noopener\">Open MDR<\/a>\u00a0erh\u00e4ltlich.<br \/>\n<b>Wichtig:<\/b> WatchGuard Advanced EPDR, EPDR, EDR oder Microsoft Defender ist zwingend erforderlich, um MDR nutzen zu k\u00f6nnen.<\/p>\n<p><u>Hinweis:<\/u> Das in unserem Shop angebotene Produkt bezieht sich ausschlie\u00dflich auf die WatchGuard Managed Detection and Response (MDR) Lizenz. Eine zus\u00e4tzliche Dienstleistung der BOC IT-Security in diesem Kontext (bspw. die gemeinsame Auswertung der automatisch \u00fcbermittelten Reports) kann gerne mit unseren Vertriebsmitarbeitern besprochen werden. Nutzen Sie dazu gerne unser <a href=\"https:\/\/www.boc.de\/watchguard-info-portal\/kontakt\/\" target=\"_blank\" rel=\"noopener\">Kontaktformular<\/a>.<\/p>\n<h3 id=\"mdr-vergleich\">MDR-Service Vergleichstabelle<\/h3>\n<p>Nicht jede IT-Umgebung ist gleich \u2013 und genauso individuell sollten auch die Sicherheitsl\u00f6sungen sein. Ob Kunden bereits Microsoft Defender einsetzen, eine Erg\u00e4nzung zum bestehenden Schutz suchen oder eine umfassende, rundum betreute Sicherheitsl\u00f6sung w\u00fcnschen: Mit den vier MDR-Services von WatchGuard \u2013 Core MDR, Core MDR f\u00fcr Microsoft, Total MDR und Open MDR \u2013 bieten Sie f\u00fcr jeden Bedarf das passende Servicepaket. Die folgende Vergleichstabelle zeigt die wichtigsten Unterschiede und hilft bei der Auswahl der optimalen L\u00f6sung.<\/p>\n<table>\n<thead>\n<tr style=\"background-color: #af2716;\">\n<th><\/th>\n<th style=\"text-align: center;\"><a style=\"color: #ffffff; font-weight: bold; font-size: 18px;\" href=\"https:\/\/www.boc.de\/watchguard-core-mdr.html\" target=\"_blank\" rel=\"noopener\">WatchGuard<br \/>\nCore MDR<\/a><\/th>\n<th style=\"text-align: center;\"><a style=\"color: #ffffff; font-weight: bold; font-size: 18px;\" href=\"https:\/\/www.boc.de\/watchguard-core-mdr-fuer-microsoft.html\" target=\"_blank\" rel=\"noopener\">WatchGuard Core MDR f\u00fcr Microsoft<\/a><\/th>\n<th style=\"text-align: center;\"><a style=\"color: #ffffff; font-weight: bold; font-size: 18px;\" href=\"https:\/\/www.boc.de\/watchguard-total-mdr.html\" target=\"_blank\" rel=\"noopener\">WatchGuard<br \/>\nTotal MDR<\/a><\/th>\n<th style=\"text-align: center;\"><a style=\"color: #ffffff; font-weight: bold; font-size: 18px;\" href=\"https:\/\/www.boc.de\/watchguard-open-mdr.html\" target=\"_blank\" rel=\"noopener\">WatchGuard<br \/>\nOpen MDR<\/a><\/th>\n<\/tr>\n<\/thead>\n<tbody>\n<tr>\n<td><strong>Ideal f\u00fcr Kunden, die:<\/strong><\/td>\n<td style=\"text-align: center;\">WatchGuard Endpoint verwenden<\/td>\n<td style=\"text-align: center;\">Microsoft Defender verwenden<\/td>\n<td style=\"text-align: center;\">WatchGuard Endpoint, NDR, Identity, Firewall verwenden<\/td>\n<td style=\"text-align: center;\">WatchGuard und Tools von Drittanbietern verwenden, wie CrowdStrike, Microsoft Defender, Okta, Third-Party Firewalls\/Cloud wie:<br \/><small>CheckPoint, Cisco, Fortinet, Juniper, Meraki, Palo Alto, PfSense, SonicWall, Sophos, Ubiquiti, VMware NSX \/<br \/>M365, Azure, AWS, Google Workspace<\/small><\/td>\n<\/tr>\n<tr>\n<td>24\/7 SOC-\u00dcberwachung<\/td>\n<td><img decoding=\"async\" class=\"aligncenter\" src=\"https:\/\/www.boc.de\/watchguard-info-portal\/wp-content\/uploads\/2016\/07\/red-check.png\" \/><\/td>\n<td><img decoding=\"async\" class=\"aligncenter\" src=\"https:\/\/www.boc.de\/watchguard-info-portal\/wp-content\/uploads\/2016\/07\/red-check.png\" \/><\/td>\n<td><img decoding=\"async\" class=\"aligncenter\" src=\"https:\/\/www.boc.de\/watchguard-info-portal\/wp-content\/uploads\/2016\/07\/red-check.png\" \/><\/td>\n<td><img decoding=\"async\" class=\"aligncenter\" src=\"https:\/\/www.boc.de\/watchguard-info-portal\/wp-content\/uploads\/2016\/07\/red-check.png\" \/><\/td>\n<\/tr>\n<tr>\n<td>KI\/ML-basierte Bedrohungserkennung<\/td>\n<td><img decoding=\"async\" class=\"aligncenter\" src=\"https:\/\/www.boc.de\/watchguard-info-portal\/wp-content\/uploads\/2016\/07\/red-check.png\" \/><\/td>\n<td><img decoding=\"async\" class=\"aligncenter\" src=\"https:\/\/www.boc.de\/watchguard-info-portal\/wp-content\/uploads\/2016\/07\/red-check.png\" \/><\/td>\n<td><img decoding=\"async\" class=\"aligncenter\" src=\"https:\/\/www.boc.de\/watchguard-info-portal\/wp-content\/uploads\/2016\/07\/red-check.png\" \/><\/td>\n<td><img decoding=\"async\" class=\"aligncenter\" src=\"https:\/\/www.boc.de\/watchguard-info-portal\/wp-content\/uploads\/2016\/07\/red-check.png\" \/><\/td>\n<\/tr>\n<tr>\n<td>Incident Response (menschliche und automatisierte<br \/>\nReaktion, Ursachenanalyse)<\/td>\n<td><img decoding=\"async\" class=\"aligncenter\" src=\"https:\/\/www.boc.de\/watchguard-info-portal\/wp-content\/uploads\/2016\/07\/red-check.png\" \/><\/td>\n<td><img decoding=\"async\" class=\"aligncenter\" src=\"https:\/\/www.boc.de\/watchguard-info-portal\/wp-content\/uploads\/2016\/07\/red-check.png\" \/><\/td>\n<td><img decoding=\"async\" class=\"aligncenter\" src=\"https:\/\/www.boc.de\/watchguard-info-portal\/wp-content\/uploads\/2016\/07\/red-check.png\" \/><\/td>\n<td><img decoding=\"async\" class=\"aligncenter\" src=\"https:\/\/www.boc.de\/watchguard-info-portal\/wp-content\/uploads\/2016\/07\/red-check.png\" \/><\/td>\n<\/tr>\n<tr>\n<td>Advanced Incident Response (Untersuchung, Wiederherstellung und Pr\u00e4vention nach einer Sicherheitsverletzung)<\/td>\n<td><img decoding=\"async\" class=\"aligncenter\" src=\"https:\/\/www.boc.de\/watchguard-info-portal\/wp-content\/uploads\/2016\/07\/red-check.png\" \/><\/td>\n<td><img decoding=\"async\" class=\"aligncenter\" src=\"https:\/\/www.boc.de\/watchguard-info-portal\/wp-content\/uploads\/2016\/07\/red-check.png\" \/><\/td>\n<td><img decoding=\"async\" class=\"aligncenter\" src=\"https:\/\/www.boc.de\/watchguard-info-portal\/wp-content\/uploads\/2016\/07\/red-check.png\" \/><\/td>\n<td><img decoding=\"async\" class=\"aligncenter\" src=\"https:\/\/www.boc.de\/watchguard-info-portal\/wp-content\/uploads\/2016\/07\/red-check.png\" \/><\/td>\n<\/tr>\n<tr>\n<td>Threat Hunting<\/td>\n<td><img decoding=\"async\" class=\"aligncenter\" src=\"https:\/\/www.boc.de\/watchguard-info-portal\/wp-content\/uploads\/2016\/07\/red-check.png\" \/><\/td>\n<td><img decoding=\"async\" class=\"aligncenter\" src=\"https:\/\/www.boc.de\/watchguard-info-portal\/wp-content\/uploads\/2016\/07\/red-check.png\" \/><\/td>\n<td><img decoding=\"async\" class=\"aligncenter\" src=\"https:\/\/www.boc.de\/watchguard-info-portal\/wp-content\/uploads\/2016\/07\/red-check.png\" \/><\/td>\n<td><img decoding=\"async\" class=\"aligncenter\" src=\"https:\/\/www.boc.de\/watchguard-info-portal\/wp-content\/uploads\/2016\/07\/red-check.png\" \/><\/td>\n<\/tr>\n<tr>\n<td>Verteidigungsportal<\/td>\n<td><img decoding=\"async\" class=\"aligncenter\" src=\"https:\/\/www.boc.de\/watchguard-info-portal\/wp-content\/uploads\/2016\/07\/red-check.png\" \/><\/td>\n<td><img decoding=\"async\" class=\"aligncenter\" src=\"https:\/\/www.boc.de\/watchguard-info-portal\/wp-content\/uploads\/2016\/07\/red-check.png\" \/><\/td>\n<td><img decoding=\"async\" class=\"aligncenter\" src=\"https:\/\/www.boc.de\/watchguard-info-portal\/wp-content\/uploads\/2016\/07\/red-check.png\" \/><\/td>\n<td><img decoding=\"async\" class=\"aligncenter\" src=\"https:\/\/www.boc.de\/watchguard-info-portal\/wp-content\/uploads\/2016\/07\/red-check.png\" \/><\/td>\n<\/tr>\n<tr>\n<td>Partnerzugang zum Technical Account Manager<\/td>\n<td><img decoding=\"async\" class=\"aligncenter\" src=\"https:\/\/www.boc.de\/watchguard-info-portal\/wp-content\/uploads\/2016\/07\/red-check.png\" \/><\/td>\n<td><img decoding=\"async\" class=\"aligncenter\" src=\"https:\/\/www.boc.de\/watchguard-info-portal\/wp-content\/uploads\/2016\/07\/red-check.png\" \/><\/td>\n<td><img decoding=\"async\" class=\"aligncenter\" src=\"https:\/\/www.boc.de\/watchguard-info-portal\/wp-content\/uploads\/2016\/07\/red-check.png\" \/><\/td>\n<td><img decoding=\"async\" class=\"aligncenter\" src=\"https:\/\/www.boc.de\/watchguard-info-portal\/wp-content\/uploads\/2016\/07\/red-check.png\" \/><\/td>\n<\/tr>\n<tr>\n<td>Endpoint-Integration<\/td>\n<td style=\"text-align: center;\">WatchGuard EDR\/EPDR\/AEPDR<\/td>\n<td style=\"text-align: center;\">Microsoft Defender<\/td>\n<td style=\"text-align: center;\">WatchGuard EDR\/EPDR\/AEPDR<\/td>\n<td style=\"text-align: center;\">WatchGuard EDR\/EPDR\/AEPDR, CrowdStrike, Microsoft Defender<\/td>\n<\/tr>\n<tr>\n<td>Netzwerkintegration<\/td>\n<td style=\"text-align: center;\">\u00d7<\/td>\n<td style=\"text-align: center;\">\u00d7<\/td>\n<td style=\"text-align: center;\">WatchGuard Firebox, <a href=\"https:\/\/www.boc.de\/watchguard-threatsync-ndr.html\" target=\"_blank\" rel=\"noopener\">ThreatSync+ NDR<\/a><\/td>\n<td style=\"text-align: center;\"><a href=\"https:\/\/www.boc.de\/watchguard-threatsync-ndr.html\" target=\"_blank\" rel=\"noopener\">ThreatSync+ NDR<\/a> und Third-Party Firewalls\/Cloud<\/td>\n<\/tr>\n<tr>\n<td>Identit\u00e4tsintegration<\/td>\n<td style=\"text-align: center;\">\u00d7<\/td>\n<td style=\"text-align: center;\">\u00d7<\/td>\n<td style=\"text-align: center;\"><a href=\"https:\/\/www.boc.de\/watchguard-authpoint.html\" target=\"_blank\" rel=\"noopener\">WatchGuard AuthPoint<\/a><\/td>\n<td style=\"text-align: center;\"><a href=\"https:\/\/www.boc.de\/watchguard-authpoint.html\" target=\"_blank\" rel=\"noopener\">WatchGuard AuthPoint<\/a> und Okta<\/td>\n<\/tr>\n<tr>\n<td>Microsoft 365<\/td>\n<td><img decoding=\"async\" class=\"aligncenter\" src=\"https:\/\/www.boc.de\/watchguard-info-portal\/wp-content\/uploads\/2016\/07\/red-check.png\" \/><\/td>\n<td><img decoding=\"async\" class=\"aligncenter\" src=\"https:\/\/www.boc.de\/watchguard-info-portal\/wp-content\/uploads\/2016\/07\/red-check.png\" \/><\/td>\n<td><img decoding=\"async\" class=\"aligncenter\" src=\"https:\/\/www.boc.de\/watchguard-info-portal\/wp-content\/uploads\/2016\/07\/red-check.png\" \/><\/td>\n<td><img decoding=\"async\" class=\"aligncenter\" src=\"https:\/\/www.boc.de\/watchguard-info-portal\/wp-content\/uploads\/2016\/07\/red-check.png\" \/><\/td>\n<\/tr>\n<tr>\n<td>AWS CloudTrail-Abdeckung<\/td>\n<td style=\"text-align: center;\">\u00d7<\/td>\n<td style=\"text-align: center;\">\u00d7<\/td>\n<td><img decoding=\"async\" class=\"aligncenter\" src=\"https:\/\/www.boc.de\/watchguard-info-portal\/wp-content\/uploads\/2016\/07\/red-check.png\" \/><\/td>\n<td><img decoding=\"async\" class=\"aligncenter\" src=\"https:\/\/www.boc.de\/watchguard-info-portal\/wp-content\/uploads\/2016\/07\/red-check.png\" \/><\/td>\n<\/tr>\n<tr>\n<td>Google Workspace<\/td>\n<td style=\"text-align: center;\">\u00d7<\/td>\n<td style=\"text-align: center;\">\u00d7<\/td>\n<td><img decoding=\"async\" class=\"aligncenter\" src=\"https:\/\/www.boc.de\/watchguard-info-portal\/wp-content\/uploads\/2016\/07\/red-check.png\" \/><\/td>\n<td><img decoding=\"async\" class=\"aligncenter\" src=\"https:\/\/www.boc.de\/watchguard-info-portal\/wp-content\/uploads\/2016\/07\/red-check.png\" \/><\/td>\n<\/tr>\n<\/tbody>\n<\/table>\n<h3 id=\"interaktiveDemo\">Interaktive Demo<\/h3>\n<ul>\n<li><a href=\"https:\/\/www.watchguard.com\/wgrd-products\/demos\/mdr\" target=\"_blank\" rel=\"noopener noreferrer\">Interaktive Demo zu WatchGuard MDR<\/a><\/li>\n<\/ul>\n<h3>Downloads<\/h3>\n<ul>\n<li><a href=\"https:\/\/www.boc.de\/pub\/media\/documents\/mdr\/20_Datenblatt-WatchGuard-Core-MDR.pdf\" target=\"_blank\" rel=\"noopener noreferrer\">Datenblatt WatchGuard Core MDR<\/a><\/li>\n<li><a href=\"https:\/\/www.boc.de\/pub\/media\/documents\/mdr\/25_Kurzbeschreibung-WatchGuard-Core-MDR.pdf\" target=\"_blank\" rel=\"noopener\">Kurzbeschreibung WatchGuard Core MDR<\/a><\/li>\n<li><a href=\"https:\/\/www.boc.de\/pub\/media\/documents\/openmdr\/25_Kurzbeschreibung-WatchGuard-Open-MDR.pdf\" target=\"_blank\" rel=\"noopener\">Kurzbeschreibung WatchGuard Open MDR<\/a><\/li>\n<li><a href=\"https:\/\/www.boc.de\/pub\/media\/documents\/mdr\/32-eBook-WatchGuard-MDR-Kaufleitfaden.pdf\" target=\"_blank\" rel=\"noopener\">Kaufleitfaden WatchGuard MDR<\/a><\/li>\n<li><a href=\"https:\/\/www.boc.de\/pub\/media\/documents\/mdr\/30_Brosch%C3%BCre-WatchGuard-MDR.pdf\" target=\"_blank\" rel=\"noopener noreferrer\">Brosch\u00fcre WatchGuard MDR<\/a><\/li>\n<li><a href=\"https:\/\/www.boc.de\/pub\/media\/documents\/mdr\/33_Infografik-WatchGuard-MDR.pdf\" target=\"_blank\" rel=\"noopener noreferrer\">Infografik WatchGuard MDR<\/a><\/li>\n<li><a href=\"https:\/\/www.boc.de\/pub\/media\/documents\/mdr\/35_Program-Guide-WatchGuard-MDR-(Englisch).pdf\" target=\"_blank\" rel=\"noopener noreferrer\">Program Guide WatchGuard MDR<\/a> (Englisch)<\/li>\n<li><a href=\"https:\/\/www.boc.de\/pub\/media\/documents\/mdr\/40_Service-Description-WatchGuard-MDR-(Englisch).pdf\" target=\"_blank\" rel=\"noopener\">Service Description WatchGuard MDR<\/a> (Englisch)<\/li>\n<\/ul>\n<h3>Weitere Links<\/h3>\n<ul>\n<li><a href=\"https:\/\/www.watchguard.com\/de\/wgrd-news\/blog\/herausforderungen-im-zuge-von-it-sicherheit-ist-mdr-die-loesung\" target=\"_blank\" rel=\"noopener noreferrer\">Herausforderungen im Zuge von IT-Sicherheit: Ist MDR die L\u00f6sung?<\/a><\/li>\n<li><a href=\"https:\/\/www.boc.de\/watchguard-info-portal\/2025\/01\/watchguard-staerkt-mdr-durch-uebernahme-von-actzero\/\" target=\"_blank\" rel=\"noopener noreferrer\">WatchGuard st\u00e4rkt MDR durch \u00dcbernahme von ActZero<\/a><\/li>\n<li><a href=\"https:\/\/www.boc.de\/watchguard-info-portal\/2024\/04\/bestpractices-live-managed-detection-and-response\/\" target=\"_blank\" rel=\"noopener\">Webinaraufzeichnung: BestPractices.live \u2013 Managed Detection and Response<\/a><\/li>\n<li><a href=\"https:\/\/www.boc.de\/roi\" target=\"_blank\" rel=\"noopener\">ROI-Rechner: Sparen Sie mit WatchGuard MDR<\/a><\/li>\n<li><a href=\"https:\/\/www.connect-professional.de\/security\/test-watchguard-mdr-service-2026-404246.html\" target=\"_blank\" rel=\"noopener\">Im Test bei connect professional: WatchGuard MDR-Service<\/a><\/li>\n<\/ul>\n","protected":false},"excerpt":{"rendered":"<p>WatchGuard MDR \/ SOC-Service Managed Detection &amp; Response Service &#8211; 24\/7\/365-Schutz vor Bedrohungen Die zunehmende Bedrohung durch Cyberangriffe stellt Unternehmen vor gro\u00dfe Herausforderungen. Oft fehlen Zeit, Ressourcen und qualifizierte Fachkr\u00e4fte, um die IT-Sicherheit effektiv zu gew\u00e4hrleisten.\u00a0Ein eigenes Security Operations Center (SOC) erfordert erhebliche Investitionen und hochspezialisiertes Personal. WatchGuard MDR bietet eine L\u00f6sung: Ein umfassender Managed Detection &amp; Response (MDR)-Service, der ohne eigenes SOC sofort einsatzbereit &hellip; <a href=\"https:\/\/wordpress.boc.de\/watchguard-info-portal\/produktinfos\/watchguard-mdr\/\" class=\"more-link\">Weiterlesen <span class=\"screen-reader-text\">WatchGuard MDR<\/span> <span class=\"meta-nav\">&raquo;<\/span><\/a><\/p>\n","protected":false},"author":4,"featured_media":0,"parent":24,"menu_order":0,"comment_status":"closed","ping_status":"closed","template":"","meta":{"footnotes":""},"class_list":["post-27113","page","type-page","status-publish","hentry"],"_links":{"self":[{"href":"https:\/\/wordpress.boc.de\/watchguard-info-portal\/wp-json\/wp\/v2\/pages\/27113"}],"collection":[{"href":"https:\/\/wordpress.boc.de\/watchguard-info-portal\/wp-json\/wp\/v2\/pages"}],"about":[{"href":"https:\/\/wordpress.boc.de\/watchguard-info-portal\/wp-json\/wp\/v2\/types\/page"}],"author":[{"embeddable":true,"href":"https:\/\/wordpress.boc.de\/watchguard-info-portal\/wp-json\/wp\/v2\/users\/4"}],"replies":[{"embeddable":true,"href":"https:\/\/wordpress.boc.de\/watchguard-info-portal\/wp-json\/wp\/v2\/comments?post=27113"}],"version-history":[{"count":89,"href":"https:\/\/wordpress.boc.de\/watchguard-info-portal\/wp-json\/wp\/v2\/pages\/27113\/revisions"}],"predecessor-version":[{"id":30701,"href":"https:\/\/wordpress.boc.de\/watchguard-info-portal\/wp-json\/wp\/v2\/pages\/27113\/revisions\/30701"}],"up":[{"embeddable":true,"href":"https:\/\/wordpress.boc.de\/watchguard-info-portal\/wp-json\/wp\/v2\/pages\/24"}],"wp:attachment":[{"href":"https:\/\/wordpress.boc.de\/watchguard-info-portal\/wp-json\/wp\/v2\/media?parent=27113"}],"curies":[{"name":"wp","href":"https:\/\/api.w.org\/{rel}","templated":true}]}}