{"id":20741,"date":"2024-06-25T14:25:01","date_gmt":"2024-06-25T12:25:01","guid":{"rendered":"https:\/\/www.boc.de\/watchguard-info-portal\/?page_id=20741"},"modified":"2024-09-16T19:58:37","modified_gmt":"2024-09-16T17:58:37","slug":"nis2-quick-check","status":"publish","type":"page","link":"https:\/\/wordpress.boc.de\/watchguard-info-portal\/nis2-quick-check\/","title":{"rendered":"NIS2-Quick-Check"},"content":{"rendered":"<h1>NIS2-Quick-Check Tool<\/h1>\n<p>Mit diesem interaktiven NIS2-Check k\u00f6nnen Sie \u00fcberpr\u00fcfen ob Ihr Unternehmen oder Ihre Organisation von der neuen NIS2-Richtlinie betroffen ist.<br \/>\nSollte im Folgenden das interaktive Tutorial aufgrund von nicht akzeptierten Cookies nicht angezeigt werden, k\u00f6nnen Sie es <a href=\"https:\/\/marvelapp.com\/prototype\/fa96g1b\/screen\/94736622\" target=\"_blank\" rel=\"noopener noreferrer\">hier ansehen<\/a>.<\/p>\n<p>Weitere Informationen zu NIS2 finden Sie bei uns unter <a href=\"https:\/\/www.boc.de\/watchguard-info-portal\/nis2-richtlinie-mit-quick-check\/\" target=\"_blank\" rel=\"noopener noreferrer\">&gt;&gt; NIS2-Richtlinie mit Quick-Check.<\/a><\/p>\n<div style=\"overflow: hidden;\">\n<div style=\"width: 100%; margin-left: -2px; margin-top: -2px;\"><iframe loading=\"lazy\" title=\"NIS2-Quick-Check\" src=\"https:\/\/marvelapp.com\/prototype\/fa96g1b\/screen\/94736622\" name=\"NIS2-Quick-Check\" width=\"100%\" height=\"900\" frameborder=\"0\"><br \/>\nIhr Browser kann leider keine eingebetteten Frames anzeigen:<br \/>\nSie k\u00f6nnen die eingebettete Seite \u00fcber den folgenden<br \/>\nVerweis aufrufen: https:\/\/marvelapp.com\/prototype\/fa96g1b\/screen\/94736622<br \/>\n<\/iframe><\/div>\n<\/div>\n","protected":false},"excerpt":{"rendered":"<p>NIS2-Quick-Check Tool Mit diesem interaktiven NIS2-Check k\u00f6nnen Sie \u00fcberpr\u00fcfen ob Ihr Unternehmen oder Ihre Organisation von der neuen NIS2-Richtlinie betroffen ist. Sollte im Folgenden das interaktive Tutorial aufgrund von nicht akzeptierten Cookies nicht angezeigt werden, k\u00f6nnen Sie es hier ansehen. Weitere Informationen zu NIS2 finden Sie bei uns unter &gt;&gt; NIS2-Richtlinie mit Quick-Check. Ihr Browser kann leider keine eingebetteten Frames anzeigen: Sie k\u00f6nnen die eingebettete &hellip; <a href=\"https:\/\/wordpress.boc.de\/watchguard-info-portal\/nis2-quick-check\/\" class=\"more-link\">Weiterlesen <span class=\"screen-reader-text\">NIS2-Quick-Check<\/span> <span class=\"meta-nav\">&raquo;<\/span><\/a><\/p>\n","protected":false},"author":7,"featured_media":0,"parent":0,"menu_order":0,"comment_status":"closed","ping_status":"closed","template":"","meta":{"footnotes":""},"class_list":["post-20741","page","type-page","status-publish","hentry"],"_links":{"self":[{"href":"https:\/\/wordpress.boc.de\/watchguard-info-portal\/wp-json\/wp\/v2\/pages\/20741"}],"collection":[{"href":"https:\/\/wordpress.boc.de\/watchguard-info-portal\/wp-json\/wp\/v2\/pages"}],"about":[{"href":"https:\/\/wordpress.boc.de\/watchguard-info-portal\/wp-json\/wp\/v2\/types\/page"}],"author":[{"embeddable":true,"href":"https:\/\/wordpress.boc.de\/watchguard-info-portal\/wp-json\/wp\/v2\/users\/7"}],"replies":[{"embeddable":true,"href":"https:\/\/wordpress.boc.de\/watchguard-info-portal\/wp-json\/wp\/v2\/comments?post=20741"}],"version-history":[{"count":9,"href":"https:\/\/wordpress.boc.de\/watchguard-info-portal\/wp-json\/wp\/v2\/pages\/20741\/revisions"}],"predecessor-version":[{"id":24806,"href":"https:\/\/wordpress.boc.de\/watchguard-info-portal\/wp-json\/wp\/v2\/pages\/20741\/revisions\/24806"}],"wp:attachment":[{"href":"https:\/\/wordpress.boc.de\/watchguard-info-portal\/wp-json\/wp\/v2\/media?parent=20741"}],"curies":[{"name":"wp","href":"https:\/\/api.w.org\/{rel}","templated":true}]}}