{"id":18960,"date":"2024-03-06T09:42:44","date_gmt":"2024-03-06T08:42:44","guid":{"rendered":"https:\/\/www.boc.de\/watchguard-info-portal\/?page_id=18960"},"modified":"2025-02-20T12:39:34","modified_gmt":"2025-02-20T11:39:34","slug":"newsletteranmeldung","status":"publish","type":"page","link":"https:\/\/wordpress.boc.de\/watchguard-info-portal\/newsletteranmeldung\/","title":{"rendered":"Newsletteranmeldung"},"content":{"rendered":"<div id=\"pl-18960\"  class=\"panel-layout\" ><div id=\"pg-18960-0\"  class=\"panel-grid panel-no-style\" ><div id=\"pgc-18960-0-0\"  class=\"panel-grid-cell\" ><div id=\"panel-18960-0-0-0\" class=\"so-panel widget widget_sow-editor panel-first-child panel-last-child\" data-index=\"0\" ><div\n\t\t\t\n\t\t\tclass=\"so-widget-sow-editor so-widget-sow-editor-base\"\n\t\t\t\n\t\t>\n<div class=\"siteorigin-widget-tinymce textwidget\">\n\t<h2>Newsletter abonnieren und immer gut informiert sein!<\/h2>\n<p>Melden Sie sich jetzt unverbindlich und kostenlos f\u00fcr unseren BOC-Newsletter an und erfahren Sie vorab von exklusiven Angeboten, Aktionen und Neuheiten.<\/p>\n<\/div>\n<\/div><\/div><\/div><\/div><div id=\"pg-18960-1\"  class=\"panel-grid panel-no-style\" ><div id=\"pgc-18960-1-0\"  class=\"panel-grid-cell\" ><div id=\"panel-18960-1-0-0\" class=\"so-panel widget widget_sow-contact-form panel-first-child panel-last-child\" data-index=\"1\" ><div class=\"panel-widget-style panel-widget-style-for-18960-1-0-0\" ><div\n\t\t\t\n\t\t\tclass=\"so-widget-sow-contact-form so-widget-sow-contact-form-default-26b5e8d6ac9b-18960\"\n\t\t\t\n\t\t>\t<form\n\t\taction=\"\/watchguard-info-portal\/wp-json\/wp\/v2\/pages\/18960\"\n\t\tmethod=\"POST\"\n\t\tclass=\"sow-contact-form\"\n\t\tid=\"contact-form-bdda\"\n\t>\n\n\t\t\n\t\t            <p><em>Mit * markierte Felder sind Pflichtfelder<\/em><\/p>\n\t\t\t\t\t\t<div class=\"sow-form-field sow-form-field-email\">\n\t\t\t\t<label class=\"sow-form-field-label-above\" for=\"sow-contact-form-field-e-mail-adresse-144310381265e979c658258862415452\">\n\t\t\t\t<strong>\n\t\t\t\t\tE-Mail-Adresse\t\t\t\t\t\t\t\t\t\t\t<span class=\"sow-form-field-required\">*<\/span>\n\t\t\t\t\t\t\t\t\t<\/strong>\n\t\t\t<\/label>\n\t\t\t\t\t\t\t<span class=\"sow-field-container\">\n\t\t\t\t\t\t\t<input\n\t\t\ttype=\"email\"\n\t\t\tname=\"e-mail-adresse-144310381265e979c658258862415452\"\n\t\t\tid=\"sow-contact-form-field-e-mail-adresse-144310381265e979c658258862415452\"\n\t\t\tvalue=\"\"\n\t\t\tclass=\"sow-text-field\"\t\t\t\t\t\t\t\t\/>\n\t\t\t\t\t\t<\/span>\n\t\t\t\t\t\t\t<\/div>\n\t\t\t\t\t\t<div class=\"sow-form-field sow-form-field-name\">\n\t\t\t\t<label class=\"sow-form-field-label-above\" for=\"sow-contact-form-field-vorname-144310381265e979c658258862415452\">\n\t\t\t\t<strong>\n\t\t\t\t\tVorname\t\t\t\t\t\t\t\t\t<\/strong>\n\t\t\t<\/label>\n\t\t\t\t\t\t\t<span class=\"sow-field-container\">\n\t\t\t\t\t\t\t<input\n\t\t\ttype=\"text\"\n\t\t\tname=\"vorname-144310381265e979c658258862415452\"\n\t\t\tid=\"sow-contact-form-field-vorname-144310381265e979c658258862415452\"\n\t\t\tvalue=\"\"\n\t\t\tclass=\"sow-text-field\"\n\t\t\t\t\t\/>\n\t\t\t\t\t\t<\/span>\n\t\t\t\t\t\t\t<\/div>\n\t\t\t\t\t\t<div class=\"sow-form-field sow-form-field-name\">\n\t\t\t\t<label class=\"sow-form-field-label-above\" for=\"sow-contact-form-field-nachname-144310381265e979c658258862415452\">\n\t\t\t\t<strong>\n\t\t\t\t\tNachname\t\t\t\t\t\t\t\t\t<\/strong>\n\t\t\t<\/label>\n\t\t\t\t\t\t\t<span class=\"sow-field-container\">\n\t\t\t\t\t\t\t<input\n\t\t\ttype=\"text\"\n\t\t\tname=\"nachname-144310381265e979c658258862415452\"\n\t\t\tid=\"sow-contact-form-field-nachname-144310381265e979c658258862415452\"\n\t\t\tvalue=\"\"\n\t\t\tclass=\"sow-text-field\"\n\t\t\t\t\t\/>\n\t\t\t\t\t\t<\/span>\n\t\t\t\t\t\t\t<\/div>\n\t\t\t\t\t\t<div class=\"sow-form-field sow-form-field-name\">\n\t\t\t\t<label class=\"sow-form-field-label-above\" for=\"sow-contact-form-field-firma-organisation-144310381265e979c658258862415452\">\n\t\t\t\t<strong>\n\t\t\t\t\tFirma \/ Organisation\t\t\t\t\t\t\t\t\t<\/strong>\n\t\t\t<\/label>\n\t\t\t\t\t\t\t<span class=\"sow-field-container\">\n\t\t\t\t\t\t\t<input\n\t\t\ttype=\"text\"\n\t\t\tname=\"firma-organisation-144310381265e979c658258862415452\"\n\t\t\tid=\"sow-contact-form-field-firma-organisation-144310381265e979c658258862415452\"\n\t\t\tvalue=\"\"\n\t\t\tclass=\"sow-text-field\"\n\t\t\t\t\t\/>\n\t\t\t\t\t\t<\/span>\n\t\t\t\t\t\t\t<\/div>\n\t\t\t\t\t\t<div class=\"sow-form-field sow-form-field-checkboxes\">\n\t\t\t\t<label class=\"sow-form-field-label-above\" for=\"sow-contact-form-field-rechtlicher-hinweis-144310381265e979c658258862415452\">\n\t\t\t\t<strong>\n\t\t\t\t\tRechtlicher Hinweis\t\t\t\t\t\t\t\t\t\t\t<span class=\"sow-form-field-required\">*<\/span>\n\t\t\t\t\t\t\t\t\t<\/strong>\n\t\t\t<\/label>\n\t\t\t\t\t\t\t<span class=\"sow-field-container\">\n\t\t\t\t\t\t\t\t<ul>\n\t\t\t\t\t\t\t\t\t\t\t\t\t\t<li>\n\t\t\t\t\t\t<input\n\t\t\t\t\t\t\ttype=\"checkbox\"\n\t\t\t\t\t\t\tvalue=\"Einwilligung in die Datennutzung zu weiteren Zwecken\"\n\t\t\t\t\t\t\tname=\"rechtlicher-hinweis-144310381265e979c658258862415452[]\"\n\t\t\t\t\t\t\tid=\"sow-contact-form-field-rechtlicher-hinweis-144310381265e979c658258862415452-0\"\n\t\t\t\t\t\t\t\t\t\t\t\t\t\t\t\t\t\t\t\t\/>\n\t\t\t\t\t\t<label for=\"sow-contact-form-field-rechtlicher-hinweis-144310381265e979c658258862415452-0\">\n\t\t\t\t\t\t\tEinwilligung in die Datennutzung zu weiteren Zwecken\t\t\t\t\t\t<\/label>\n\t\t\t\t\t<\/li>\n\t\t\t\t\t\t\t<\/ul>\n\t\t\t\t\t\t<\/span>\n\t\t\t\t\t                <div class=\"sow-form-field-description\">\n\t\t\t\t\t\tIch bin damit einverstanden, dass mich die BOC IT-Security GmbH zu Informationszwecken hinsichtlich ihrer L\u00f6sungen, Services, Veranstaltungen und \u00fcber weitere Neuigkeiten per E-Mail kontaktiert. Meine Einwilligung kann ich jederzeit kostenfrei und mit Wirkung f\u00fcr die Zukunft widerrufen, z. B. per Abmeldelink am Ende jedes E-Mailings. Die <a href=\"\/datenschutz\/\" target=\"_new\">Datenschutzerkl\u00e4rung<\/a> habe ich gelesen.\t                <\/div>\n\t\t\t\t\t\t\t\t<\/div>\n\t\t\t\n\t\t\t\t\t<div class=\"sow-recaptcha\"\n\t\t\t\t\t\t\t\t\tdata-config=\"{&quot;sitekey&quot;:&quot;6LfaqusoAAAAADeyK9ERSevLLC_3LEC0S7wDVBLf&quot;,&quot;theme&quot;:&quot;light&quot;,&quot;type&quot;:&quot;image&quot;,&quot;size&quot;:&quot;normal&quot;}\"\n\t\t\t\t\t\t\t><\/div>\n\t\t\t\n\t\t<div class=\"sow-submit-wrapper sow-submit-styled\">\n\n\t\t\t<button\n\t\t\t\ttype=\"submit\"\n\t\t\t\tclass=\"sow-submit\"\n\t\t\t\t\t\t\t>\n\t\t\t\tJetzt kostenlos anmelden\t\t\t<\/button>\n\t\t<\/div>\n\t\t\t\t<input type=\"hidden\" name=\"instance_hash\" value=\"bdda2888676214664b1764c6db243900\" \/>\n\t\t<input type=\"hidden\" id=\"_wpnonce\" name=\"_wpnonce\" value=\"78ba4b9522\" \/><input type=\"hidden\" name=\"_wp_http_referer\" value=\"\/watchguard-info-portal\/wp-json\/wp\/v2\/pages\/18960\" \/>\t<\/form>\n\t<\/div><\/div><\/div><\/div><div id=\"pgc-18960-1-1\"  class=\"panel-grid-cell panel-grid-cell-mobile-last\" ><div id=\"panel-18960-1-1-0\" class=\"so-panel widget widget_sow-editor panel-first-child panel-last-child\" data-index=\"2\" ><div class=\"panel-widget-style panel-widget-style-for-18960-1-1-0\" ><div\n\t\t\t\n\t\t\tclass=\"so-widget-sow-editor so-widget-sow-editor-base\"\n\t\t\t\n\t\t>\n<div class=\"siteorigin-widget-tinymce textwidget\">\n\t<p><img decoding=\"async\" class=\"aligncenter size-full wp-image-19598\" style=\"margin-top: 0px;\" src=\"https:\/\/www.boc.de\/watchguard-info-portal\/wp-content\/uploads\/2024\/03\/boc-newsletter-vorteile.png\" alt=\"BOC Newsletter Vorteile\" width=\"388\" srcset=\"https:\/\/wordpress.boc.de\/watchguard-info-portal\/wp-content\/uploads\/2024\/03\/boc-newsletter-vorteile.png 400w, https:\/\/wordpress.boc.de\/watchguard-info-portal\/wp-content\/uploads\/2024\/03\/boc-newsletter-vorteile-153x300.png 153w\" sizes=\"(max-width: 400px) 100vw, 400px\" \/><\/p>\n<\/div>\n<\/div><\/div><\/div><\/div><div id=\"pgc-18960-1-2\"  class=\"panel-grid-cell panel-grid-cell-empty\" ><\/div><\/div><\/div>","protected":false},"excerpt":{"rendered":"<p>Newsletter abonnieren und immer gut informiert sein! Melden Sie sich jetzt unverbindlich und kostenlos f\u00fcr unseren BOC-Newsletter an und erfahren Sie vorab von exklusiven Angeboten, Aktionen und Neuheiten.<\/p>\n","protected":false},"author":4,"featured_media":0,"parent":0,"menu_order":0,"comment_status":"closed","ping_status":"closed","template":"page-templates\/full-width.php","meta":{"footnotes":""},"class_list":["post-18960","page","type-page","status-publish","hentry"],"_links":{"self":[{"href":"https:\/\/wordpress.boc.de\/watchguard-info-portal\/wp-json\/wp\/v2\/pages\/18960"}],"collection":[{"href":"https:\/\/wordpress.boc.de\/watchguard-info-portal\/wp-json\/wp\/v2\/pages"}],"about":[{"href":"https:\/\/wordpress.boc.de\/watchguard-info-portal\/wp-json\/wp\/v2\/types\/page"}],"author":[{"embeddable":true,"href":"https:\/\/wordpress.boc.de\/watchguard-info-portal\/wp-json\/wp\/v2\/users\/4"}],"replies":[{"embeddable":true,"href":"https:\/\/wordpress.boc.de\/watchguard-info-portal\/wp-json\/wp\/v2\/comments?post=18960"}],"version-history":[{"count":49,"href":"https:\/\/wordpress.boc.de\/watchguard-info-portal\/wp-json\/wp\/v2\/pages\/18960\/revisions"}],"predecessor-version":[{"id":27360,"href":"https:\/\/wordpress.boc.de\/watchguard-info-portal\/wp-json\/wp\/v2\/pages\/18960\/revisions\/27360"}],"wp:attachment":[{"href":"https:\/\/wordpress.boc.de\/watchguard-info-portal\/wp-json\/wp\/v2\/media?parent=18960"}],"curies":[{"name":"wp","href":"https:\/\/api.w.org\/{rel}","templated":true}]}}