{"id":17277,"date":"2023-07-03T11:41:25","date_gmt":"2023-07-03T09:41:25","guid":{"rendered":"https:\/\/www.boc.de\/watchguard-info-portal\/?page_id=17277"},"modified":"2024-02-21T15:58:41","modified_gmt":"2024-02-21T14:58:41","slug":"sommerfest-2023-anmeldeformular","status":"publish","type":"page","link":"https:\/\/wordpress.boc.de\/watchguard-info-portal\/sommerfest-2023-anmeldeformular\/","title":{"rendered":"Sommerfest 2023 Anmeldeformular"},"content":{"rendered":"<div id=\"pl-17277\"  class=\"panel-layout\" ><div id=\"pg-17277-0\"  class=\"panel-grid panel-no-style\" ><div id=\"pgc-17277-0-0\"  class=\"panel-grid-cell\" ><div id=\"panel-17277-0-0-0\" class=\"so-panel widget widget_sow-editor panel-first-child panel-last-child\" data-index=\"0\" ><div\n\t\t\t\n\t\t\tclass=\"so-widget-sow-editor so-widget-sow-editor-base\"\n\t\t\t\n\t\t><h3 class=\"widget-title\">Sommerfest 2023 Anmeldeformular<\/h3>\n<div class=\"siteorigin-widget-tinymce textwidget\">\n\t<p>Wir m\u00f6chten Sie, Ihre Familie (auch die vierbeinigen Familienmitglieder), Freunde und Arbeitskollegen ganz herzlich zu unserem diesj\u00e4hrigen Sommerfest einladen.<\/p>\n<p>Es erwartet Sie ein abwechslungsreiches Programm mit kulinarischen K\u00f6stlichkeiten, erfrischenden Getr\u00e4nken, SommerBeats, Gewinnspielen, Give-Aways und Kinderprogramm mit Zauberer Giovanni Alecci, einer H\u00fcpfburg und Planschbecken (trockene Kleidung und Handtuch nicht vergessen).<\/p>\n<p>Lernen Sie unser Team sowie unseren Standort besser kennen und tauschen Sie sich in ungezwungener Atmosph\u00e4re \u00fcber aktuelle Produkte und Entwicklungen von WatchGuard und der IT-Branche aus.<\/p>\n<p>Wir freuen uns auf Ihr Kommen und bitten um Ihre Anmeldung mit dem folgenden Anmeldeformular, um uns die Planung zu vereinfachen.<\/p>\n<p><b>Wann: Freitag, 01.09.2023 ab 14 Uhr<br \/>Wo: Firmengel\u00e4nde der BOC IT-Security, Essener Str. 2-24, 46047 Oberhausen (<a href=\"https:\/\/goo.gl\/maps\/jXpDUT3J7o6U2KRP6\" target=\"_blank\" rel=\"noopener\">https:\/\/goo.gl\/maps\/jXpDUT3J7o6U2KRP6<\/a>)<\/p>\n<p><\/b><strong>Anfahrtsskizze und Lageplan:<\/strong><br \/><img loading=\"lazy\" decoding=\"async\" class=\"size-full wp-image-17579 alignleft\" src=\"https:\/\/www.boc.de\/watchguard-info-portal\/wp-content\/uploads\/2023\/08\/sommerfest-lageplan.jpg\" alt=\"\" width=\"934\" height=\"715\" srcset=\"https:\/\/wordpress.boc.de\/watchguard-info-portal\/wp-content\/uploads\/2023\/08\/sommerfest-lageplan.jpg 934w, https:\/\/wordpress.boc.de\/watchguard-info-portal\/wp-content\/uploads\/2023\/08\/sommerfest-lageplan-300x230.jpg 300w, https:\/\/wordpress.boc.de\/watchguard-info-portal\/wp-content\/uploads\/2023\/08\/sommerfest-lageplan-768x588.jpg 768w, https:\/\/wordpress.boc.de\/watchguard-info-portal\/wp-content\/uploads\/2023\/08\/sommerfest-lageplan-800x612.jpg 800w\" sizes=\"(max-width: 934px) 100vw, 934px\" \/><\/p>\n<p><img loading=\"lazy\" decoding=\"async\" class=\"aligncenter size-full wp-image-17330\" src=\"https:\/\/www.boc.de\/watchguard-info-portal\/wp-content\/uploads\/2023\/07\/Boc-Sommerfest-1915-\u00d7-291-px.png\" alt=\"\" width=\"1915\" height=\"291\" srcset=\"https:\/\/wordpress.boc.de\/watchguard-info-portal\/wp-content\/uploads\/2023\/07\/Boc-Sommerfest-1915-\u00d7-291-px.png 1915w, https:\/\/wordpress.boc.de\/watchguard-info-portal\/wp-content\/uploads\/2023\/07\/Boc-Sommerfest-1915-\u00d7-291-px-300x46.png 300w, https:\/\/wordpress.boc.de\/watchguard-info-portal\/wp-content\/uploads\/2023\/07\/Boc-Sommerfest-1915-\u00d7-291-px-1024x156.png 1024w, https:\/\/wordpress.boc.de\/watchguard-info-portal\/wp-content\/uploads\/2023\/07\/Boc-Sommerfest-1915-\u00d7-291-px-768x117.png 768w, https:\/\/wordpress.boc.de\/watchguard-info-portal\/wp-content\/uploads\/2023\/07\/Boc-Sommerfest-1915-\u00d7-291-px-1536x233.png 1536w, https:\/\/wordpress.boc.de\/watchguard-info-portal\/wp-content\/uploads\/2023\/07\/Boc-Sommerfest-1915-\u00d7-291-px-800x122.png 800w, https:\/\/wordpress.boc.de\/watchguard-info-portal\/wp-content\/uploads\/2023\/07\/Boc-Sommerfest-1915-\u00d7-291-px-1200x182.png 1200w\" sizes=\"(max-width: 1915px) 100vw, 1915px\" \/><\/p>\n<\/div>\n<\/div><\/div><\/div><\/div><\/div>","protected":false},"excerpt":{"rendered":"<p>Wir m\u00f6chten Sie, Ihre Familie (auch die vierbeinigen Familienmitglieder), Freunde und Arbeitskollegen ganz herzlich zu unserem diesj\u00e4hrigen Sommerfest einladen. Es erwartet Sie ein abwechslungsreiches Programm mit kulinarischen K\u00f6stlichkeiten, erfrischenden Getr\u00e4nken, SommerBeats, Gewinnspielen, Give-Aways und Kinderprogramm mit Zauberer Giovanni Alecci, einer H\u00fcpfburg und Planschbecken (trockene Kleidung und Handtuch nicht vergessen). Lernen Sie unser Team sowie unseren Standort besser kennen und tauschen Sie sich in ungezwungener Atmosph\u00e4re &hellip; <a href=\"https:\/\/wordpress.boc.de\/watchguard-info-portal\/sommerfest-2023-anmeldeformular\/\" class=\"more-link\">Weiterlesen <span class=\"screen-reader-text\">Sommerfest 2023 Anmeldeformular<\/span> <span class=\"meta-nav\">&raquo;<\/span><\/a><\/p>\n","protected":false},"author":4,"featured_media":0,"parent":0,"menu_order":0,"comment_status":"closed","ping_status":"closed","template":"","meta":{"footnotes":""},"class_list":["post-17277","page","type-page","status-publish","hentry"],"_links":{"self":[{"href":"https:\/\/wordpress.boc.de\/watchguard-info-portal\/wp-json\/wp\/v2\/pages\/17277"}],"collection":[{"href":"https:\/\/wordpress.boc.de\/watchguard-info-portal\/wp-json\/wp\/v2\/pages"}],"about":[{"href":"https:\/\/wordpress.boc.de\/watchguard-info-portal\/wp-json\/wp\/v2\/types\/page"}],"author":[{"embeddable":true,"href":"https:\/\/wordpress.boc.de\/watchguard-info-portal\/wp-json\/wp\/v2\/users\/4"}],"replies":[{"embeddable":true,"href":"https:\/\/wordpress.boc.de\/watchguard-info-portal\/wp-json\/wp\/v2\/comments?post=17277"}],"version-history":[{"count":24,"href":"https:\/\/wordpress.boc.de\/watchguard-info-portal\/wp-json\/wp\/v2\/pages\/17277\/revisions"}],"predecessor-version":[{"id":19332,"href":"https:\/\/wordpress.boc.de\/watchguard-info-portal\/wp-json\/wp\/v2\/pages\/17277\/revisions\/19332"}],"wp:attachment":[{"href":"https:\/\/wordpress.boc.de\/watchguard-info-portal\/wp-json\/wp\/v2\/media?parent=17277"}],"curies":[{"name":"wp","href":"https:\/\/api.w.org\/{rel}","templated":true}]}}