{"id":1216,"date":"2016-07-05T19:32:19","date_gmt":"2016-07-05T17:32:19","guid":{"rendered":"https:\/\/www.boc.de\/watchguard-info-portal\/?page_id=1216"},"modified":"2023-04-04T18:15:57","modified_gmt":"2023-04-04T16:15:57","slug":"watchguard-network-discovery","status":"publish","type":"page","link":"https:\/\/wordpress.boc.de\/watchguard-info-portal\/produktinfos\/watchguard-security-services-und-suites\/watchguard-network-discovery\/","title":{"rendered":"WatchGuard Network Discovery"},"content":{"rendered":"<p><img loading=\"lazy\" decoding=\"async\" class=\"size-full wp-image-299 alignleft\" src=\"https:\/\/www.boc.de\/watchguard-info-portal\/wp-content\/uploads\/2016\/06\/lss-gold.png\" alt=\"WatchGuard Network Discovery\" width=\"250\" height=\"200\" \/><\/p>\n<h3><strong>WatchGuard Network Discovery<\/strong><\/h3>\n<p>Der auf <strong>nmap<\/strong> basierende Service scannt die lokal an der WatchGuard Firebox Appliance angeschlossenen Netzwerke und listet die dort gefundenen Netzwerkger\u00e4te auf. Auf die gefundenen Ger\u00e4te werden dann Portscans durchgef\u00fchrt und die ermittelten ger\u00e4tespezifischen Eckdaten in einer \u00dcbersicht bereitgestellt. Ziel ist es, dem Firewall- bzw. Netzwerk-Administrator dauerhaft eine <strong>Kontrollm\u00f6glichkeit \u00fcber die in seinen Netzwerk(en) vorhandenen Ger\u00e4te<\/strong> zu geben. Insbesondere sollen so unberechtigt angeschlossene Netzwerk Devices, von denen eine m\u00f6gliche Bedrohung ausgeht, identifiziert werden k\u00f6nnen.<\/p>\n<h3>Funktionsweise<\/h3>\n<p>Nach der Aktivierung des Services f\u00fchrt die\u00a0WatchGuard Firebox regelm\u00e4\u00dfig in den konfigurierten Netzwerken Ger\u00e4te-Scans aus und bietet eine visuelle oder tabellarische Darstellung der gefundenen\u00a0Ger\u00e4te. Diese lassen sich dort mit einem Namen versehen und dauerhaft speichern (&#8220;inventarisieren&#8221;), so dass neu hinzukommende Ger\u00e4te sehr schnell erkannt werden k\u00f6nnen.<\/p>\n<div id=\"attachment_1709\" style=\"width: 782px\" class=\"wp-caption alignnone\"><img loading=\"lazy\" decoding=\"async\" aria-describedby=\"caption-attachment-1709\" class=\"wp-image-1709 size-full\" src=\"https:\/\/www.boc.de\/watchguard-info-portal\/wp-content\/uploads\/2016\/07\/network-discovery-screen.png\" alt=\"WatchGuard Network Discovery Screen\" width=\"772\" height=\"398\" srcset=\"https:\/\/wordpress.boc.de\/watchguard-info-portal\/wp-content\/uploads\/2016\/07\/network-discovery-screen.png 772w, https:\/\/wordpress.boc.de\/watchguard-info-portal\/wp-content\/uploads\/2016\/07\/network-discovery-screen-300x155.png 300w, https:\/\/wordpress.boc.de\/watchguard-info-portal\/wp-content\/uploads\/2016\/07\/network-discovery-screen-768x396.png 768w\" sizes=\"(max-width: 772px) 100vw, 772px\" \/><p id=\"caption-attachment-1709\" class=\"wp-caption-text\">Browser-basierte Ansicht der von Network Discovery in einem IP-Subnetz erkannten Systeme<\/p><\/div>\n<p>Screenshots aus dem Web-Interface einer WatchGuard Firebox zum Thema &#8220;Network Discovery&#8221;. Bei gefundenen Ger\u00e4ten wurde auf diese ein Portscan ausgef\u00fchrt. Die offenen Ports und weitere auslesbare Informationen werden aufgelistet:<\/p>\n<p><a href=\"https:\/\/www.boc.de\/watchguard-info-portal\/wp-content\/uploads\/2016\/07\/network-discovery-1.png\"><img loading=\"lazy\" decoding=\"async\" class=\"alignnone wp-image-1711 size-medium\" src=\"https:\/\/www.boc.de\/watchguard-info-portal\/wp-content\/uploads\/2016\/07\/network-discovery-1-300x251.png\" alt=\"WatchGuard Network Discovery 1\" width=\"300\" height=\"251\" srcset=\"https:\/\/wordpress.boc.de\/watchguard-info-portal\/wp-content\/uploads\/2016\/07\/network-discovery-1-300x251.png 300w, https:\/\/wordpress.boc.de\/watchguard-info-portal\/wp-content\/uploads\/2016\/07\/network-discovery-1.png 411w\" sizes=\"(max-width: 300px) 100vw, 300px\" \/><\/a>\u00a0\u00a0<a href=\"https:\/\/www.boc.de\/watchguard-info-portal\/wp-content\/uploads\/2016\/07\/network-discovery-2.png\"><img loading=\"lazy\" decoding=\"async\" class=\"alignnone wp-image-1712 size-medium\" src=\"https:\/\/www.boc.de\/watchguard-info-portal\/wp-content\/uploads\/2016\/07\/network-discovery-2-300x177.png\" alt=\"WatchGuard Network Discovery 2\" width=\"300\" height=\"177\" srcset=\"https:\/\/wordpress.boc.de\/watchguard-info-portal\/wp-content\/uploads\/2016\/07\/network-discovery-2-300x177.png 300w, https:\/\/wordpress.boc.de\/watchguard-info-portal\/wp-content\/uploads\/2016\/07\/network-discovery-2-768x453.png 768w, https:\/\/wordpress.boc.de\/watchguard-info-portal\/wp-content\/uploads\/2016\/07\/network-discovery-2.png 791w\" sizes=\"(max-width: 300px) 100vw, 300px\" \/><\/a>\u00a0\u00a0<a href=\"https:\/\/www.boc.de\/watchguard-info-portal\/wp-content\/uploads\/2016\/07\/network-discovery-3.png\"><img loading=\"lazy\" decoding=\"async\" class=\"alignnone wp-image-1713 size-medium\" src=\"https:\/\/www.boc.de\/watchguard-info-portal\/wp-content\/uploads\/2016\/07\/network-discovery-3-300x226.png\" alt=\"WatchGuard Network Discovery 3\" width=\"300\" height=\"226\" srcset=\"https:\/\/wordpress.boc.de\/watchguard-info-portal\/wp-content\/uploads\/2016\/07\/network-discovery-3-300x226.png 300w, https:\/\/wordpress.boc.de\/watchguard-info-portal\/wp-content\/uploads\/2016\/07\/network-discovery-3-768x579.png 768w, https:\/\/wordpress.boc.de\/watchguard-info-portal\/wp-content\/uploads\/2016\/07\/network-discovery-3.png 793w\" sizes=\"(max-width: 300px) 100vw, 300px\" \/><\/a><\/p>\n<h3>Lizensierung<\/h3>\n<p>WatchGuard Network Discovery ist ein mit Version der Fireware XTM 11.11 hinzugekommener, Subscription Service f\u00fcr WatchGuard Firebox Appliances der T-Serie und der M-Serie. WatchGuard Network Discovery ist ein optionaler Security Service. Er ist Bestandteil der <strong>WatchGuard Basic Security Suite<\/strong> und der <strong>WatchGuard Total Security Suite<\/strong>. Er ist standardm\u00e4\u00dfig beim Kauf eines <strong>Security Software Bundles<\/strong> enthalten, kann aber auch einzeln lizensiert werden.<\/p>\n<p><span style=\"color: red;\">WatchGuard Network Discovery:\u00a0\u00a0[Bestandteil der Basic Security Suite]\u00a0\u00a0[Bestandteil der Total Security Suite]\u00a0\u00a0[einzeln lizensierbar]<\/span><\/p>\n<p><img loading=\"lazy\" decoding=\"async\" class=\"alignnone size-full wp-image-1473\" src=\"https:\/\/www.boc.de\/watchguard-info-portal\/wp-content\/uploads\/2016\/06\/emblem-rechts.gif\" alt=\"emblem-rechts\" width=\"48\" height=\"48\" \/>Zur \u00dcbersicht <a href=\"https:\/\/www.boc.de\/watchguard-info-portal\/produktinfos\/watchguard-security-services-und-suites\/\">WatchGuard Security Services und Suites<\/a><\/p>\n","protected":false},"excerpt":{"rendered":"<p>WatchGuard Network Discovery Der auf nmap basierende Service scannt die lokal an der WatchGuard Firebox Appliance angeschlossenen Netzwerke und listet die dort gefundenen Netzwerkger\u00e4te auf. Auf die gefundenen Ger\u00e4te werden dann Portscans durchgef\u00fchrt und die ermittelten ger\u00e4tespezifischen Eckdaten in einer \u00dcbersicht bereitgestellt. Ziel ist es, dem Firewall- bzw. Netzwerk-Administrator dauerhaft eine Kontrollm\u00f6glichkeit \u00fcber die in seinen Netzwerk(en) vorhandenen Ger\u00e4te zu geben. Insbesondere sollen so unberechtigt &hellip; <a href=\"https:\/\/wordpress.boc.de\/watchguard-info-portal\/produktinfos\/watchguard-security-services-und-suites\/watchguard-network-discovery\/\" class=\"more-link\">Weiterlesen <span class=\"screen-reader-text\">WatchGuard Network Discovery<\/span> <span class=\"meta-nav\">&raquo;<\/span><\/a><\/p>\n","protected":false},"author":2,"featured_media":0,"parent":73,"menu_order":0,"comment_status":"closed","ping_status":"closed","template":"","meta":{"footnotes":""},"class_list":["post-1216","page","type-page","status-publish","hentry"],"_links":{"self":[{"href":"https:\/\/wordpress.boc.de\/watchguard-info-portal\/wp-json\/wp\/v2\/pages\/1216"}],"collection":[{"href":"https:\/\/wordpress.boc.de\/watchguard-info-portal\/wp-json\/wp\/v2\/pages"}],"about":[{"href":"https:\/\/wordpress.boc.de\/watchguard-info-portal\/wp-json\/wp\/v2\/types\/page"}],"author":[{"embeddable":true,"href":"https:\/\/wordpress.boc.de\/watchguard-info-portal\/wp-json\/wp\/v2\/users\/2"}],"replies":[{"embeddable":true,"href":"https:\/\/wordpress.boc.de\/watchguard-info-portal\/wp-json\/wp\/v2\/comments?post=1216"}],"version-history":[{"count":23,"href":"https:\/\/wordpress.boc.de\/watchguard-info-portal\/wp-json\/wp\/v2\/pages\/1216\/revisions"}],"predecessor-version":[{"id":16859,"href":"https:\/\/wordpress.boc.de\/watchguard-info-portal\/wp-json\/wp\/v2\/pages\/1216\/revisions\/16859"}],"up":[{"embeddable":true,"href":"https:\/\/wordpress.boc.de\/watchguard-info-portal\/wp-json\/wp\/v2\/pages\/73"}],"wp:attachment":[{"href":"https:\/\/wordpress.boc.de\/watchguard-info-portal\/wp-json\/wp\/v2\/media?parent=1216"}],"curies":[{"name":"wp","href":"https:\/\/api.w.org\/{rel}","templated":true}]}}